{"id":1197,"date":"2015-11-03T12:14:21","date_gmt":"2015-11-03T15:14:21","guid":{"rendered":"https:\/\/ffyh.unc.edu.ar\/publicaciones\/?post_type=product&#038;p=1197"},"modified":"2024-02-21T11:58:34","modified_gmt":"2024-02-21T14:58:34","slug":"trilogia-argentina-amateur-1933-1948-1910","status":"publish","type":"product","link":"https:\/\/ffyh.unc.edu.ar\/publicaciones\/tienda\/publicaciones-de-la-editorial-de-la-ffyh\/coleccion-papeles-teatrales\/trilogia-argentina-amateur-1933-1948-1910\/","title":{"rendered":"Trilog\u00eda Argentina Amateur, 1933-1948-1910"},"content":{"rendered":"<p>La \u00abTrilog\u00eda Argentina Amateur, 1933-1948-1910\u00bb, de los dramaturgos y directores argentinos Andr\u00e9s Binetti y Mariano Saba, re\u00fane los textos de \u00abLa Patria fr\u00eda\u00bb (grotesco ambulante), con pr\u00f3logo de Luis Cano; \u00abDespu\u00e9s del aire\u00bb (sainete oral) con pr\u00f3logo de Mauricio Kartun; y \u00abAl servicio de la comunidad\u00bb (epopeya isabelina), con pr\u00f3logo de Roberto Perinelli.<\/p>\n<p>La\u00a0<em>Trilog\u00eda Argentina Amateur\u00a0<\/em>(1910 \/ 1933 \/ 1948) busca desde una postura a veces ir\u00f3nica y otras veces tr\u00e1gica pensar la argentinidad. El modo en que lo hacen es situando distintos grupos art\u00edsticos en diferentes momentos muy intensos de la historia pol\u00edtica nacional. El circo trashumante durante el primer peronismo, el quehacer radioteatral en la d\u00e9cada infame y los grupos filodram\u00e1ticos en el primer Centenario.<\/p>\n<p>Si bien las tres piezas son aut\u00f3nomas, la posibilidad de verlas en contig\u00fcidad produce una serie de resonancias que se vuelven significativas para la\u00a0<em>Trilog\u00eda\u00a0<\/em>en general: la idea de una historia siempre cruzada por la conflictividad pol\u00edtica, la sensaci\u00f3n m\u00e1s prosaica de un \u00abarte\u00bb nacional que se abandona a su propia supervivencia -a\u00fan a costa traicionar sus principios-, la vida misma de los artistas acechados por el fracaso y el hambre.<\/p>\n<p>El proyecto se orient\u00f3 desde sus inicios a desarrollar cierta reflexi\u00f3n sobre el amateurismo art\u00edstico criollo y sus v\u00ednculos con hitos de la historia pol\u00edtica del pa\u00eds. De este modo se intenta activar una b\u00fasqueda del grotesco en cierta clave actual, as\u00ed como tambi\u00e9n lanzar una mirada pol\u00edtica no did\u00e1ctica sobre dos cuestiones siempre cercanas: la supuesta crisis de las &#8216;utop\u00edas&#8217; y la persistencia de cierto manique\u00edsmo pol\u00edtico idiosincr\u00e1sico, tomando siempre las circunstancias de los grupos art\u00edsticos\u00a0<em>amateurs<\/em>\u00a0como referentes metaf\u00f3ricos de esa dicotom\u00eda conflictiva.<\/p>\n","protected":false},"excerpt":{"rendered":"<p>\u00ab<em>Trilog\u00eda Argentina Amateur\u00bb<\/em> es una pieza escrita por Andr\u00e9s Binetti y Mariano Saba. La misma est\u00e1 integrada por las obras: <em>\u00abLa patria fr\u00eda (grotesco ambulante)\u00bb;<\/em>\u00a0<em>\u00abDespu\u00e9s del aire (sainete oral)\u00bb<\/em>\u00a0y\u00a0<em>\u00abAl servicio de la comunidad (epopeya isabelina)\u00bb<\/em>. Esta pieza integra la Colecci\u00f3n \u00abPapeles teatrales\u00bb dirigida por la Dra. Adriana Musitano.<\/p>\n","protected":false},"featured_media":1199,"comment_status":"closed","ping_status":"closed","template":"","meta":{"_acf_changed":false,"colormag_page_container_layout":"default_layout","colormag_page_sidebar_layout":"default_layout"},"product_brand":[],"product_cat":[773,771],"product_tag":[1240,1233],"autor":[745,229],"editor":[],"traductor":[],"compilador":[],"coordinador":[],"director":[746],"class_list":{"0":"post-1197","1":"product","2":"type-product","3":"status-publish","4":"has-post-thumbnail","6":"product_cat-coleccion-papeles-teatrales","7":"product_cat-publicaciones-de-la-editorial-de-la-ffyh","8":"product_tag-argentina","9":"product_tag-teatro","10":"autor-andres-binetti","11":"autor-mariano-saba","12":"director-adriana-musitano","14":"first","15":"instock","16":"shipping-taxable","17":"purchasable","18":"product-type-simple"},"acf":[],"_links":{"self":[{"href":"https:\/\/ffyh.unc.edu.ar\/publicaciones\/wp-json\/wp\/v2\/product\/1197","targetHints":{"allow":["GET"]}}],"collection":[{"href":"https:\/\/ffyh.unc.edu.ar\/publicaciones\/wp-json\/wp\/v2\/product"}],"about":[{"href":"https:\/\/ffyh.unc.edu.ar\/publicaciones\/wp-json\/wp\/v2\/types\/product"}],"replies":[{"embeddable":true,"href":"https:\/\/ffyh.unc.edu.ar\/publicaciones\/wp-json\/wp\/v2\/comments?post=1197"}],"wp:featuredmedia":[{"embeddable":true,"href":"https:\/\/ffyh.unc.edu.ar\/publicaciones\/wp-json\/wp\/v2\/media\/1199"}],"wp:attachment":[{"href":"https:\/\/ffyh.unc.edu.ar\/publicaciones\/wp-json\/wp\/v2\/media?parent=1197"}],"wp:term":[{"taxonomy":"product_brand","embeddable":true,"href":"https:\/\/ffyh.unc.edu.ar\/publicaciones\/wp-json\/wp\/v2\/product_brand?post=1197"},{"taxonomy":"product_cat","embeddable":true,"href":"https:\/\/ffyh.unc.edu.ar\/publicaciones\/wp-json\/wp\/v2\/product_cat?post=1197"},{"taxonomy":"product_tag","embeddable":true,"href":"https:\/\/ffyh.unc.edu.ar\/publicaciones\/wp-json\/wp\/v2\/product_tag?post=1197"},{"taxonomy":"autor","embeddable":true,"href":"https:\/\/ffyh.unc.edu.ar\/publicaciones\/wp-json\/wp\/v2\/autor?post=1197"},{"taxonomy":"editor","embeddable":true,"href":"https:\/\/ffyh.unc.edu.ar\/publicaciones\/wp-json\/wp\/v2\/editor?post=1197"},{"taxonomy":"traductor","embeddable":true,"href":"https:\/\/ffyh.unc.edu.ar\/publicaciones\/wp-json\/wp\/v2\/traductor?post=1197"},{"taxonomy":"compilador","embeddable":true,"href":"https:\/\/ffyh.unc.edu.ar\/publicaciones\/wp-json\/wp\/v2\/compilador?post=1197"},{"taxonomy":"coordinador","embeddable":true,"href":"https:\/\/ffyh.unc.edu.ar\/publicaciones\/wp-json\/wp\/v2\/coordinador?post=1197"},{"taxonomy":"director","embeddable":true,"href":"https:\/\/ffyh.unc.edu.ar\/publicaciones\/wp-json\/wp\/v2\/director?post=1197"}],"curies":[{"name":"wp","href":"https:\/\/api.w.org\/{rel}","templated":true}]}}