{"id":1207,"date":"2018-11-03T13:00:24","date_gmt":"2018-11-03T16:00:24","guid":{"rendered":"https:\/\/ffyh.unc.edu.ar\/publicaciones\/?post_type=product&#038;p=1207"},"modified":"2024-02-21T11:45:30","modified_gmt":"2024-02-21T14:45:30","slug":"biodrama-proyecto-archivos-seis-documetales-escenicos","status":"publish","type":"product","link":"https:\/\/ffyh.unc.edu.ar\/publicaciones\/tienda\/publicaciones-de-la-editorial-de-la-ffyh\/coleccion-papeles-teatrales\/biodrama-proyecto-archivos-seis-documetales-escenicos\/","title":{"rendered":"Biodrama. Proyecto Archivos: Seis documetales esc\u00e9nicos"},"content":{"rendered":"<p>\u00abBiodrama. Proyecto Archivos: Seis documetales esc\u00e9nicos\u00bb dirige la mirada hacia el concepto de Biodrama, que surgio\u0301 como el nombre de un intere\u0301s por explorar (y valorizar) la vida de las personas desde el teatro, y se consolido\u0301 como un productivo proyecto biogra\u0301fico-documental que ha tenido distintas expresiones. Su autora se destaca actualmente como una referente no solo local sino tambie\u0301n internacional de la tendencia vital de la escena contempora\u0301nea que hoy se estudia como <i>teatro de lo real<\/i>.<\/p>\n<p>Explican sus compiladoras que el libro surgi\u00f3 como el nombre de un inter\u00e9s por explorar (y valorizar) la vida de las personas desde el teatro, y se consolid\u00f3 como un productivo proyecto biogr\u00e1fico-documental de Vivi Tellas que ha tenido distintas expresiones. Mientras que el Proyecto Archivos, que presentamos en esta ocasi\u00f3n, constituye uno de sus momentos fundantes, y es, en gran medida, por el trabajo desplegado que Tellas se destaca actualmente como una referente no solo local sino tambi\u00e9n internacional de esa tendencia tan vital de la escena contempor\u00e1nea que hoy se estudia como teatro de lo real.<\/p>\n<p>El presente libro recupera de Archivos seis documentales, versiones escritas de las primeras seis obras: Mi mam\u00e1 y mi t\u00eda (2003), Tres fil\u00f3sofos con bigotes (2004), Cozarinsky y su m\u00e9dico (2005), Escuela de conducci\u00f3n (2006), Mujeres gu\u00eda (2008) y Disc Jockey (2008).<\/p>\n<p>El libro con Introducci\u00f3n de Pamela Brownell (Universidad de Buenos Aires) y de Paola Hern\u00e1ndez (University of Wisconsin-Madison) est\u00e1 compuesto adem\u00e1s por textos cr\u00edticos sobre las obras, de Graciela Montaldo, Brenda Werth, Beatriz Trastoy, Jean Graham Jones, Julie Ward, Fernanda Pinta, Federico Baeza, y Javier Guerrero; e incluye una entrevista a Vivi Tellas por Alan Pauls.<\/p>\n","protected":false},"excerpt":{"rendered":"<p>Esta publicaci\u00f3n recupera las versiones escritas de las primeras seis obras de Archivos, que son a su vez, las u\u0301nicas que pueden identificarse inequi\u0301vocamente como parte de este proyecto. Se trata de \u00abMi mama\u0301 y mi ti\u0301a\u00bb (2003), \u00abTres filo\u0301sofos con bigotes\u00bb (2004), \u00abCozarinsky y su me\u0301dico\u00bb (2005), \u00abEscuela de conduccio\u0301n\u00bb (2006), \u00abMujeres gui\u0301a\u00bb (2008) y \u00abDisc Jockey\u00bb (2008). El libro que pertenece a la Colecci\u00f3n \u00abPapeles teatrales\u00bb (Editorial de la FFyH\/UNC) es tambi\u00e9n el conjunto de textos cri\u0301ticos que acompan\u0303a las obras teatrales, escritos por reconocidos investigadores, quienes brindan su experiencia al explorar nuevos enfoques sobre el trabajo de Vivi Tellas.<\/p>\n","protected":false},"featured_media":1192,"comment_status":"closed","ping_status":"closed","template":"","meta":{"_acf_changed":false,"colormag_page_container_layout":"default_layout","colormag_page_sidebar_layout":"default_layout"},"product_brand":[],"product_cat":[773,771],"product_tag":[],"autor":[765],"editor":[],"traductor":[],"compilador":[766,767],"coordinador":[768,769],"director":[],"class_list":{"0":"post-1207","1":"product","2":"type-product","3":"status-publish","4":"has-post-thumbnail","6":"product_cat-coleccion-papeles-teatrales","7":"product_cat-publicaciones-de-la-editorial-de-la-ffyh","8":"autor-vivi-tellas","9":"compilador-pamela-brownell","10":"compilador-paola-hernandez","11":"coordinador-pamela-brownell","12":"coordinador-paola-hernandez","14":"first","15":"instock","16":"shipping-taxable","17":"purchasable","18":"product-type-simple"},"acf":[],"_links":{"self":[{"href":"https:\/\/ffyh.unc.edu.ar\/publicaciones\/wp-json\/wp\/v2\/product\/1207","targetHints":{"allow":["GET"]}}],"collection":[{"href":"https:\/\/ffyh.unc.edu.ar\/publicaciones\/wp-json\/wp\/v2\/product"}],"about":[{"href":"https:\/\/ffyh.unc.edu.ar\/publicaciones\/wp-json\/wp\/v2\/types\/product"}],"replies":[{"embeddable":true,"href":"https:\/\/ffyh.unc.edu.ar\/publicaciones\/wp-json\/wp\/v2\/comments?post=1207"}],"wp:featuredmedia":[{"embeddable":true,"href":"https:\/\/ffyh.unc.edu.ar\/publicaciones\/wp-json\/wp\/v2\/media\/1192"}],"wp:attachment":[{"href":"https:\/\/ffyh.unc.edu.ar\/publicaciones\/wp-json\/wp\/v2\/media?parent=1207"}],"wp:term":[{"taxonomy":"product_brand","embeddable":true,"href":"https:\/\/ffyh.unc.edu.ar\/publicaciones\/wp-json\/wp\/v2\/product_brand?post=1207"},{"taxonomy":"product_cat","embeddable":true,"href":"https:\/\/ffyh.unc.edu.ar\/publicaciones\/wp-json\/wp\/v2\/product_cat?post=1207"},{"taxonomy":"product_tag","embeddable":true,"href":"https:\/\/ffyh.unc.edu.ar\/publicaciones\/wp-json\/wp\/v2\/product_tag?post=1207"},{"taxonomy":"autor","embeddable":true,"href":"https:\/\/ffyh.unc.edu.ar\/publicaciones\/wp-json\/wp\/v2\/autor?post=1207"},{"taxonomy":"editor","embeddable":true,"href":"https:\/\/ffyh.unc.edu.ar\/publicaciones\/wp-json\/wp\/v2\/editor?post=1207"},{"taxonomy":"traductor","embeddable":true,"href":"https:\/\/ffyh.unc.edu.ar\/publicaciones\/wp-json\/wp\/v2\/traductor?post=1207"},{"taxonomy":"compilador","embeddable":true,"href":"https:\/\/ffyh.unc.edu.ar\/publicaciones\/wp-json\/wp\/v2\/compilador?post=1207"},{"taxonomy":"coordinador","embeddable":true,"href":"https:\/\/ffyh.unc.edu.ar\/publicaciones\/wp-json\/wp\/v2\/coordinador?post=1207"},{"taxonomy":"director","embeddable":true,"href":"https:\/\/ffyh.unc.edu.ar\/publicaciones\/wp-json\/wp\/v2\/director?post=1207"}],"curies":[{"name":"wp","href":"https:\/\/api.w.org\/{rel}","templated":true}]}}