{"id":1305,"date":"2017-11-15T12:22:06","date_gmt":"2017-11-15T15:22:06","guid":{"rendered":"https:\/\/ffyh.unc.edu.ar\/publicaciones\/?post_type=product&#038;p=1305"},"modified":"2021-11-19T12:21:20","modified_gmt":"2021-11-19T15:21:20","slug":"teatro-politica-y-universidad-el-departamento-de-teatro-un-escenario-moderno-cordoba-1965-1975","status":"publish","type":"product","link":"https:\/\/ffyh.unc.edu.ar\/publicaciones\/tienda\/publicaciones-de-investigacion\/seicyt\/colecciones\/teatro-politica-y-universidad-el-departamento-de-teatro-un-escenario-moderno-cordoba-1965-1975\/","title":{"rendered":"Teatro, pol\u00edtica y universidad. El Departamento de Teatro, un escenario moderno. C\u00f3rdoba, 1965-1975"},"content":{"rendered":"<p>Este es uno de los tres tomos de los libros digitales producidos entre la Facultad de Filosof\u00eda y Humanidades y el Instituto de Artes del Espect\u00e1culo de la UBA, en el marco del proyecto de investigaci\u00f3n \u201cTeatro, Pol\u00edtica y Universidad. C\u00f3rdoba, 1965-1975\u201d.<\/p>\n<p>La edici\u00f3n de los tres libros se lleva a cabo conjuntamente entre la Editorial de la Facultad de Filosof\u00eda y Humanidades y el Instituto de Artes del Espect\u00e1culo de la Facultad de Filosof\u00eda y Letras (UBA). Como se\u00f1ala Jorge Dubatti en el pr\u00f3logo \u201cHacia una cartograf\u00eda de los teatros argentinos\u201d del libro que inicia la serie, \u201cestos tres tomos significan un aporte fundamental al conocimiento de los teatros argentinos (en plural) y a la construcci\u00f3n de una cartograf\u00eda teatral nacional cada vez m\u00e1s compleja y rica\u201d y agrega que \u201clos trabajos de investigaci\u00f3n reunidos en los tres vol\u00famenes cumplen esta condici\u00f3n de la cartograf\u00eda radicante, el pensamiento cartografiado y la invitaci\u00f3n al di\u00e1logo de cartograf\u00edas m\u00e1s all\u00e1 de C\u00f3rdoba\u201d.<\/p>\n<p>Las obras fueron producidas en el marco de la investigaci\u00f3n \u201cTeatro, Pol\u00edtica y Universidad. C\u00f3rdoba, 1965-1975\u201d, realizada entre 1996 y 1999 en el Centro de Estudios Avanzados, con direcci\u00f3n de Horacio Crespo y la co-direcci\u00f3n de Nora Zaga. El proyecto, fue radicado posteriormente, entre 2000 y 2010, en el Centro de Investigaciones de la Facultad de Filosof\u00eda y Humanidades (UNC), con la direcci\u00f3n de Adriana Musitano y la codirecci\u00f3n de Nora Zaga.<\/p>\n<p>La publicaci\u00f3n de los tres vol\u00famenes cont\u00f3 con el subsidio de la Secretar\u00eda de Ciencia y T\u00e9cnica, Universidad Nacional de C\u00f3rdoba, y con los avales del Departamento de Teatro de la Facultad de Artes (UNC), la Asociaci\u00f3n Argentina de Investigaci\u00f3n y Cr\u00edtica Teatral (AINCRIT), y la Red Latinoamericana de Centros de Documentaci\u00f3n de Artes Esc\u00e9nicas.<\/p>\n","protected":false},"excerpt":{"rendered":"<p>Este libro re\u00fane trabajos de investigaci\u00f3n, que vinculan teatro, pol\u00edtica y universidad, en los a\u00f1os setenta, con atenci\u00f3n en la vida institucional del Departamento de Teatro, parte de la otrora Escuela de Artes, hoy Facultad de Artes, Universidad Nacional de C\u00f3rdoba. Se atiende a lo pedag\u00f3gico, a las exploraciones art\u00edsticas, y transformaciones pol\u00edticas, en relaci\u00f3n con el teatro. Adem\u00e1s, se publican aqu\u00ed dos producciones estudiantiles (una, de 1969,\u00a0La blufa de las misericordias; y otra, de 1974,\u00a0La cuesti\u00f3n de los arlequines), m\u00e1s un gui\u00f3n televisivo para los SRT, de 1973: \u201cTeatro-Pueblo-Universidad\u201d, resultado de una actividad de extensi\u00f3n e intervenci\u00f3n pol\u00edtico-esc\u00e9nica.<\/p>\n","protected":false},"featured_media":1300,"comment_status":"closed","ping_status":"closed","template":"","meta":{"_acf_changed":false,"colormag_page_container_layout":"default_layout","colormag_page_sidebar_layout":"default_layout"},"product_brand":[],"product_cat":[34,27,33],"product_tag":[1234,1233,1218],"autor":[672,869,868,749,228,871,870,867],"editor":[],"traductor":[],"compilador":[],"coordinador":[],"director":[746],"class_list":{"0":"post-1305","1":"product","2":"type-product","3":"status-publish","4":"has-post-thumbnail","6":"product_cat-colecciones","7":"product_cat-publicaciones-de-investigacion","8":"product_cat-seicyt","9":"product_tag-politica","10":"product_tag-teatro","11":"product_tag-universidades","12":"autor-adriana-musitano","13":"autor-cecilia-curtino","14":"autor-esteban-berardo","15":"autor-jorge-dubatti","16":"autor-leticia-paz-sena","17":"autor-nora-zaga","18":"autor-silvina-franco-papa","19":"autor-victoria-bartolome","20":"director-adriana-musitano","22":"first","23":"instock","24":"shipping-taxable","25":"product-type-external"},"acf":[],"_links":{"self":[{"href":"https:\/\/ffyh.unc.edu.ar\/publicaciones\/wp-json\/wp\/v2\/product\/1305","targetHints":{"allow":["GET"]}}],"collection":[{"href":"https:\/\/ffyh.unc.edu.ar\/publicaciones\/wp-json\/wp\/v2\/product"}],"about":[{"href":"https:\/\/ffyh.unc.edu.ar\/publicaciones\/wp-json\/wp\/v2\/types\/product"}],"replies":[{"embeddable":true,"href":"https:\/\/ffyh.unc.edu.ar\/publicaciones\/wp-json\/wp\/v2\/comments?post=1305"}],"wp:featuredmedia":[{"embeddable":true,"href":"https:\/\/ffyh.unc.edu.ar\/publicaciones\/wp-json\/wp\/v2\/media\/1300"}],"wp:attachment":[{"href":"https:\/\/ffyh.unc.edu.ar\/publicaciones\/wp-json\/wp\/v2\/media?parent=1305"}],"wp:term":[{"taxonomy":"product_brand","embeddable":true,"href":"https:\/\/ffyh.unc.edu.ar\/publicaciones\/wp-json\/wp\/v2\/product_brand?post=1305"},{"taxonomy":"product_cat","embeddable":true,"href":"https:\/\/ffyh.unc.edu.ar\/publicaciones\/wp-json\/wp\/v2\/product_cat?post=1305"},{"taxonomy":"product_tag","embeddable":true,"href":"https:\/\/ffyh.unc.edu.ar\/publicaciones\/wp-json\/wp\/v2\/product_tag?post=1305"},{"taxonomy":"autor","embeddable":true,"href":"https:\/\/ffyh.unc.edu.ar\/publicaciones\/wp-json\/wp\/v2\/autor?post=1305"},{"taxonomy":"editor","embeddable":true,"href":"https:\/\/ffyh.unc.edu.ar\/publicaciones\/wp-json\/wp\/v2\/editor?post=1305"},{"taxonomy":"traductor","embeddable":true,"href":"https:\/\/ffyh.unc.edu.ar\/publicaciones\/wp-json\/wp\/v2\/traductor?post=1305"},{"taxonomy":"compilador","embeddable":true,"href":"https:\/\/ffyh.unc.edu.ar\/publicaciones\/wp-json\/wp\/v2\/compilador?post=1305"},{"taxonomy":"coordinador","embeddable":true,"href":"https:\/\/ffyh.unc.edu.ar\/publicaciones\/wp-json\/wp\/v2\/coordinador?post=1305"},{"taxonomy":"director","embeddable":true,"href":"https:\/\/ffyh.unc.edu.ar\/publicaciones\/wp-json\/wp\/v2\/director?post=1305"}],"curies":[{"name":"wp","href":"https:\/\/api.w.org\/{rel}","templated":true}]}}