{"id":1324,"date":"2018-12-17T19:49:31","date_gmt":"2018-12-17T22:49:31","guid":{"rendered":"https:\/\/ffyh.unc.edu.ar\/publicaciones\/?post_type=product&#038;p=1324"},"modified":"2021-11-19T12:17:10","modified_gmt":"2021-11-19T15:17:10","slug":"actas-de-la-sexta-jornada-taller-de-trabajo-final-de-licenciatura-tfl-seminarios","status":"publish","type":"product","link":"https:\/\/ffyh.unc.edu.ar\/publicaciones\/tienda\/publicaciones-de-investigacion\/seicyt\/actas-seicyt\/actas-de-la-sexta-jornada-taller-de-trabajo-final-de-licenciatura-tfl-seminarios\/","title":{"rendered":"Actas de la Sexta Jornada \u201cTaller de Trabajo Final de Licenciatura (TFL)\/Seminarios\u201d"},"content":{"rendered":"<p>Desde el a\u00f1o 2013, el Colectivo de Egresados \u201cLa Hobsbawm\u201d junto con la Direcci\u00f3n de la Escuela de Historia viene organizando las Jornadas Taller de Trabajo Final de Licenciatura\/Seminarios. A lo largo de las seis ediciones realizadas hasta el momento, se fueron incorporando no s\u00f3lo presentaciones de proyectos de Trabajo Final sino tambi\u00e9n trabajos de seminarios. Las tem\u00e1ticas que fueron recorriendo estas Jornadas variaron desde la Pre-Historia y Arqueolog\u00eda hasta nuestro pasado reciente; desde lo local hasta lo internacional. Sumado a esto, se fueron recibiendo trabajos de distintas disciplinas como la archivolog\u00eda, sociolog\u00eda, antropolog\u00eda, geograf\u00eda, letras, entre otras.<\/p>\n<p>Luego de una VI Jornada Taller con una amplia participaci\u00f3n es que decidimos publicar y dar difusi\u00f3n a las investigaciones que se est\u00e1n llevando adelante en los distintos de espacios de la Facultad de Filosof\u00eda y Humanidades y favorecer el intercambio de los conocimientos que se est\u00e1n produciendo. Es cada vez m\u00e1s necesario poner en di\u00e1logo los saberes para permitir la construcci\u00f3n de una interdisciplinariedad que integre las m\u00faltiples perspectivas y an\u00e1lisis de los cientistas sociales. En ese punto, difundir los debates que se dieron en estas Jornadas junto con los paneles, presentados permiten visualizar cu\u00e1l es el estado de situaci\u00f3n de nuestras investigaciones y seguir anim\u00e1ndonos al desaf\u00edo de crecer en la investigaci\u00f3n.<\/p>\n<p>En esta ocasi\u00f3n se presentaron cuatro tipos de contribuciones escritas derivadas de las siguientes instancias: trabajos finales de Seminario, Cursillo o Materia degrado; primeros lineamientos del proyecto de investigaci\u00f3n del TFL; proyectos de TFL aprobado en investigaciones en desarrollo; y TFL aprobado. De este modo, en esta compilaci\u00f3n se<br \/>\nencuentran textos que fueron presentados por sus autores en las Sextas Jornada Taller de Trabajos Finales.<\/p>\n","protected":false},"excerpt":{"rendered":"<p>Las tem\u00e1ticas que fueron recorriendo estas Jornadas\u00a0variaron desde la Pre-Historia y Arqueolog\u00eda hasta nuestro pasado reciente; desde lo local hasta lo internacional. Sumado a esto, se fueron recibiendo trabajos de distintas disciplinas como la archivolog\u00eda, sociolog\u00eda, antropolog\u00eda, geograf\u00eda, letras, entre otras.<\/p>\n","protected":false},"featured_media":1322,"comment_status":"closed","ping_status":"closed","template":"","meta":{"_acf_changed":false,"colormag_page_container_layout":"default_layout","colormag_page_sidebar_layout":"default_layout"},"product_brand":[],"product_cat":[35,27,33],"product_tag":[1232,1105,1138,1220],"autor":[894,896,836,902,899,848,323,895,904,556,900,898,901,897,530,903],"editor":[],"traductor":[],"compilador":[905],"coordinador":[],"director":[],"class_list":{"0":"post-1324","1":"product","2":"type-product","3":"status-publish","4":"has-post-thumbnail","6":"product_cat-actas-seicyt","7":"product_cat-publicaciones-de-investigacion","8":"product_cat-seicyt","9":"product_tag-actas-de-congresos","10":"product_tag-historia","11":"product_tag-investigacion","12":"product_tag-licenciatura","13":"autor-alma-massolo-mejia","14":"autor-anabel-alvarado","15":"autor-ayelen-ceballos","16":"autor-ayelen-maria-brusa","17":"autor-camila-sapp","18":"autor-consuelo-navarro","19":"autor-denise-reyna-berrotaran","20":"autor-emiliano-medina","21":"autor-ernesto-pablo-molina-ahumada","22":"autor-fabiana-navarta-bianco","23":"autor-mailen-abril-salminis","24":"autor-marcela-tintilay-vedia","25":"autor-maria-castaneira","26":"autor-mariana-canas","27":"autor-marta-philp","28":"autor-tito-gustavo-villanueva","29":"compilador-lisandro-angelini","31":"first","32":"instock","33":"shipping-taxable","34":"product-type-external"},"acf":[],"_links":{"self":[{"href":"https:\/\/ffyh.unc.edu.ar\/publicaciones\/wp-json\/wp\/v2\/product\/1324","targetHints":{"allow":["GET"]}}],"collection":[{"href":"https:\/\/ffyh.unc.edu.ar\/publicaciones\/wp-json\/wp\/v2\/product"}],"about":[{"href":"https:\/\/ffyh.unc.edu.ar\/publicaciones\/wp-json\/wp\/v2\/types\/product"}],"replies":[{"embeddable":true,"href":"https:\/\/ffyh.unc.edu.ar\/publicaciones\/wp-json\/wp\/v2\/comments?post=1324"}],"wp:featuredmedia":[{"embeddable":true,"href":"https:\/\/ffyh.unc.edu.ar\/publicaciones\/wp-json\/wp\/v2\/media\/1322"}],"wp:attachment":[{"href":"https:\/\/ffyh.unc.edu.ar\/publicaciones\/wp-json\/wp\/v2\/media?parent=1324"}],"wp:term":[{"taxonomy":"product_brand","embeddable":true,"href":"https:\/\/ffyh.unc.edu.ar\/publicaciones\/wp-json\/wp\/v2\/product_brand?post=1324"},{"taxonomy":"product_cat","embeddable":true,"href":"https:\/\/ffyh.unc.edu.ar\/publicaciones\/wp-json\/wp\/v2\/product_cat?post=1324"},{"taxonomy":"product_tag","embeddable":true,"href":"https:\/\/ffyh.unc.edu.ar\/publicaciones\/wp-json\/wp\/v2\/product_tag?post=1324"},{"taxonomy":"autor","embeddable":true,"href":"https:\/\/ffyh.unc.edu.ar\/publicaciones\/wp-json\/wp\/v2\/autor?post=1324"},{"taxonomy":"editor","embeddable":true,"href":"https:\/\/ffyh.unc.edu.ar\/publicaciones\/wp-json\/wp\/v2\/editor?post=1324"},{"taxonomy":"traductor","embeddable":true,"href":"https:\/\/ffyh.unc.edu.ar\/publicaciones\/wp-json\/wp\/v2\/traductor?post=1324"},{"taxonomy":"compilador","embeddable":true,"href":"https:\/\/ffyh.unc.edu.ar\/publicaciones\/wp-json\/wp\/v2\/compilador?post=1324"},{"taxonomy":"coordinador","embeddable":true,"href":"https:\/\/ffyh.unc.edu.ar\/publicaciones\/wp-json\/wp\/v2\/coordinador?post=1324"},{"taxonomy":"director","embeddable":true,"href":"https:\/\/ffyh.unc.edu.ar\/publicaciones\/wp-json\/wp\/v2\/director?post=1324"}],"curies":[{"name":"wp","href":"https:\/\/api.w.org\/{rel}","templated":true}]}}