{"id":1328,"date":"2018-11-17T19:56:32","date_gmt":"2018-11-17T22:56:32","guid":{"rendered":"https:\/\/ffyh.unc.edu.ar\/publicaciones\/?post_type=product&#038;p=1328"},"modified":"2021-11-19T12:17:21","modified_gmt":"2021-11-19T15:17:21","slug":"estudios-interdisciplinarios-de-historia-antigua-v","status":"publish","type":"product","link":"https:\/\/ffyh.unc.edu.ar\/publicaciones\/tienda\/publicaciones-de-investigacion\/seicyt\/actas-seicyt\/estudios-interdisciplinarios-de-historia-antigua-v\/","title":{"rendered":"Estudios interdisciplinarios de historia antigua V"},"content":{"rendered":"<p>El presente volumen re\u00fane las contribuciones de conferenciantes invitados y expositores de comunicaciones de las Quintas Jornadas Nacionales de Historia Antigua \u2013IV Internacionales\u2013, que tuvieron lugar en C\u00f3rdoba (Rep\u00fablica Argentina) los d\u00edas 26, 27, 28 y 29 de mayo de 2015, y, asimismo, de expositores de las Cuartas Jornadas Nacionales de Historia Antigua \u2013III Internacionales\u2013, desarrolladas durante los d\u00edas 21, 22, 23 y 24 de mayo de 2012 en la misma ciudad.<\/p>\n<p>Estas jornadas surgieron en el a\u00f1o 2005 por iniciativa de las Dras. Cecilia Ames y Marta Sagristani, profesoras entonces de la c\u00e1tedra de Historia Antigua General de la Universidad Nacional de C\u00f3rdoba, quienes convocaron a estudiosos del Mundo Antiguo, docentes e investigadores de las universidades y de otras instituciones cient\u00edficas del pa\u00eds y del extranjero, con el objetivo de constituir un espacio de reflexi\u00f3n y di\u00e1logo que los reuniera en torno a problem\u00e1ticas comunes. Por este medio, se ha buscado fortalecer los lazos entre los especialistas de la Historia Antigua del Oriente Pr\u00f3ximo y de los Estudios Cl\u00e1sicos. Es por ello que la organizaci\u00f3n del evento en sus sucesivas ediciones ha tenido como idea rectora el criterio de interdisciplinariedad, a fin de que estuvieran representadas todas las \u00e1reas del conocimiento y, con ello, todas las v\u00edas alternativas de acercamiento e interpretaci\u00f3n a las diferentes problem\u00e1ticas. Una clara respuesta positiva a la convocatoria ha sido la presencia en todas las ediciones de historiadores, arque\u00f3logos, fil\u00f3logos, fil\u00f3sofos, especialistas en arte y religiones antiguas, cuyos trabajos pueden leerse tanto en los vol\u00famenes precedentes de los Estudios Interdisciplinarios de Historia Antigua, como en este que presentamos aqu\u00ed.<\/p>\n<p>Los diferentes art\u00edculos que integran el presente volumen, seleccionados por el Comit\u00e9 Editorial, no giran alrededor de un tema espec\u00edfico, sino que analizan puntos fundamentales de problemas sobre la Antig\u00fcedad, abordados desde perspectivas desarrolladas en los \u00faltimos a\u00f1os por las disciplinas involucradas en su estudio, de all\u00ed que el presente volumen representa una instancia de actualizaci\u00f3n. Por ello, reconocemos nuestra deuda con todos los investigadores que con sus contribuciones hicieron posible mantener vigente este espacio de di\u00e1logo y, asimismo, publicar este volumen, el V de la serie de Estudios Interdisciplinarios de Historia Antigua.<\/p>\n","protected":false},"excerpt":{"rendered":"<p>El presente volumen re\u00fane las contribuciones de conferenciantes invitados y expositores de comunicaciones de las Quintas Jornadas Nacionales de Historia Antigua \u2013IV Internacionales\u2013, que tuvieron lugar en C\u00f3rdoba (Rep\u00fablica Argentina) los d\u00edas 26, 27, 28 y 29 de mayo de 2015, y, asimismo, de expositores de las Cuartas Jornadas Nacionales de Historia Antigua \u2013III Internacionales\u2013, desarrolladas durante los d\u00edas 21, 22, 23 y 24 de mayo de 2012 en la misma ciudad.<\/p>\n","protected":false},"featured_media":1327,"comment_status":"closed","ping_status":"closed","template":"","meta":{"_acf_changed":false,"colormag_page_container_layout":"default_layout","colormag_page_sidebar_layout":"default_layout"},"product_brand":[],"product_cat":[35,27,33],"product_tag":[1232,1222,1221,1223],"autor":[923,919,908,933,922,931,929,940,924,938,932,927,916,907,925,941,928,935,915,910,926,913,934,921,939,920,912,909,930,937,917,906,911,918,936,914],"editor":[],"traductor":[],"compilador":[944,945,942,943],"coordinador":[],"director":[],"class_list":{"0":"post-1328","1":"product","2":"type-product","3":"status-publish","4":"has-post-thumbnail","6":"product_cat-actas-seicyt","7":"product_cat-publicaciones-de-investigacion","8":"product_cat-seicyt","9":"product_tag-actas-de-congresos","10":"product_tag-antiguedad-clasica","11":"product_tag-egipto","12":"product_tag-oriente","13":"autor-agustin-saade","14":"autor-ana-maria-rosso","15":"autor-bernardo-gandulla","16":"autor-cecilia-ames","17":"autor-cora-dukelsky","18":"autor-craige-champion","19":"autor-diego-paiaro","20":"autor-fabiana-andrea-demaria-de-lissandrello","21":"autor-gaston-javier-basile","22":"autor-guillermina-bogdan","23":"autor-guillermo-de-santis","24":"autor-hector-alonso-vega-rodriguez","25":"autor-hector-horacio-gervan","26":"autor-ianir-milevski","27":"autor-jorge-cano-moreno","28":"autor-juan-pablo-castagno","29":"autor-juan-pablo-ramis","30":"autor-lidia-raquel-miranda","31":"autor-liliane-cristina-coelho","32":"autor-luciana-urbano","33":"autor-maria-cecilia-colombani","34":"autor-maria-celia-fraga","35":"autor-maria-gabriela-huidobro-salazar","36":"autor-maria-regina-candido","37":"autor-mariana-valeria-carro-perez","38":"autor-mario-ritacco","39":"autor-martin-cifuentes","40":"autor-melisa-gomez","41":"autor-miguel-angel-spinassi","42":"autor-mirta-estela-assis","43":"autor-moacir-elias-santos","44":"autor-pablo-jaruf","45":"autor-sandra-aida-visokolskis","46":"autor-sebastian-francisco-maydana","47":"autor-sofia-lacolla","48":"autor-susana-fioretti","49":"compilador-agustin-moreno","50":"compilador-alvaro-moreno-leoni","51":"compilador-cecilia-ames","52":"compilador-marta-sagristani","54":"first","55":"instock","56":"shipping-taxable","57":"product-type-external"},"acf":[],"_links":{"self":[{"href":"https:\/\/ffyh.unc.edu.ar\/publicaciones\/wp-json\/wp\/v2\/product\/1328","targetHints":{"allow":["GET"]}}],"collection":[{"href":"https:\/\/ffyh.unc.edu.ar\/publicaciones\/wp-json\/wp\/v2\/product"}],"about":[{"href":"https:\/\/ffyh.unc.edu.ar\/publicaciones\/wp-json\/wp\/v2\/types\/product"}],"replies":[{"embeddable":true,"href":"https:\/\/ffyh.unc.edu.ar\/publicaciones\/wp-json\/wp\/v2\/comments?post=1328"}],"wp:featuredmedia":[{"embeddable":true,"href":"https:\/\/ffyh.unc.edu.ar\/publicaciones\/wp-json\/wp\/v2\/media\/1327"}],"wp:attachment":[{"href":"https:\/\/ffyh.unc.edu.ar\/publicaciones\/wp-json\/wp\/v2\/media?parent=1328"}],"wp:term":[{"taxonomy":"product_brand","embeddable":true,"href":"https:\/\/ffyh.unc.edu.ar\/publicaciones\/wp-json\/wp\/v2\/product_brand?post=1328"},{"taxonomy":"product_cat","embeddable":true,"href":"https:\/\/ffyh.unc.edu.ar\/publicaciones\/wp-json\/wp\/v2\/product_cat?post=1328"},{"taxonomy":"product_tag","embeddable":true,"href":"https:\/\/ffyh.unc.edu.ar\/publicaciones\/wp-json\/wp\/v2\/product_tag?post=1328"},{"taxonomy":"autor","embeddable":true,"href":"https:\/\/ffyh.unc.edu.ar\/publicaciones\/wp-json\/wp\/v2\/autor?post=1328"},{"taxonomy":"editor","embeddable":true,"href":"https:\/\/ffyh.unc.edu.ar\/publicaciones\/wp-json\/wp\/v2\/editor?post=1328"},{"taxonomy":"traductor","embeddable":true,"href":"https:\/\/ffyh.unc.edu.ar\/publicaciones\/wp-json\/wp\/v2\/traductor?post=1328"},{"taxonomy":"compilador","embeddable":true,"href":"https:\/\/ffyh.unc.edu.ar\/publicaciones\/wp-json\/wp\/v2\/compilador?post=1328"},{"taxonomy":"coordinador","embeddable":true,"href":"https:\/\/ffyh.unc.edu.ar\/publicaciones\/wp-json\/wp\/v2\/coordinador?post=1328"},{"taxonomy":"director","embeddable":true,"href":"https:\/\/ffyh.unc.edu.ar\/publicaciones\/wp-json\/wp\/v2\/director?post=1328"}],"curies":[{"name":"wp","href":"https:\/\/api.w.org\/{rel}","templated":true}]}}

<p>El presente volumen reúne las contribuciones de conferenciantes invitados y expositores de comunicaciones de las Quintas Jornadas Nacionales de Historia Antigua –IV Internacionales–, que tuvieron lugar en Córdoba (República Argentina) los días 26, 27, 28 y 29 de mayo de 2015, y, asimismo, de expositores de las Cuartas Jornadas Nacionales de Historia Antigua –III Internacionales–, desarrolladas durante los días 21, 22, 23 y 24 de mayo de 2012 en la misma ciudad.</p>
<p>Estas jornadas surgieron en el año 2005 por iniciativa de las Dras. Cecilia Ames y Marta Sagristani, profesoras entonces de la cátedra de Historia Antigua General de la Universidad Nacional de Córdoba, quienes convocaron a estudiosos del Mundo Antiguo, docentes e investigadores de las universidades y de otras instituciones científicas del país y del extranjero, con el objetivo de constituir un espacio de reflexión y diálogo que los reuniera en torno a problemáticas comunes. Por este medio, se ha buscado fortalecer los lazos entre los especialistas de la Historia Antigua del Oriente Próximo y de los Estudios Clásicos. Es por ello que la organización del evento en sus sucesivas ediciones ha tenido como idea rectora el criterio de interdisciplinariedad, a fin de que estuvieran representadas todas las áreas del conocimiento y, con ello, todas las vías alternativas de acercamiento e interpretación a las diferentes problemáticas. Una clara respuesta positiva a la convocatoria ha sido la presencia en todas las ediciones de historiadores, arqueólogos, filólogos, filósofos, especialistas en arte y religiones antiguas, cuyos trabajos pueden leerse tanto en los volúmenes precedentes de los Estudios Interdisciplinarios de Historia Antigua, como en este que presentamos aquí.</p>
<p>Los diferentes artículos que integran el presente volumen, seleccionados por el Comité Editorial, no giran alrededor de un tema específico, sino que analizan puntos fundamentales de problemas sobre la Antigüedad, abordados desde perspectivas desarrolladas en los últimos años por las disciplinas involucradas en su estudio, de allí que el presente volumen representa una instancia de actualización. Por ello, reconocemos nuestra deuda con todos los investigadores que con sus contribuciones hicieron posible mantener vigente este espacio de diálogo y, asimismo, publicar este volumen, el V de la serie de Estudios Interdisciplinarios de Historia Antigua.</p>

<p>El presente volumen reúne las contribuciones de conferenciantes invitados y expositores de comunicaciones de las Quintas Jornadas Nacionales de Historia Antigua –IV Internacionales–, que tuvieron lugar en Córdoba (República Argentina) los días 26, 27, 28 y 29 de mayo de 2015, y, asimismo, de expositores de las Cuartas Jornadas Nacionales de Historia Antigua –III Internacionales–, desarrolladas durante los días 21, 22, 23 y 24 de mayo de 2012 en la misma ciudad.</p>
