{"id":1330,"date":"2017-11-17T20:07:48","date_gmt":"2017-11-17T23:07:48","guid":{"rendered":"https:\/\/ffyh.unc.edu.ar\/publicaciones\/?post_type=product&#038;p=1330"},"modified":"2021-11-19T12:14:24","modified_gmt":"2021-11-19T15:14:24","slug":"actas-del-vii-coloquio-de-filosofia-de-la-tecnica-y-del-i-conversatorio-internacional-sobre-tecnoestetica-y-sensorium-contemporaneo-tecnologia-politica-y-cultura-arte-literatura-diseno-tecnol","status":"publish","type":"product","link":"https:\/\/ffyh.unc.edu.ar\/publicaciones\/tienda\/publicaciones-de-investigacion\/seicyt\/actas-seicyt\/actas-del-vii-coloquio-de-filosofia-de-la-tecnica-y-del-i-conversatorio-internacional-sobre-tecnoestetica-y-sensorium-contemporaneo-tecnologia-politica-y-cultura-arte-literatura-diseno-tecnol\/","title":{"rendered":"Actas del VII Coloquio de Filosof\u00eda de la T\u00e9cnica y del I Conversatorio Internacional sobre Tecnoest\u00e9tica y Sensorium Contempor\u00e1neo: Tecnolog\u00eda, pol\u00edtica y cultura: arte \/ literatura \/ dise\u00f1o \/ tecnolog\u00edas"},"content":{"rendered":"<p>Desde 2010, en distintas ciudades de la Argentina, se lleva a cabo anualmente el Coloquio Internacional de Filosof\u00eda de la T\u00e9cnica, congregando especialistas de muy diversas disciplinas y trayectorias en torno a problem\u00e1ticas con eje en lo t\u00e9cnico\/tecnol\u00f3gico. Por su car\u00e1cter transversal, la filosof\u00eda de la t\u00e9cnica abarca un complejo de objetos y problemas que atraviesan la metaf\u00edsica, la epistemolog\u00eda, la \u00e9tica, la est\u00e9tica, la pol\u00edtica y la antropolog\u00eda filos\u00f3fica, as\u00ed como la cultura y la sociedad. Este entramado de problemas necesariamente entra en di\u00e1logo constante con las ciencias ingenieriles, humanas, sociales y naturales.<br \/>\nLa s\u00e9ptima edici\u00f3n, realizada en la sede de la Asociaci\u00f3n de Docentes e Investigadores Universitarios de C\u00f3rdoba (ADIUC) entre el 18 y el 21 de octubre de 2016 tuvo como eje las relaciones entre tecnolog\u00eda, pol\u00edtica y cultura en un contexto signado por cambios de paradigma en el sistema de ciencia y t\u00e9cnica nacional pero tambi\u00e9n con la apertura de la primera cohorte de la Maestr\u00eda en Tecnolog\u00edas, Pol\u00edticas y Culturas de la Universidad Nacional de C\u00f3rdoba, una carrera que se origin\u00f3 a partir del campo inaugurado por los Coloquios de Filosof\u00eda de la T\u00e9cnica y que incorpora en su curr\u00edcula los temas que a\u00f1o a a\u00f1o all\u00ed se discuten. Asimismo, y en el marco del coloquio, se realiz\u00f3 el primer I Conversatorio Internacional sobre Tecnoest\u00e9tica y Sensorium Contempor\u00e1neo: arte \/ literatura \/ dise\u00f1o \/ tecnolog\u00edas que convoc\u00f3 destacados especialistas del campo.<br \/>\nEn esta publicaci\u00f3n se presenta una selecci\u00f3n de los trabajos presentados que da cuenta de la riqueza de las discusiones en curso, su actualidad y su originalidad.<\/p>\n","protected":false},"excerpt":{"rendered":"<p>Este volumen recopila una selecci\u00f3n de los trabajos presentados en la s\u00e9ptima edici\u00f3n del Coloquio Internacional de Filosof\u00eda de la T\u00e9cnica, que congrega a especialistas de muy diversas disciplinas y trayectorias en torno a problem\u00e1ticas con eje en lo t\u00e9cnico\/tecnol\u00f3gico.<\/p>\n","protected":false},"featured_media":1333,"comment_status":"closed","ping_status":"closed","template":"","meta":{"_acf_changed":false,"colormag_page_container_layout":"default_layout","colormag_page_sidebar_layout":"default_layout"},"product_brand":[],"product_cat":[35,27,33],"product_tag":[1232,1231],"autor":[958,960,955,950,954,536,959,700,953,178,961,957,956,962,949,952,948,951,177],"editor":[],"traductor":[],"compilador":[963,964],"coordinador":[],"director":[],"class_list":{"0":"post-1330","1":"product","2":"type-product","3":"status-publish","4":"has-post-thumbnail","6":"product_cat-actas-seicyt","7":"product_cat-publicaciones-de-investigacion","8":"product_cat-seicyt","9":"product_tag-actas-de-congresos","10":"product_tag-filosofia-contemporanea","11":"autor-agostino-cera","12":"autor-agustin-berti","13":"autor-alejandro-limpo-gonzalez","14":"autor-andrea-torrano","15":"autor-camilo-rios","16":"autor-carlos-balzi","17":"autor-carlos-maria-marpegan","18":"autor-dario-sandrone","19":"autor-francisca-alarcon","20":"autor-javier-blanco","21":"autor-jimmy-ortiz-palacios","22":"autor-jorge-manuel-benitez","23":"autor-julian-glave","24":"autor-laura-shackelford","25":"autor-lisandro-barrionuevo","26":"autor-lucas-misseri","27":"autor-natalia-fischetti","28":"autor-pietro-lembo","29":"autor-pio-garcia","30":"compilador-agustin-berti","31":"compilador-anahi-alejandra-re","33":"first","34":"instock","35":"shipping-taxable","36":"product-type-external"},"acf":[],"_links":{"self":[{"href":"https:\/\/ffyh.unc.edu.ar\/publicaciones\/wp-json\/wp\/v2\/product\/1330","targetHints":{"allow":["GET"]}}],"collection":[{"href":"https:\/\/ffyh.unc.edu.ar\/publicaciones\/wp-json\/wp\/v2\/product"}],"about":[{"href":"https:\/\/ffyh.unc.edu.ar\/publicaciones\/wp-json\/wp\/v2\/types\/product"}],"replies":[{"embeddable":true,"href":"https:\/\/ffyh.unc.edu.ar\/publicaciones\/wp-json\/wp\/v2\/comments?post=1330"}],"wp:featuredmedia":[{"embeddable":true,"href":"https:\/\/ffyh.unc.edu.ar\/publicaciones\/wp-json\/wp\/v2\/media\/1333"}],"wp:attachment":[{"href":"https:\/\/ffyh.unc.edu.ar\/publicaciones\/wp-json\/wp\/v2\/media?parent=1330"}],"wp:term":[{"taxonomy":"product_brand","embeddable":true,"href":"https:\/\/ffyh.unc.edu.ar\/publicaciones\/wp-json\/wp\/v2\/product_brand?post=1330"},{"taxonomy":"product_cat","embeddable":true,"href":"https:\/\/ffyh.unc.edu.ar\/publicaciones\/wp-json\/wp\/v2\/product_cat?post=1330"},{"taxonomy":"product_tag","embeddable":true,"href":"https:\/\/ffyh.unc.edu.ar\/publicaciones\/wp-json\/wp\/v2\/product_tag?post=1330"},{"taxonomy":"autor","embeddable":true,"href":"https:\/\/ffyh.unc.edu.ar\/publicaciones\/wp-json\/wp\/v2\/autor?post=1330"},{"taxonomy":"editor","embeddable":true,"href":"https:\/\/ffyh.unc.edu.ar\/publicaciones\/wp-json\/wp\/v2\/editor?post=1330"},{"taxonomy":"traductor","embeddable":true,"href":"https:\/\/ffyh.unc.edu.ar\/publicaciones\/wp-json\/wp\/v2\/traductor?post=1330"},{"taxonomy":"compilador","embeddable":true,"href":"https:\/\/ffyh.unc.edu.ar\/publicaciones\/wp-json\/wp\/v2\/compilador?post=1330"},{"taxonomy":"coordinador","embeddable":true,"href":"https:\/\/ffyh.unc.edu.ar\/publicaciones\/wp-json\/wp\/v2\/coordinador?post=1330"},{"taxonomy":"director","embeddable":true,"href":"https:\/\/ffyh.unc.edu.ar\/publicaciones\/wp-json\/wp\/v2\/director?post=1330"}],"curies":[{"name":"wp","href":"https:\/\/api.w.org\/{rel}","templated":true}]}}