{"id":1387,"date":"2016-11-18T07:32:29","date_gmt":"2016-11-18T10:32:29","guid":{"rendered":"https:\/\/ffyh.unc.edu.ar\/publicaciones\/?post_type=product&#038;p=1387"},"modified":"2021-11-19T12:33:07","modified_gmt":"2021-11-19T15:33:07","slug":"la-investigacion-como-modo-de-resistencia-actas-del-ii-foro-de-iniciacion-en-la-investigacion-2016","status":"publish","type":"product","link":"https:\/\/ffyh.unc.edu.ar\/publicaciones\/tienda\/publicaciones-de-investigacion\/seicyt\/actas-seicyt\/la-investigacion-como-modo-de-resistencia-actas-del-ii-foro-de-iniciacion-en-la-investigacion-2016\/","title":{"rendered":"La investigaci\u00f3n como modo de resistencia. Actas del II Foro de Iniciaci\u00f3n en  la investigaci\u00f3n, 2016"},"content":{"rendered":"<p>El segundo Foro de Iniciaci\u00f3n en la Investigaci\u00f3n organizado por la Secretar\u00eda de Investigaci\u00f3n, Ciencia y T\u00e9cnica de la Facultad de Filosof\u00eda y Humanidades de la Universidad Nacional de C\u00f3rdoba tuvo lugar el 27 de Octubre de 2016 y convoc\u00f3 a una veintena de becarios y ex becarios de las becas de iniciaci\u00f3n en la investigaci\u00f3n (las que otorga la FFyH a trav\u00e9s de SeCyt) y de las becas Est\u00edmulo a las Vocaciones Cient\u00edficas que a\u00f1o a a\u00f1o convoca el Consejo Interuniversitario Nacional.<\/p>\n<p>A lo largo de una jornada que se extendi\u00f3 desde las 10.00 a las 18.00 horas, los expositores fueron invitados a compartir con otros becarios, ex becarios, estudiantes de grado y docentes de la Facultad los avances de sus investigaciones en curso y los resultados de sus investigaciones terminadas\u2026 si es que algo como una investigaci\u00f3n terminada existe.<\/p>\n<p>El primer foro \u2013desarrollado en julio del a\u00f1o 2015\u2013 tuvo ese mismo prop\u00f3sito: abrir un lugar que propiciara el intercambio entre los estudiantes y egresados que ya hab\u00edan finalizado sus becas y aquellos que, habi\u00e9ndola obtenido para el per\u00edodo entonces en curso, reci\u00e9n comenzaban el desarrollo de sus investigaciones. En esa oportunidad unos y otros dieron cuenta de hasta qu\u00e9 punto la tarea de investigar, que est\u00e1 asociada a la producci\u00f3n de conocimiento, requiere a su vez de conocimientos espec\u00edficos tales como plantear un problema, formular una hip\u00f3tesis, tomar decisiones te\u00f3rico-metodol\u00f3gicas, construir un objeto de estudio, hacer b\u00fasquedas documentales y\/o bibliogr\u00e1ficas, realizar un trabajo de car\u00e1cter etnogr\u00e1fico y tambi\u00e9n escribir una ponencia y presentarla en un encuentro cient\u00edfico o postular a una beca.<\/p>\n<p>En este sentido, la expectativa para ese Foro \u2013y para este tambi\u00e9n\u2013 fue que los estudiantes y egresados pudieran socializar no solo aquello sobre lo cual hab\u00edan investigado, sino muy especialmente, la experiencia que hab\u00edan tenido o estaban teniendo como investigadores y como becarios. Nos pareci\u00f3 que este intercambio entre becarios y ex becarios de distintos campos disciplinares deb\u00eda ser enriquecedor tambi\u00e9n para los compa\u00f1eros que nunca hab\u00edan postulado a una beca y que en un futuro m\u00e1s o menos inmediato pod\u00edan querer hacerlo as\u00ed como para los docentes e investigadores que, de una u otra manera, acompa\u00f1an a los estudiantes y egresados recientes a dar los primeros pasos en la tarea de investigar.<\/p>\n<p>El \u00e9xito del primer foro \u2013en el que hubo m\u00e1s de treinta expositores y un n\u00famero no menor de asistentes\u2013 nos llev\u00f3 a publicar las actas de los trabajos presentados, tarea que ahora repetimos con las exposiciones de este segundo foro.<\/p>\n","protected":false},"excerpt":{"rendered":"<p>Esta publicaci\u00f3n re\u00fane los trabajos presentados en el <em>II Foro de Iniciaci\u00f3n en la investigaci\u00f3n<\/em> organizado por la Secretar\u00eda de Investigaci\u00f3n, Ciencia y T\u00e9cnica de la Facultad de Filosof\u00eda y Humanidades de la Universidad Nacional de C\u00f3rdoba que tuvo lugar el 27 de Octubre de 2016 y convoc\u00f3 a una veintena de becarios y ex becarios de las becas de iniciaci\u00f3n en la investigaci\u00f3n (las que otorga la FFyH a trav\u00e9s de SeCyt) y de las becas Est\u00edmulo a las Vocaciones Cient\u00edficas que a\u00f1o a a\u00f1o convoca el Consejo Interuniversitario Nacional.<\/p>\n","protected":false},"featured_media":1380,"comment_status":"closed","ping_status":"closed","template":"","meta":{"_acf_changed":false,"colormag_page_container_layout":"default_layout","colormag_page_sidebar_layout":"default_layout"},"product_brand":[],"product_cat":[35,27,33],"product_tag":[1232,1138,1239],"autor":[1000,1001,1006,1002,999,1005,1007,1003,1004,797],"editor":[],"traductor":[],"compilador":[],"coordinador":[1008,1009],"director":[],"class_list":{"0":"post-1387","1":"product","2":"type-product","3":"status-publish","4":"has-post-thumbnail","6":"product_cat-actas-seicyt","7":"product_cat-publicaciones-de-investigacion","8":"product_cat-seicyt","9":"product_tag-actas-de-congresos","10":"product_tag-investigacion","11":"product_tag-metodologia-de-la-investigacion","12":"autor-agustina-molina","13":"autor-andrea-novello","14":"autor-daniela-dominguez","15":"autor-florencia-pascual","16":"autor-maria-daniela-brollo","17":"autor-maria-emilia-torres","18":"autor-maria-julia-vigliocco","19":"autor-melisa-rodriguez-oviedo","20":"autor-santiago-manuel-romero","21":"autor-virginia-zelada","22":"coordinador-candelaria-de-olmos","23":"coordinador-noelia-garcia","25":"first","26":"instock","27":"shipping-taxable","28":"product-type-external"},"acf":[],"_links":{"self":[{"href":"https:\/\/ffyh.unc.edu.ar\/publicaciones\/wp-json\/wp\/v2\/product\/1387","targetHints":{"allow":["GET"]}}],"collection":[{"href":"https:\/\/ffyh.unc.edu.ar\/publicaciones\/wp-json\/wp\/v2\/product"}],"about":[{"href":"https:\/\/ffyh.unc.edu.ar\/publicaciones\/wp-json\/wp\/v2\/types\/product"}],"replies":[{"embeddable":true,"href":"https:\/\/ffyh.unc.edu.ar\/publicaciones\/wp-json\/wp\/v2\/comments?post=1387"}],"wp:featuredmedia":[{"embeddable":true,"href":"https:\/\/ffyh.unc.edu.ar\/publicaciones\/wp-json\/wp\/v2\/media\/1380"}],"wp:attachment":[{"href":"https:\/\/ffyh.unc.edu.ar\/publicaciones\/wp-json\/wp\/v2\/media?parent=1387"}],"wp:term":[{"taxonomy":"product_brand","embeddable":true,"href":"https:\/\/ffyh.unc.edu.ar\/publicaciones\/wp-json\/wp\/v2\/product_brand?post=1387"},{"taxonomy":"product_cat","embeddable":true,"href":"https:\/\/ffyh.unc.edu.ar\/publicaciones\/wp-json\/wp\/v2\/product_cat?post=1387"},{"taxonomy":"product_tag","embeddable":true,"href":"https:\/\/ffyh.unc.edu.ar\/publicaciones\/wp-json\/wp\/v2\/product_tag?post=1387"},{"taxonomy":"autor","embeddable":true,"href":"https:\/\/ffyh.unc.edu.ar\/publicaciones\/wp-json\/wp\/v2\/autor?post=1387"},{"taxonomy":"editor","embeddable":true,"href":"https:\/\/ffyh.unc.edu.ar\/publicaciones\/wp-json\/wp\/v2\/editor?post=1387"},{"taxonomy":"traductor","embeddable":true,"href":"https:\/\/ffyh.unc.edu.ar\/publicaciones\/wp-json\/wp\/v2\/traductor?post=1387"},{"taxonomy":"compilador","embeddable":true,"href":"https:\/\/ffyh.unc.edu.ar\/publicaciones\/wp-json\/wp\/v2\/compilador?post=1387"},{"taxonomy":"coordinador","embeddable":true,"href":"https:\/\/ffyh.unc.edu.ar\/publicaciones\/wp-json\/wp\/v2\/coordinador?post=1387"},{"taxonomy":"director","embeddable":true,"href":"https:\/\/ffyh.unc.edu.ar\/publicaciones\/wp-json\/wp\/v2\/director?post=1387"}],"curies":[{"name":"wp","href":"https:\/\/api.w.org\/{rel}","templated":true}]}}