{"id":1487,"date":"2021-07-19T18:16:52","date_gmt":"2021-07-19T21:16:52","guid":{"rendered":"https:\/\/ffyh.unc.edu.ar\/publicaciones\/?post_type=product&#038;p=1487"},"modified":"2021-11-19T18:22:39","modified_gmt":"2021-11-19T21:22:39","slug":"rehacer-extension-en-contextos-de-pandemia-emergentes-y-emergencias","status":"publish","type":"product","link":"https:\/\/ffyh.unc.edu.ar\/publicaciones\/tienda\/publicaciones-de-extension\/rehacer-extension-en-contextos-de-pandemia-emergentes-y-emergencias\/","title":{"rendered":"(Re)Hacer extensi\u00f3n en contextos de pandemia: emergentes y emergencias"},"content":{"rendered":"<p>Mucho se ha escrito sobre las formas en que la pandemia mundial por el Covid-19 ha afectado nuestros espacios familiares, laborales y de ocio. Reflexiones de todo orden y escalas (global, nacional, local) inundan los portales de los medios de comunicaci\u00f3n, de las redes sociales e incluso de los espacios de difusi\u00f3n de la ciencia. Bien vale en este contexto sumarse a poner en palabras c\u00f3mo este acontecimiento\u00a0 atraves\u00f3 y atraviesa nuestras pr\u00e1cticas extensionistas y las variadas estrategias sostenidas para garantizar su realizaci\u00f3n, en un contexto signado \u2013entre otras cuestiones- por la incertidumbre, atendiendo a recaudos metodol\u00f3gico que abrevan en reconocer que, pese a que actualmente se est\u00e1 hablando de \u201cpos-pandemia\u201d, ser\u00eda prematuro ensayar posibles recetas sobre c\u00f3mo formalizar nuestras pr\u00e1cticas en los territorios, prontamente.<\/p>\n<p>En este sentido, esta publicaci\u00f3n se orienta a habilitar la reflexividad sobre la experiencia extensionista, como una mirada a contrapelo capaz de identificar modalidades de trabajo pre-pand\u00e9micas con la articulaci\u00f3n de formas impensadas para el seguir haciendo, en un contexto de inmediatez que nos desafi\u00f3 a la hora de pensar enfoques, formatos y habitaciones. En la encrucijada de reflexionar y escribir, bien vale traer las palabras de Isabelle Stengers (2005) quien propone disminuir la velocidad del razonamiento para habilitar miradas otras desde las \u201csombras\u201d, capaces de identificar otras epistemolog\u00edas y sentidos no siempre puestos en juego para pensar el aqu\u00ed y ahora, o sea, en la vor\u00e1gine en la que nos encontramos tras el dislocamiento de la temporalidad que conoc\u00edamos.<\/p>\n<p><em>(Re)Hacer extensi\u00f3n en contextos de pandemia. Emergencias y Emergentes<\/em>, compilado por Flavia Romero y Marcela Carignano, se inscribe como un aporte reflexivo sobre el quehacer extensionista en tiempos de pandemia. Lejos de pensarse como una publicaci\u00f3n que pretende trabajar desde certidumbres, contribuye a habilitar sentidos sobre la extensi\u00f3n en tiempos de excepcionalidad, comunalizando pr\u00e1cticas y reflexiones que permiten inscribir con fuerza nuevos interrogantes sobre las in-certezas con las que nos interpela este contexto. Por ende, las fortalezas de este trabajo se orientan entonces en visibilizar diferentes voces, en cuya polifon\u00eda identificar diferentes modalidades de gestionar la extensi\u00f3n, de rearticular v\u00ednculos con los territorios desde otras posibilidades, de tensionar los modelos extensionistas con los que trabaj\u00e1bamos y de discutir c\u00f3mo seguimos caminando de otra manera.<\/p>\n","protected":false},"excerpt":{"rendered":"<p>Esta publicaci\u00f3n de la Secretar\u00eda de Extensi\u00f3n de la Facultad de Filosof\u00eda y Humanidades de la UNC, cuyas coordinadoras son Flavia Romero y Marcela Carignano, re\u00fane un conjunto de reflexiones situadas sobre las transformaciones y experiencias extensionistas acontecidas durante el Aislamiento Social y Obligatorio a causa del COVID-19 y las maneras en que se re-visitaron y reinventaron los modos de hacer Extensi\u00f3n en plena emergencia.<\/p>\n","protected":false},"featured_media":1485,"comment_status":"closed","ping_status":"closed","template":"","meta":{"_acf_changed":false,"colormag_page_container_layout":"default_layout","colormag_page_sidebar_layout":"default_layout"},"product_brand":[],"product_cat":[26],"product_tag":[1190,1218],"autor":[1028,1284,1315,1312,1330,1322,1323,1307,1320,1311,1314,1313,1308,1304,1309,1324,1303,1331,1325,1328,426,1326,1306,1305,1127,1128,422,1319,1327,1316,1302,1318,1310,1321,1317,1329],"editor":[1332],"traductor":[],"compilador":[],"coordinador":[1333,1334],"director":[],"class_list":{"0":"post-1487","1":"product","2":"type-product","3":"status-publish","4":"has-post-thumbnail","6":"product_cat-publicaciones-de-extension","7":"product_tag-pandemia","8":"product_tag-universidades","9":"autor-agustin-liarte-tiloca","10":"autor-alfonsina-munoz-paganoni","11":"autor-alicia-medrano","12":"autor-anali-mansilla","13":"autor-ayelen-branca","14":"autor-barbarena-amato-ros","15":"autor-carla-eleonora-pedrazzani","16":"autor-carolina-alvarez-avila","17":"autor-cinthia-machado","18":"autor-clara-iglesias","19":"autor-clarisa-maorenzic","20":"autor-emilia-mansilla","21":"autor-fabiola-heredia","22":"autor-flavia-romero","23":"autor-jimena-massa","24":"autor-johanna-marianny-alves-quintana","25":"autor-jose-maria-bompadre","26":"autor-julieta-jaimez","27":"autor-julieta-salinas","28":"autor-lucia-aichino","29":"autor-marcela-carignano","30":"autor-maria-ayelen-la-torre","31":"autor-maria-das-dores-pimentel-nogueira","32":"autor-maria-noel-gonzalez","33":"autor-mariana-fabra","34":"autor-mariela-zabala","35":"autor-marina-yazyi","36":"autor-mateo-ruiz-perez","37":"autor-mora-stiberman","38":"autor-natalia-riveros","39":"autor-nestor-cecchi","40":"autor-noel-martinez","41":"autor-paula-basel","42":"autor-romina-berra","43":"autor-roxana-ramirez","44":"autor-susana-cecilia-tejada","45":"editor-jose-maria-bompadre","46":"coordinador-flavia-romero","47":"coordinador-marcela-carignano","49":"first","50":"instock","51":"shipping-taxable","52":"product-type-external"},"acf":[],"_links":{"self":[{"href":"https:\/\/ffyh.unc.edu.ar\/publicaciones\/wp-json\/wp\/v2\/product\/1487","targetHints":{"allow":["GET"]}}],"collection":[{"href":"https:\/\/ffyh.unc.edu.ar\/publicaciones\/wp-json\/wp\/v2\/product"}],"about":[{"href":"https:\/\/ffyh.unc.edu.ar\/publicaciones\/wp-json\/wp\/v2\/types\/product"}],"replies":[{"embeddable":true,"href":"https:\/\/ffyh.unc.edu.ar\/publicaciones\/wp-json\/wp\/v2\/comments?post=1487"}],"wp:featuredmedia":[{"embeddable":true,"href":"https:\/\/ffyh.unc.edu.ar\/publicaciones\/wp-json\/wp\/v2\/media\/1485"}],"wp:attachment":[{"href":"https:\/\/ffyh.unc.edu.ar\/publicaciones\/wp-json\/wp\/v2\/media?parent=1487"}],"wp:term":[{"taxonomy":"product_brand","embeddable":true,"href":"https:\/\/ffyh.unc.edu.ar\/publicaciones\/wp-json\/wp\/v2\/product_brand?post=1487"},{"taxonomy":"product_cat","embeddable":true,"href":"https:\/\/ffyh.unc.edu.ar\/publicaciones\/wp-json\/wp\/v2\/product_cat?post=1487"},{"taxonomy":"product_tag","embeddable":true,"href":"https:\/\/ffyh.unc.edu.ar\/publicaciones\/wp-json\/wp\/v2\/product_tag?post=1487"},{"taxonomy":"autor","embeddable":true,"href":"https:\/\/ffyh.unc.edu.ar\/publicaciones\/wp-json\/wp\/v2\/autor?post=1487"},{"taxonomy":"editor","embeddable":true,"href":"https:\/\/ffyh.unc.edu.ar\/publicaciones\/wp-json\/wp\/v2\/editor?post=1487"},{"taxonomy":"traductor","embeddable":true,"href":"https:\/\/ffyh.unc.edu.ar\/publicaciones\/wp-json\/wp\/v2\/traductor?post=1487"},{"taxonomy":"compilador","embeddable":true,"href":"https:\/\/ffyh.unc.edu.ar\/publicaciones\/wp-json\/wp\/v2\/compilador?post=1487"},{"taxonomy":"coordinador","embeddable":true,"href":"https:\/\/ffyh.unc.edu.ar\/publicaciones\/wp-json\/wp\/v2\/coordinador?post=1487"},{"taxonomy":"director","embeddable":true,"href":"https:\/\/ffyh.unc.edu.ar\/publicaciones\/wp-json\/wp\/v2\/director?post=1487"}],"curies":[{"name":"wp","href":"https:\/\/api.w.org\/{rel}","templated":true}]}}