{"id":160,"date":"2020-05-18T16:53:14","date_gmt":"2020-05-18T19:53:14","guid":{"rendered":"https:\/\/ffyh.unc.edu.ar\/publicaciones\/?post_type=product&#038;p=160"},"modified":"2024-08-09T20:04:58","modified_gmt":"2024-08-09T23:04:58","slug":"e-book-aprendizajes-y-practicas-educativas-en-las-actuales-condiciones-de-epoca-covid-19","status":"publish","type":"product","link":"https:\/\/ffyh.unc.edu.ar\/publicaciones\/tienda\/publicaciones-de-investigacion\/ciffyh\/e-book-aprendizajes-y-practicas-educativas-en-las-actuales-condiciones-de-epoca-covid-19\/","title":{"rendered":"Aprendizajes y pr\u00e1cticas educativas en las actuales condiciones de \u00e9poca: COVID-19"},"content":{"rendered":"<p>Esta obra colectiva es el resultado de la convocatoria realizada por el equipo de investigaci\u00f3n \u201cSentidos y significados acerca del aprender en las actuales condiciones de \u00e9poca: un estudio con docentes y estudiantes de educaci\u00f3n secundaria en la ciudad de C\u00f3rdoba\u201d -SEICyT, FFyH, UNC- dirigida a docentes y profesionales del campo pedag\u00f3gico, con el fin de visibilizar procesos y pr\u00e1cticas educativas situadas en el marco de la pandemia por COVID-19.<\/p>\n<p>La publicaci\u00f3n surge como un espacio para detenerse a reflexionar sobre el presente que acontece y, a la vez, como oportunidad para documentar y resguardar las experiencias que hemos construido, inventado y reinventado en esta situaci\u00f3n in\u00e9dita de pa\u00eds y de mundo. Les docentes desafiados ante esta situaci\u00f3n, buscan y construyen estrategias para atender el derecho a la educaci\u00f3n de ni\u00f1es, j\u00f3venes y adultes.\u00a0 Dar a conocer tales experiencias, y la consecuente reflexi\u00f3n pedag\u00f3gica sobre este escenario, es el objetivo de este libro.<\/p>\n<p>A lo largo de las p\u00e1ginas encontrar\u00e1n producciones de diferentes lugares de la Argentina -C\u00f3rdoba, Buenos Aires, La Plata, Santa Cruz, Santa Fe, Mar del Plata, Catamarca, Tucum\u00e1n, Neuqu\u00e9n y Entre R\u00edos- como as\u00ed tambi\u00e9n de Colombia.<\/p>\n<p>Esta compilaci\u00f3n est\u00e1 compuesta por art\u00edculos y ensayos acerca de ense\u00f1ar y aprender en el contexto de ASPO por COVID-19 y sistematizaciones de experiencias educativas en el nivel secundario, en la formaci\u00f3n docente y en la Universidad.<\/p>\n","protected":false},"excerpt":{"rendered":"<p>Esta obra colectiva es el resultado de la convocatoria realizada por el equipo de investigaci\u00f3n \u201cSentidos y significados acerca del aprender en las actuales condiciones de \u00e9poca: un estudio con docentes y estudiantes de educaci\u00f3n secundaria en la ciudad de C\u00f3rdoba\u201d -SEICyT, FFyH, UNC- dirigida a docentes y profesionales del campo pedag\u00f3gico, con el fin de visibilizar procesos y pr\u00e1cticas educativas situadas en el marco de la pandemia por COVID-19.<\/p>\n","protected":false},"featured_media":96,"comment_status":"open","ping_status":"closed","template":"","meta":{"_acf_changed":false,"colormag_page_container_layout":"default_layout","colormag_page_sidebar_layout":"default_layout"},"product_brand":[],"product_cat":[30,28,33],"product_tag":[1214,1212],"autor":[],"editor":[],"traductor":[],"compilador":[321],"coordinador":[],"director":[],"class_list":{"0":"post-160","1":"product","2":"type-product","3":"status-publish","4":"has-post-thumbnail","6":"product_cat-ciffyh","7":"product_cat-publicaciones-pedagogicas","8":"product_cat-seicyt","9":"product_tag-estrategias-de-aprendizaje","10":"product_tag-medios-de-ensenanza","11":"compilador-lucia-beltramino","13":"first","14":"instock","15":"shipping-taxable","16":"product-type-external"},"acf":[],"_links":{"self":[{"href":"https:\/\/ffyh.unc.edu.ar\/publicaciones\/wp-json\/wp\/v2\/product\/160","targetHints":{"allow":["GET"]}}],"collection":[{"href":"https:\/\/ffyh.unc.edu.ar\/publicaciones\/wp-json\/wp\/v2\/product"}],"about":[{"href":"https:\/\/ffyh.unc.edu.ar\/publicaciones\/wp-json\/wp\/v2\/types\/product"}],"replies":[{"embeddable":true,"href":"https:\/\/ffyh.unc.edu.ar\/publicaciones\/wp-json\/wp\/v2\/comments?post=160"}],"wp:featuredmedia":[{"embeddable":true,"href":"https:\/\/ffyh.unc.edu.ar\/publicaciones\/wp-json\/wp\/v2\/media\/96"}],"wp:attachment":[{"href":"https:\/\/ffyh.unc.edu.ar\/publicaciones\/wp-json\/wp\/v2\/media?parent=160"}],"wp:term":[{"taxonomy":"product_brand","embeddable":true,"href":"https:\/\/ffyh.unc.edu.ar\/publicaciones\/wp-json\/wp\/v2\/product_brand?post=160"},{"taxonomy":"product_cat","embeddable":true,"href":"https:\/\/ffyh.unc.edu.ar\/publicaciones\/wp-json\/wp\/v2\/product_cat?post=160"},{"taxonomy":"product_tag","embeddable":true,"href":"https:\/\/ffyh.unc.edu.ar\/publicaciones\/wp-json\/wp\/v2\/product_tag?post=160"},{"taxonomy":"autor","embeddable":true,"href":"https:\/\/ffyh.unc.edu.ar\/publicaciones\/wp-json\/wp\/v2\/autor?post=160"},{"taxonomy":"editor","embeddable":true,"href":"https:\/\/ffyh.unc.edu.ar\/publicaciones\/wp-json\/wp\/v2\/editor?post=160"},{"taxonomy":"traductor","embeddable":true,"href":"https:\/\/ffyh.unc.edu.ar\/publicaciones\/wp-json\/wp\/v2\/traductor?post=160"},{"taxonomy":"compilador","embeddable":true,"href":"https:\/\/ffyh.unc.edu.ar\/publicaciones\/wp-json\/wp\/v2\/compilador?post=160"},{"taxonomy":"coordinador","embeddable":true,"href":"https:\/\/ffyh.unc.edu.ar\/publicaciones\/wp-json\/wp\/v2\/coordinador?post=160"},{"taxonomy":"director","embeddable":true,"href":"https:\/\/ffyh.unc.edu.ar\/publicaciones\/wp-json\/wp\/v2\/director?post=160"}],"curies":[{"name":"wp","href":"https:\/\/api.w.org\/{rel}","templated":true}]}}

Aprendizajes y prácticas educativas en las actuales condiciones de época: COVID-19

<p>Esta obra colectiva es el resultado de la convocatoria realizada por el equipo de investigación “Sentidos y significados acerca del aprender en las actuales condiciones de época: un estudio con docentes y estudiantes de educación secundaria en la ciudad de Córdoba” -SEICyT, FFyH, UNC- dirigida a docentes y profesionales del campo pedagógico, con el fin de visibilizar procesos y prácticas educativas situadas en el marco de la pandemia por COVID-19.</p>
<p>La publicación surge como un espacio para detenerse a reflexionar sobre el presente que acontece y, a la vez, como oportunidad para documentar y resguardar las experiencias que hemos construido, inventado y reinventado en esta situación inédita de país y de mundo. Les docentes desafiados ante esta situación, buscan y construyen estrategias para atender el derecho a la educación de niñes, jóvenes y adultes.  Dar a conocer tales experiencias, y la consecuente reflexión pedagógica sobre este escenario, es el objetivo de este libro.</p>
<p>A lo largo de las páginas encontrarán producciones de diferentes lugares de la Argentina -Córdoba, Buenos Aires, La Plata, Santa Cruz, Santa Fe, Mar del Plata, Catamarca, Tucumán, Neuquén y Entre Ríos- como así también de Colombia.</p>
<p>Esta compilación está compuesta por artículos y ensayos acerca de enseñar y aprender en el contexto de ASPO por COVID-19 y sistematizaciones de experiencias educativas en el nivel secundario, en la formación docente y en la Universidad.</p>

<p>Esta obra colectiva es el resultado de la convocatoria realizada por el equipo de investigación “Sentidos y significados acerca del aprender en las actuales condiciones de época: un estudio con docentes y estudiantes de educación secundaria en la ciudad de Córdoba” -SEICyT, FFyH, UNC- dirigida a docentes y profesionales del campo pedagógico, con el fin de visibilizar procesos y prácticas educativas situadas en el marco de la pandemia por COVID-19.</p>
