{"id":1813,"date":"2017-05-09T06:59:05","date_gmt":"2017-05-09T09:59:05","guid":{"rendered":"https:\/\/ffyh.unc.edu.ar\/publicaciones\/?post_type=product&#038;p=1813"},"modified":"2022-05-09T07:05:03","modified_gmt":"2022-05-09T10:05:03","slug":"literatura-y-peronismo-configuraciones-de-la-cultura-popular-en-la-narrativa-argentina-de-la-decada-del-2000","status":"publish","type":"product","link":"https:\/\/ffyh.unc.edu.ar\/publicaciones\/tienda\/publicaciones-de-investigacion\/seicyt-posgrado\/tesis\/literatura-y-peronismo-configuraciones-de-la-cultura-popular-en-la-narrativa-argentina-de-la-decada-del-2000\/","title":{"rendered":"Literatura y peronismo: configuraciones de la cultura popular en la narrativa argentina de la d\u00e9cada del 2000"},"content":{"rendered":"<p>Los principales objetivos de la tesis fueron estudiar el tratamiento de la cultura popular efectuado por la narrativa argentina que tematiz\u00f3\/problematiz\u00f3 al peronismo durante la d\u00e9cada del 2000 y sistematizar el estudio de tales expresiones literarias a la luz de la f\u00f3rmula civilizaci\u00f3n\/barbarie y el advenimiento del kirchnerismo.<\/p>\n<p>En primera instancia, trazamos un recorrido te\u00f3rico-cr\u00edtico en torno a la cultura popular entendida como una \u00abotredad\u00bb respecto del paradigma culto-civilizado-letrado y a los movimientos nacionales, populares y democr\u00e1ticos como una \u00abotredad\u00bb pol\u00edtica y cultural frente al modelo conservador-liberal. A la vez, comprendimos al peronismo como un fen\u00f3meno pol\u00edtico, social y cultural productor de \u00abalteridades\u00bb propias e identificamos su l\u00f3gica oximor\u00f3nica.<\/p>\n<p>Posteriormente, dedicamos cuatro cap\u00edtulos al an\u00e1lisis del corpus. En el primero se\u00f1alamos la emergencia de cierto \u00abrevisionismo literario\u00bb que, enmarcado de la narrativa argentina de postdictadura, vino a participar del frente discursivo desplegado en torno al accionar de las organizaciones armadas durante los a\u00f1os &#8217;70. El segundo complement\u00f3 al anterior y estuvo destinado a observar los v\u00ednculos entre las alteridades sexuales, la violencia pol\u00edtica y la militancia revolucionaria. El tercer cap\u00edtulo vers\u00f3 sobre Eva Per\u00f3n y su actual vigencia literaria; all\u00ed intentamos hilvanar un mapa de las estrategias puestas en juego por los narradores contempor\u00e1neos al momento de modelizar su figura.<\/p>\n<p>Finalmente, estudiamos obras inscriptas en la nueva narrativa argentina; de ese modo, centramos el an\u00e1lisis en ciertas particularidades presentadas por los j\u00f3venes escritores al momento de aproximarse al peronismo y a sus relaciones constitutivas con la cultura popular barrial del conurbano bonaerense.<\/p>\n","protected":false},"excerpt":{"rendered":"<p>En <em>Literatura y peronismo: configuraciones de la cultura popular en la narrativa argentina de la d\u00e9cada del 2000<\/em>, Juan Ezequiel Rogna estudia el tratamiento de la cultura popular efectuado por la narrativa argentina que tematiz\u00f3\/problematiz\u00f3 al peronismo durante la d\u00e9cada del 2000 y sistematiza el estudio de tales expresiones literarias a la luz de la f\u00f3rmula civilizaci\u00f3n\/barbarie y el advenimiento del kirchnerismo.<\/p>\n","protected":false},"featured_media":1812,"comment_status":"closed","ping_status":"closed","template":"","meta":{"_acf_changed":false,"colormag_page_container_layout":"default_layout","colormag_page_sidebar_layout":"default_layout"},"product_brand":[],"product_cat":[27,36,37],"product_tag":[1530,1181,1531],"autor":[1532],"editor":[],"traductor":[],"compilador":[],"coordinador":[],"director":[],"class_list":{"0":"post-1813","1":"product","2":"type-product","3":"status-publish","4":"has-post-thumbnail","6":"product_cat-publicaciones-de-investigacion","7":"product_cat-seicyt-posgrado","8":"product_cat-tesis","9":"product_tag-cultura-popular","10":"product_tag-literatura","11":"product_tag-peronismo","12":"autor-juan-ezequiel-rogna","14":"first","15":"instock","16":"shipping-taxable","17":"product-type-external"},"acf":[],"_links":{"self":[{"href":"https:\/\/ffyh.unc.edu.ar\/publicaciones\/wp-json\/wp\/v2\/product\/1813","targetHints":{"allow":["GET"]}}],"collection":[{"href":"https:\/\/ffyh.unc.edu.ar\/publicaciones\/wp-json\/wp\/v2\/product"}],"about":[{"href":"https:\/\/ffyh.unc.edu.ar\/publicaciones\/wp-json\/wp\/v2\/types\/product"}],"replies":[{"embeddable":true,"href":"https:\/\/ffyh.unc.edu.ar\/publicaciones\/wp-json\/wp\/v2\/comments?post=1813"}],"wp:featuredmedia":[{"embeddable":true,"href":"https:\/\/ffyh.unc.edu.ar\/publicaciones\/wp-json\/wp\/v2\/media\/1812"}],"wp:attachment":[{"href":"https:\/\/ffyh.unc.edu.ar\/publicaciones\/wp-json\/wp\/v2\/media?parent=1813"}],"wp:term":[{"taxonomy":"product_brand","embeddable":true,"href":"https:\/\/ffyh.unc.edu.ar\/publicaciones\/wp-json\/wp\/v2\/product_brand?post=1813"},{"taxonomy":"product_cat","embeddable":true,"href":"https:\/\/ffyh.unc.edu.ar\/publicaciones\/wp-json\/wp\/v2\/product_cat?post=1813"},{"taxonomy":"product_tag","embeddable":true,"href":"https:\/\/ffyh.unc.edu.ar\/publicaciones\/wp-json\/wp\/v2\/product_tag?post=1813"},{"taxonomy":"autor","embeddable":true,"href":"https:\/\/ffyh.unc.edu.ar\/publicaciones\/wp-json\/wp\/v2\/autor?post=1813"},{"taxonomy":"editor","embeddable":true,"href":"https:\/\/ffyh.unc.edu.ar\/publicaciones\/wp-json\/wp\/v2\/editor?post=1813"},{"taxonomy":"traductor","embeddable":true,"href":"https:\/\/ffyh.unc.edu.ar\/publicaciones\/wp-json\/wp\/v2\/traductor?post=1813"},{"taxonomy":"compilador","embeddable":true,"href":"https:\/\/ffyh.unc.edu.ar\/publicaciones\/wp-json\/wp\/v2\/compilador?post=1813"},{"taxonomy":"coordinador","embeddable":true,"href":"https:\/\/ffyh.unc.edu.ar\/publicaciones\/wp-json\/wp\/v2\/coordinador?post=1813"},{"taxonomy":"director","embeddable":true,"href":"https:\/\/ffyh.unc.edu.ar\/publicaciones\/wp-json\/wp\/v2\/director?post=1813"}],"curies":[{"name":"wp","href":"https:\/\/api.w.org\/{rel}","templated":true}]}}