{"id":1840,"date":"2014-05-09T07:49:47","date_gmt":"2014-05-09T10:49:47","guid":{"rendered":"https:\/\/ffyh.unc.edu.ar\/publicaciones\/?post_type=product&#038;p=1840"},"modified":"2022-05-09T07:54:23","modified_gmt":"2022-05-09T10:54:23","slug":"historia-de-las-poblaciones-prehispanicas-del-sector-austral-de-las-sierras-pampeanas-variabilidad-morfologica-y-modelos-arqueologicos","status":"publish","type":"product","link":"https:\/\/ffyh.unc.edu.ar\/publicaciones\/tienda\/publicaciones-de-investigacion\/seicyt-posgrado\/tesis\/historia-de-las-poblaciones-prehispanicas-del-sector-austral-de-las-sierras-pampeanas-variabilidad-morfologica-y-modelos-arqueologicos\/","title":{"rendered":"Historia de las poblaciones prehisp\u00e1nicas del sector austral de las Sierras Pampeanas: variabilidad morfol\u00f3gica y modelos arqueol\u00f3gicos"},"content":{"rendered":"<p>El presente trabajo se orient\u00f3 al estudio de la variaci\u00f3n craneofacial de los grupos humanos que habitaron el sector austral de las Sierras Pampeanas y llanuras circundantes en tiempos prehisp\u00e1nicos desde una perspectiva que combina an\u00e1lisis morfol\u00f3gicos cuali-cuantitativos y an\u00e1lisis basados en la morfometr\u00eda geom\u00e9trica.<\/p>\n<p>Como objetivos espec\u00edficos se plante\u00f3: a) caracterizar morfol\u00f3gicamente colecciones arqueol\u00f3gicas in\u00e9ditas de restos \u00f3seos, b) estudiar la variaci\u00f3n craneofacial de las mencionadas colecciones a partir de an\u00e1lisis de morfometr\u00eda geom\u00e9trica, c) establecer relaciones gen\u00e9ticas entre las poblaciones de la regi\u00f3n central del pa\u00eds y dem\u00e1s regiones geogr\u00e1fico-ecol\u00f3gicas de Argentina y Sudam\u00e9rica (Andes, Amazonia, Gran Chaco, Patagonia-Tierra del Fuego), d) poner a prueba diferentes modelos sobre las posibles v\u00edas de poblamiento del centro del pa\u00eds.<\/p>\n<p>Los resultados sugieren importantes similitudes a nivel de morfolog\u00eda craneal y variaci\u00f3n epigen\u00e9tica entre muestras principalmente del lado oriental de las sierras \u2013actual territorio de la provincia de C\u00f3rdoba- y poblaciones del centro y Noreste de Patagonia, y regi\u00f3n pampeana. Teniendo en cuenta los resultados generales, consideramos que el poblamiento de la regi\u00f3n austral de las Sierras Pampeanas se relaciona con aquel ocurrido desde el Noreste del pa\u00eds, siguiendo un derrotero general Norte-Sur a trav\u00e9s del Litoral Atl\u00e1ntico.<\/p>\n","protected":false},"excerpt":{"rendered":"<p>En este e-book, Mariana Fabra se aboc\u00f3 al estudio de la variaci\u00f3n craneofacial de los grupos humanos que habitaron el sector austral de las Sierras Pampeanas y llanuras circundantes en tiempos prehisp\u00e1nicos desde una perspectiva que combina an\u00e1lisis morfol\u00f3gicos cuali-cuantitativos y an\u00e1lisis basados en la morfometr\u00eda geom\u00e9trica.<\/p>\n","protected":false},"featured_media":1839,"comment_status":"closed","ping_status":"closed","template":"","meta":{"_acf_changed":false,"colormag_page_container_layout":"default_layout","colormag_page_sidebar_layout":"default_layout"},"product_brand":[],"product_cat":[27,36,37],"product_tag":[1542,1105,1543,1544],"autor":[1127],"editor":[],"traductor":[],"compilador":[],"coordinador":[],"director":[],"class_list":{"0":"post-1840","1":"product","2":"type-product","3":"status-publish","4":"has-post-thumbnail","6":"product_cat-publicaciones-de-investigacion","7":"product_cat-seicyt-posgrado","8":"product_cat-tesis","9":"product_tag-arqueologia","10":"product_tag-historia","11":"product_tag-poblacion-prehispanica","12":"product_tag-sierras-pampeanas","13":"autor-mariana-fabra","15":"first","16":"instock","17":"shipping-taxable","18":"product-type-external"},"acf":[],"_links":{"self":[{"href":"https:\/\/ffyh.unc.edu.ar\/publicaciones\/wp-json\/wp\/v2\/product\/1840","targetHints":{"allow":["GET"]}}],"collection":[{"href":"https:\/\/ffyh.unc.edu.ar\/publicaciones\/wp-json\/wp\/v2\/product"}],"about":[{"href":"https:\/\/ffyh.unc.edu.ar\/publicaciones\/wp-json\/wp\/v2\/types\/product"}],"replies":[{"embeddable":true,"href":"https:\/\/ffyh.unc.edu.ar\/publicaciones\/wp-json\/wp\/v2\/comments?post=1840"}],"wp:featuredmedia":[{"embeddable":true,"href":"https:\/\/ffyh.unc.edu.ar\/publicaciones\/wp-json\/wp\/v2\/media\/1839"}],"wp:attachment":[{"href":"https:\/\/ffyh.unc.edu.ar\/publicaciones\/wp-json\/wp\/v2\/media?parent=1840"}],"wp:term":[{"taxonomy":"product_brand","embeddable":true,"href":"https:\/\/ffyh.unc.edu.ar\/publicaciones\/wp-json\/wp\/v2\/product_brand?post=1840"},{"taxonomy":"product_cat","embeddable":true,"href":"https:\/\/ffyh.unc.edu.ar\/publicaciones\/wp-json\/wp\/v2\/product_cat?post=1840"},{"taxonomy":"product_tag","embeddable":true,"href":"https:\/\/ffyh.unc.edu.ar\/publicaciones\/wp-json\/wp\/v2\/product_tag?post=1840"},{"taxonomy":"autor","embeddable":true,"href":"https:\/\/ffyh.unc.edu.ar\/publicaciones\/wp-json\/wp\/v2\/autor?post=1840"},{"taxonomy":"editor","embeddable":true,"href":"https:\/\/ffyh.unc.edu.ar\/publicaciones\/wp-json\/wp\/v2\/editor?post=1840"},{"taxonomy":"traductor","embeddable":true,"href":"https:\/\/ffyh.unc.edu.ar\/publicaciones\/wp-json\/wp\/v2\/traductor?post=1840"},{"taxonomy":"compilador","embeddable":true,"href":"https:\/\/ffyh.unc.edu.ar\/publicaciones\/wp-json\/wp\/v2\/compilador?post=1840"},{"taxonomy":"coordinador","embeddable":true,"href":"https:\/\/ffyh.unc.edu.ar\/publicaciones\/wp-json\/wp\/v2\/coordinador?post=1840"},{"taxonomy":"director","embeddable":true,"href":"https:\/\/ffyh.unc.edu.ar\/publicaciones\/wp-json\/wp\/v2\/director?post=1840"}],"curies":[{"name":"wp","href":"https:\/\/api.w.org\/{rel}","templated":true}]}}