{"id":1845,"date":"2017-05-09T07:59:05","date_gmt":"2017-05-09T10:59:05","guid":{"rendered":"https:\/\/ffyh.unc.edu.ar\/publicaciones\/?post_type=product&#038;p=1845"},"modified":"2022-05-09T08:05:36","modified_gmt":"2022-05-09T11:05:36","slug":"practicas-cotidianas-niveles-de-actividad-fisica-y-modos-de-vida-en-poblaciones-del-sector-austral-de-las-sierras-pampeanas-durante-el-holoceno-tardio","status":"publish","type":"product","link":"https:\/\/ffyh.unc.edu.ar\/publicaciones\/tienda\/publicaciones-de-investigacion\/seicyt-posgrado\/tesis\/practicas-cotidianas-niveles-de-actividad-fisica-y-modos-de-vida-en-poblaciones-del-sector-austral-de-las-sierras-pampeanas-durante-el-holoceno-tardio\/","title":{"rendered":"Pr\u00e1cticas cotidianas, niveles de actividad f\u00edsica y modos de vida en poblaciones del sector austral de las sierras pampeanas durante el holoceno tard\u00edo"},"content":{"rendered":"<p>El objetivo del presente trabajo es abordar el estudio de las poblaciones arqueol\u00f3gicas que habitaron el sector austral de las Sierras Pampeanas y noroeste de la Regi\u00f3n Pampeana durante el Holoceno tard\u00edo, desde una perspectiva bioarqueol\u00f3gica. M\u00e1s espec\u00edficamente, la investigaci\u00f3n se orienta hacia el estudio de los niveles de actividad f\u00edsica como modo de acercamiento a las pr\u00e1cticas cotidianas realizadas por las poblaciones prehisp\u00e1nicas que habitaron estas regiones.<\/p>\n<p>Interesa conocer los usos del cuerpo, los cuales se relacionan con las pr\u00e1cticas cotidianas que llevaron a cabo las personas -en particular, aquellas pr\u00e1cticas vinculadas con actividades de subsistencia, artesanales y de movilidad, que puedan ser inferidas a partir de marcadores \u00f3seos-, as\u00ed como estimar la influencia que pudieron haber tenido procesos tales como la domesticaci\u00f3n de plantas, la vida sedentaria o el nucleamiento social en dichas pr\u00e1cticas.<\/p>\n<p>Para ello, se tom\u00f3 en consideraci\u00f3n tres grupos de indicadores \u00f3seos: cambios degenerativos, cambios entesiales y facetas extra, impresiones y extensiones articulares. Los resultados obtenidos indican por un lado, que habr\u00eda habido un cambio en los niveles de actividad f\u00edsica a lo largo del tiempo, con una disminuci\u00f3n de \u00e9stos en el Holoceno tard\u00edo final, y que no se condice con lo esperado desde los datos aportados desde otros bioindicadores y desde el registro arqueol\u00f3gico.<\/p>\n<p>Por otro lado, las diferencias regionales que se detectaron sugieren que en la zona de Llanuras las mayores frecuencias de los marcadores analizados desde edades tempranas estar\u00edan refiriendo a un desgaste f\u00edsico m\u00e1s marcado con respecto al registrado en Sierras, lo cual a su vez puede sugerir cuestiones de movilidad y traslados (de mayores distancias o que implicaron mayor esfuerzo f\u00edsico) vinculados al aprovisionamiento de materias primas for\u00e1neas.<\/p>\n","protected":false},"excerpt":{"rendered":"<p>En <em>Pr\u00e1cticas cotidianas, niveles de actividad f\u00edsica y modos de vida en poblaciones del sector austral de las Sierras Pampeanas durante el Holoceno tard\u00edo, <\/em>Soledad Salega aborda el estudio de las poblaciones arqueol\u00f3gicas que habitaron el sector austral de las Sierras Pampeanas y noroeste de la Regi\u00f3n Pampeana durante el Holoceno tard\u00edo, desde una perspectiva bioarqueol\u00f3gica.<\/p>\n","protected":false},"featured_media":1842,"comment_status":"closed","ping_status":"closed","template":"","meta":{"_acf_changed":false,"colormag_page_container_layout":"default_layout","colormag_page_sidebar_layout":"default_layout"},"product_brand":[],"product_cat":[27,36,37],"product_tag":[1366,1545,1544],"autor":[1546],"editor":[],"traductor":[],"compilador":[],"coordinador":[],"director":[],"class_list":{"0":"post-1845","1":"product","2":"type-product","3":"status-publish","4":"has-post-thumbnail","6":"product_cat-publicaciones-de-investigacion","7":"product_cat-seicyt-posgrado","8":"product_cat-tesis","9":"product_tag-antropologia","10":"product_tag-poblacion","11":"product_tag-sierras-pampeanas","12":"autor-soledad-salega","14":"first","15":"instock","16":"shipping-taxable","17":"product-type-external"},"acf":[],"_links":{"self":[{"href":"https:\/\/ffyh.unc.edu.ar\/publicaciones\/wp-json\/wp\/v2\/product\/1845","targetHints":{"allow":["GET"]}}],"collection":[{"href":"https:\/\/ffyh.unc.edu.ar\/publicaciones\/wp-json\/wp\/v2\/product"}],"about":[{"href":"https:\/\/ffyh.unc.edu.ar\/publicaciones\/wp-json\/wp\/v2\/types\/product"}],"replies":[{"embeddable":true,"href":"https:\/\/ffyh.unc.edu.ar\/publicaciones\/wp-json\/wp\/v2\/comments?post=1845"}],"wp:featuredmedia":[{"embeddable":true,"href":"https:\/\/ffyh.unc.edu.ar\/publicaciones\/wp-json\/wp\/v2\/media\/1842"}],"wp:attachment":[{"href":"https:\/\/ffyh.unc.edu.ar\/publicaciones\/wp-json\/wp\/v2\/media?parent=1845"}],"wp:term":[{"taxonomy":"product_brand","embeddable":true,"href":"https:\/\/ffyh.unc.edu.ar\/publicaciones\/wp-json\/wp\/v2\/product_brand?post=1845"},{"taxonomy":"product_cat","embeddable":true,"href":"https:\/\/ffyh.unc.edu.ar\/publicaciones\/wp-json\/wp\/v2\/product_cat?post=1845"},{"taxonomy":"product_tag","embeddable":true,"href":"https:\/\/ffyh.unc.edu.ar\/publicaciones\/wp-json\/wp\/v2\/product_tag?post=1845"},{"taxonomy":"autor","embeddable":true,"href":"https:\/\/ffyh.unc.edu.ar\/publicaciones\/wp-json\/wp\/v2\/autor?post=1845"},{"taxonomy":"editor","embeddable":true,"href":"https:\/\/ffyh.unc.edu.ar\/publicaciones\/wp-json\/wp\/v2\/editor?post=1845"},{"taxonomy":"traductor","embeddable":true,"href":"https:\/\/ffyh.unc.edu.ar\/publicaciones\/wp-json\/wp\/v2\/traductor?post=1845"},{"taxonomy":"compilador","embeddable":true,"href":"https:\/\/ffyh.unc.edu.ar\/publicaciones\/wp-json\/wp\/v2\/compilador?post=1845"},{"taxonomy":"coordinador","embeddable":true,"href":"https:\/\/ffyh.unc.edu.ar\/publicaciones\/wp-json\/wp\/v2\/coordinador?post=1845"},{"taxonomy":"director","embeddable":true,"href":"https:\/\/ffyh.unc.edu.ar\/publicaciones\/wp-json\/wp\/v2\/director?post=1845"}],"curies":[{"name":"wp","href":"https:\/\/api.w.org\/{rel}","templated":true}]}}