{"id":2495,"date":"2022-11-23T10:01:03","date_gmt":"2022-11-23T13:01:03","guid":{"rendered":"https:\/\/ffyh.unc.edu.ar\/publicaciones\/?post_type=product&#038;p=2495"},"modified":"2022-11-23T10:01:05","modified_gmt":"2022-11-23T13:01:05","slug":"revista-aula-vallejo-vol-1","status":"publish","type":"product","link":"https:\/\/ffyh.unc.edu.ar\/publicaciones\/tienda\/revista-aula-vallejo\/revista-aula-vallejo-vol-1\/","title":{"rendered":"Revista \u201cAula Vallejo\u201d &#8211; Vol. 1"},"content":{"rendered":"<p>La revista \u201cAula Vallejo\u201d fue editada en nuestra Facultad durante 1961-1974 por Juan Larrea en el Centro de Investigaciones que \u00e9l cre\u00f3 durante los a\u00f1os que fue profesor de nuestra FFyH.<\/p>\n<p>El proyecto de digitalizaci\u00f3n de esta revista tiene una gran importancia para los estudios vallejianos a nivel internacional, en la medida en que supone no s\u00f3lo un gran aporte a las investigaciones espec\u00edficas sino tambi\u00e9n una enorme puesta en valor de ese trabajo.<\/p>\n<p>La iniciativa de este proyecto parte de la Escuela de Letras, en vinculaci\u00f3n con nuestra Biblioteca y el \u00c1rea de Publicaciones de la FFyH.\u00a0 La versi\u00f3n digital ser\u00e1 alojada en el Repositorio Digital Universitario (RDU) de la UNC y la tarea est\u00e1 siendo realizada por la Licenciada en Archivolog\u00eda Noelia Garc\u00eda.<\/p>\n","protected":false},"excerpt":{"rendered":"<p>La revista \u201cAula Vallejo\u201d fue editada en nuestra Facultad durante 1961-1974. El proyecto de digitalizaci\u00f3n de esta revista tiene una gran importancia para los estudios vallejianos a nivel internacional, en la medida en que supone no s\u00f3lo un gran aporte a las investigaciones espec\u00edficas sino tambi\u00e9n una enorme puesta en valor de ese trabajo.<\/p>\n","protected":false},"featured_media":2494,"comment_status":"closed","ping_status":"closed","template":"","meta":{"_acf_changed":false,"colormag_page_container_layout":"default_layout","colormag_page_sidebar_layout":"default_layout"},"product_brand":[],"product_cat":[1615],"product_tag":[],"autor":[1616],"editor":[],"traductor":[],"compilador":[],"coordinador":[],"director":[],"class_list":{"0":"post-2495","1":"product","2":"type-product","3":"status-publish","4":"has-post-thumbnail","6":"product_cat-revista-aula-vallejo","7":"autor-cesar-vallejo","9":"first","10":"instock","11":"shipping-taxable","12":"product-type-external"},"acf":[],"_links":{"self":[{"href":"https:\/\/ffyh.unc.edu.ar\/publicaciones\/wp-json\/wp\/v2\/product\/2495","targetHints":{"allow":["GET"]}}],"collection":[{"href":"https:\/\/ffyh.unc.edu.ar\/publicaciones\/wp-json\/wp\/v2\/product"}],"about":[{"href":"https:\/\/ffyh.unc.edu.ar\/publicaciones\/wp-json\/wp\/v2\/types\/product"}],"replies":[{"embeddable":true,"href":"https:\/\/ffyh.unc.edu.ar\/publicaciones\/wp-json\/wp\/v2\/comments?post=2495"}],"wp:featuredmedia":[{"embeddable":true,"href":"https:\/\/ffyh.unc.edu.ar\/publicaciones\/wp-json\/wp\/v2\/media\/2494"}],"wp:attachment":[{"href":"https:\/\/ffyh.unc.edu.ar\/publicaciones\/wp-json\/wp\/v2\/media?parent=2495"}],"wp:term":[{"taxonomy":"product_brand","embeddable":true,"href":"https:\/\/ffyh.unc.edu.ar\/publicaciones\/wp-json\/wp\/v2\/product_brand?post=2495"},{"taxonomy":"product_cat","embeddable":true,"href":"https:\/\/ffyh.unc.edu.ar\/publicaciones\/wp-json\/wp\/v2\/product_cat?post=2495"},{"taxonomy":"product_tag","embeddable":true,"href":"https:\/\/ffyh.unc.edu.ar\/publicaciones\/wp-json\/wp\/v2\/product_tag?post=2495"},{"taxonomy":"autor","embeddable":true,"href":"https:\/\/ffyh.unc.edu.ar\/publicaciones\/wp-json\/wp\/v2\/autor?post=2495"},{"taxonomy":"editor","embeddable":true,"href":"https:\/\/ffyh.unc.edu.ar\/publicaciones\/wp-json\/wp\/v2\/editor?post=2495"},{"taxonomy":"traductor","embeddable":true,"href":"https:\/\/ffyh.unc.edu.ar\/publicaciones\/wp-json\/wp\/v2\/traductor?post=2495"},{"taxonomy":"compilador","embeddable":true,"href":"https:\/\/ffyh.unc.edu.ar\/publicaciones\/wp-json\/wp\/v2\/compilador?post=2495"},{"taxonomy":"coordinador","embeddable":true,"href":"https:\/\/ffyh.unc.edu.ar\/publicaciones\/wp-json\/wp\/v2\/coordinador?post=2495"},{"taxonomy":"director","embeddable":true,"href":"https:\/\/ffyh.unc.edu.ar\/publicaciones\/wp-json\/wp\/v2\/director?post=2495"}],"curies":[{"name":"wp","href":"https:\/\/api.w.org\/{rel}","templated":true}]}}