{"id":2804,"date":"2023-03-21T10:39:42","date_gmt":"2023-03-21T13:39:42","guid":{"rendered":"https:\/\/ffyh.unc.edu.ar\/publicaciones\/?post_type=product&#038;p=2804"},"modified":"2023-03-21T10:41:37","modified_gmt":"2023-03-21T13:41:37","slug":"habitar-las-instituciones-sujetos-y-escenarios","status":"publish","type":"product","link":"https:\/\/ffyh.unc.edu.ar\/publicaciones\/tienda\/publicaciones-del-area-de-publicaciones-de-la-ffyh\/habitar-las-instituciones-sujetos-y-escenarios\/","title":{"rendered":"Habitar las instituciones. Sujetos y escenarios"},"content":{"rendered":"<p>Este e-book, compilado por Alicia Arias y Melina Cuello y coordinado por Gloria Borioli y Ana Luisa Cilimbini, recupera los debates presentados en la Mesa de Trabajo \u00abHabitar las instituciones. Actores y escenarios\u00bb. Esta actividad fue organizada por la carrera de posgrado \u201cEspecializaci\u00f3n en Adolescencia con menci\u00f3n en Educaci\u00f3n o en Psicolog\u00eda del Desarrollo\u201d y se llev\u00f3 a cabo en agosto de 2021.<\/p>\n<p>En el marco de la Especializaci\u00f3n en Adolescencia de la UNC, las mesas de trabajo surgen como una iniciativa de abordaje cr\u00edtico de nuevos t\u00f3picos vinculados a esa franja etaria. Desde la gesti\u00f3n de la carrera se concibe a las subjetividades como resultados provisionales de procesos insertos en tramas culturales diversas y en constante cambio que precisan di\u00e1logos, intercambios, miradas otras. \u00a0De ah\u00ed surgi\u00f3 la idea de reunir a distintos pensadores locales en la mesa que recupera esta publicaci\u00f3n con el prop\u00f3sito de ir m\u00e1s all\u00e1 de la comodidad y de la oferta b\u00e1sica de formaci\u00f3n de la carrera.<\/p>\n<p>El libro digital, que tiene como autorxs a Horacio Paulin, Mariana Chaves, Adriana Barrionuevo y Facundo Boccardi, aborda problemas y debates de los campos de la salud y la educaci\u00f3n, en instituciones habitadas por adolescentes, y tambi\u00e9n leyes que regulan los cuerpos, el placer y la salud y que operan como dispositivos pol\u00edticos de construcci\u00f3n de subjetividades.<\/p>\n","protected":false},"excerpt":{"rendered":"<p>Este libro recupera los debates presentados en la Mesa de Trabajo \u00abHabitar las instituciones. Actores y escenarios\u00bb organizada por la carrera de posgrado \u201cEspecializaci\u00f3n en Adolescencia con menci\u00f3n en Educaci\u00f3n o en Psicolog\u00eda del Desarrollo\u201d que se llev\u00f3 a cabo en agosto de 2021. La publicaci\u00f3n aborda problemas y debates de los campos de la salud y la educaci\u00f3n, en instituciones habitadas por adolescentes, y tambi\u00e9n leyes que regulan los cuerpos, el placer y la salud y que operan como dispositivos pol\u00edticos de construcci\u00f3n de subjetividades.<\/p>\n","protected":false},"featured_media":2807,"comment_status":"closed","ping_status":"closed","template":"","meta":{"_acf_changed":false,"colormag_page_container_layout":"default_layout","colormag_page_sidebar_layout":"default_layout"},"product_brand":[],"product_cat":[1576],"product_tag":[1177,1185,1696],"autor":[1273,466,1697,1698],"editor":[],"traductor":[],"compilador":[1699,1700],"coordinador":[1702,1701],"director":[],"class_list":{"0":"post-2804","1":"product","2":"type-product","3":"status-publish","4":"has-post-thumbnail","6":"product_cat-publicaciones-del-area-de-publicaciones-de-la-ffyh","7":"product_tag-educacion","8":"product_tag-feminismo","9":"product_tag-instituciones","10":"autor-adriana-barrionuevo","11":"autor-facundo-boccardi","12":"autor-horacio-paulin","13":"autor-mariana-chaves","14":"compilador-alicia-arias","15":"compilador-melina-cuello","16":"coordinador-ana-luisa-cilimbini","17":"coordinador-gloria-borioli","19":"first","20":"instock","21":"shipping-taxable","22":"product-type-external"},"acf":[],"_links":{"self":[{"href":"https:\/\/ffyh.unc.edu.ar\/publicaciones\/wp-json\/wp\/v2\/product\/2804","targetHints":{"allow":["GET"]}}],"collection":[{"href":"https:\/\/ffyh.unc.edu.ar\/publicaciones\/wp-json\/wp\/v2\/product"}],"about":[{"href":"https:\/\/ffyh.unc.edu.ar\/publicaciones\/wp-json\/wp\/v2\/types\/product"}],"replies":[{"embeddable":true,"href":"https:\/\/ffyh.unc.edu.ar\/publicaciones\/wp-json\/wp\/v2\/comments?post=2804"}],"wp:featuredmedia":[{"embeddable":true,"href":"https:\/\/ffyh.unc.edu.ar\/publicaciones\/wp-json\/wp\/v2\/media\/2807"}],"wp:attachment":[{"href":"https:\/\/ffyh.unc.edu.ar\/publicaciones\/wp-json\/wp\/v2\/media?parent=2804"}],"wp:term":[{"taxonomy":"product_brand","embeddable":true,"href":"https:\/\/ffyh.unc.edu.ar\/publicaciones\/wp-json\/wp\/v2\/product_brand?post=2804"},{"taxonomy":"product_cat","embeddable":true,"href":"https:\/\/ffyh.unc.edu.ar\/publicaciones\/wp-json\/wp\/v2\/product_cat?post=2804"},{"taxonomy":"product_tag","embeddable":true,"href":"https:\/\/ffyh.unc.edu.ar\/publicaciones\/wp-json\/wp\/v2\/product_tag?post=2804"},{"taxonomy":"autor","embeddable":true,"href":"https:\/\/ffyh.unc.edu.ar\/publicaciones\/wp-json\/wp\/v2\/autor?post=2804"},{"taxonomy":"editor","embeddable":true,"href":"https:\/\/ffyh.unc.edu.ar\/publicaciones\/wp-json\/wp\/v2\/editor?post=2804"},{"taxonomy":"traductor","embeddable":true,"href":"https:\/\/ffyh.unc.edu.ar\/publicaciones\/wp-json\/wp\/v2\/traductor?post=2804"},{"taxonomy":"compilador","embeddable":true,"href":"https:\/\/ffyh.unc.edu.ar\/publicaciones\/wp-json\/wp\/v2\/compilador?post=2804"},{"taxonomy":"coordinador","embeddable":true,"href":"https:\/\/ffyh.unc.edu.ar\/publicaciones\/wp-json\/wp\/v2\/coordinador?post=2804"},{"taxonomy":"director","embeddable":true,"href":"https:\/\/ffyh.unc.edu.ar\/publicaciones\/wp-json\/wp\/v2\/director?post=2804"}],"curies":[{"name":"wp","href":"https:\/\/api.w.org\/{rel}","templated":true}]}}