{"id":2851,"date":"2023-04-11T11:56:27","date_gmt":"2023-04-11T14:56:27","guid":{"rendered":"https:\/\/ffyh.unc.edu.ar\/publicaciones\/?post_type=product&#038;p=2851"},"modified":"2023-04-11T11:56:28","modified_gmt":"2023-04-11T14:56:28","slug":"7o-y-8o-concurso-literario-acic","status":"publish","type":"product","link":"https:\/\/ffyh.unc.edu.ar\/publicaciones\/tienda\/publicaciones-del-area-de-publicaciones-de-la-ffyh\/7o-y-8o-concurso-literario-acic\/","title":{"rendered":"7\u00ba y 8\u00ba Concurso Literario ACIC"},"content":{"rendered":"<p>Este libro es el resultado de un largo camino que comenz\u00f3 en 2013 como parte de la celebraci\u00f3n de los 100 a\u00f1os de la Asociaci\u00f3n Cultural Israelita de C\u00f3rdoba (ACIC), que se inici\u00f3 por aquellos a\u00f1os como la Biblioteca Juvenil Israelita.<\/p>\n<p>All\u00ed, las y los inmigrantes jud\u00edos que llegaron a C\u00f3rdoba, corridos por el hambre, la persecuci\u00f3n, la discriminaci\u00f3n y las ganas de ser parte de una nueva patria que los alojara, construyeron este espacio para preservar y compartir sus libros, sus lecturas, su idioma y sus saberes. Es por ello, y en su honor, que, desde la Biblioteca ACIC se organiz\u00f3 el Concurso Literario ACIC de la mano de la Escuela de Letras de la Facultad de Filosof\u00eda y Humanidades de la Universidad Nacional de C\u00f3rdoba, que nos acompa\u00f1\u00f3, junto a otras instituciones, durante todos estos a\u00f1os en este recorrido.<\/p>\n<p>\u00bfPor qu\u00e9 un Concurso Literario? Afirma en el pr\u00f3logo la Comisi\u00f3n Organizadora del Concurso que: \u00abComo espacio cultural, concebimos a las personas en sus sentires, sus saberes, sus acciones y sus luchas como seres integrales con derecho a expresarse y reconociendo la trayectoria de participaci\u00f3n y contribuci\u00f3n en el entramado multicultural de nuestra sociedad. Pensamos en aquellas y aquellos que se atreven a escribir, conocidos o no, con trayectoria o sin ella, que est\u00e1n dispuestos a dejar una marca para otros, como una forma de convidar una y otra vez a horizontes posibles. Quisimos brindar esta oportunidad porque la escritura es otro modo de expresi\u00f3n y no la entendemos como patrimonio de unos pocos elegidos. Abrimos las puertas para sostener este espacio para la escritura de C\u00f3rdoba y del pa\u00eds\u00bb.<\/p>\n<p>Este libro es parte de los premios del 7\u00ba y 8\u00ba Concurso Literario ACIC para quienes lograron, no solo sentarse a escribir en \u00e9poca de pandemia, \u00e9pocas de grandes reflexiones y miradas hacia adentro, sino tambi\u00e9n de ser distinguidos por su labor. En 2020 se presentaron 290 cuentos de 18 provincias de nuestro pa\u00eds y m\u00e1s de 150 cuentos provenientes de 14 provincias en 2021.<\/p>\n","protected":false},"excerpt":{"rendered":"<p>En 2020 se presentaron\u00a0290 cuentos de 18 provincias de nuestro pa\u00eds para participar del Concurso Literario ACIC y en 2021 recibimos m\u00e1s de 150 cuentos provenientes de 14 provincias. Este libro recupera los cuentos premiados en el 7\u00ba y 8\u00ba Concurso Literario ACIC que se llevaron a cabo en esos a\u00f1os.<\/p>\n","protected":false},"featured_media":2854,"comment_status":"closed","ping_status":"closed","template":"","meta":{"_acf_changed":false,"colormag_page_container_layout":"default_layout","colormag_page_sidebar_layout":"default_layout"},"product_brand":[],"product_cat":[1576],"product_tag":[1735,1734,1181],"autor":[1737,1743,1739,1745,1738,1740,1746,1744,1742,1736,1741],"editor":[],"traductor":[],"compilador":[],"coordinador":[],"director":[],"class_list":{"0":"post-2851","1":"product","2":"type-product","3":"status-publish","4":"has-post-thumbnail","6":"product_cat-publicaciones-del-area-de-publicaciones-de-la-ffyh","7":"product_tag-concurso","8":"product_tag-cuentos","9":"product_tag-literatura","10":"autor-ariel-guzman","11":"autor-claudio-emilio-mamud","12":"autor-elena-beatriz-ninci","13":"autor-elena-ninci","14":"autor-gabriel-agustin-cespedes","15":"autor-gabriela-meyer","16":"autor-juan-pablo-goni-capurro","17":"autor-julian-berenguel","18":"autor-nazira-belen-gunther","19":"autor-oscar-alejandro-jacobsen","20":"autor-rafael-ricardo-conde","22":"first","23":"instock","24":"shipping-taxable","25":"product-type-external"},"acf":[],"_links":{"self":[{"href":"https:\/\/ffyh.unc.edu.ar\/publicaciones\/wp-json\/wp\/v2\/product\/2851","targetHints":{"allow":["GET"]}}],"collection":[{"href":"https:\/\/ffyh.unc.edu.ar\/publicaciones\/wp-json\/wp\/v2\/product"}],"about":[{"href":"https:\/\/ffyh.unc.edu.ar\/publicaciones\/wp-json\/wp\/v2\/types\/product"}],"replies":[{"embeddable":true,"href":"https:\/\/ffyh.unc.edu.ar\/publicaciones\/wp-json\/wp\/v2\/comments?post=2851"}],"wp:featuredmedia":[{"embeddable":true,"href":"https:\/\/ffyh.unc.edu.ar\/publicaciones\/wp-json\/wp\/v2\/media\/2854"}],"wp:attachment":[{"href":"https:\/\/ffyh.unc.edu.ar\/publicaciones\/wp-json\/wp\/v2\/media?parent=2851"}],"wp:term":[{"taxonomy":"product_brand","embeddable":true,"href":"https:\/\/ffyh.unc.edu.ar\/publicaciones\/wp-json\/wp\/v2\/product_brand?post=2851"},{"taxonomy":"product_cat","embeddable":true,"href":"https:\/\/ffyh.unc.edu.ar\/publicaciones\/wp-json\/wp\/v2\/product_cat?post=2851"},{"taxonomy":"product_tag","embeddable":true,"href":"https:\/\/ffyh.unc.edu.ar\/publicaciones\/wp-json\/wp\/v2\/product_tag?post=2851"},{"taxonomy":"autor","embeddable":true,"href":"https:\/\/ffyh.unc.edu.ar\/publicaciones\/wp-json\/wp\/v2\/autor?post=2851"},{"taxonomy":"editor","embeddable":true,"href":"https:\/\/ffyh.unc.edu.ar\/publicaciones\/wp-json\/wp\/v2\/editor?post=2851"},{"taxonomy":"traductor","embeddable":true,"href":"https:\/\/ffyh.unc.edu.ar\/publicaciones\/wp-json\/wp\/v2\/traductor?post=2851"},{"taxonomy":"compilador","embeddable":true,"href":"https:\/\/ffyh.unc.edu.ar\/publicaciones\/wp-json\/wp\/v2\/compilador?post=2851"},{"taxonomy":"coordinador","embeddable":true,"href":"https:\/\/ffyh.unc.edu.ar\/publicaciones\/wp-json\/wp\/v2\/coordinador?post=2851"},{"taxonomy":"director","embeddable":true,"href":"https:\/\/ffyh.unc.edu.ar\/publicaciones\/wp-json\/wp\/v2\/director?post=2851"}],"curies":[{"name":"wp","href":"https:\/\/api.w.org\/{rel}","templated":true}]}}

7º y 8º Concurso Literario ACIC

<p>Este libro es el resultado de un largo camino que comenzó en 2013 como parte de la celebración de los 100 años de la Asociación Cultural Israelita de Córdoba (ACIC), que se inició por aquellos años como la Biblioteca Juvenil Israelita.</p>
<p>Allí, las y los inmigrantes judíos que llegaron a Córdoba, corridos por el hambre, la persecución, la discriminación y las ganas de ser parte de una nueva patria que los alojara, construyeron este espacio para preservar y compartir sus libros, sus lecturas, su idioma y sus saberes. Es por ello, y en su honor, que, desde la Biblioteca ACIC se organizó el Concurso Literario ACIC de la mano de la Escuela de Letras de la Facultad de Filosofía y Humanidades de la Universidad Nacional de Córdoba, que nos acompañó, junto a otras instituciones, durante todos estos años en este recorrido.</p>
<p>¿Por qué un Concurso Literario? Afirma en el prólogo la Comisión Organizadora del Concurso que: «Como espacio cultural, concebimos a las personas en sus sentires, sus saberes, sus acciones y sus luchas como seres integrales con derecho a expresarse y reconociendo la trayectoria de participación y contribución en el entramado multicultural de nuestra sociedad. Pensamos en aquellas y aquellos que se atreven a escribir, conocidos o no, con trayectoria o sin ella, que están dispuestos a dejar una marca para otros, como una forma de convidar una y otra vez a horizontes posibles. Quisimos brindar esta oportunidad porque la escritura es otro modo de expresión y no la entendemos como patrimonio de unos pocos elegidos. Abrimos las puertas para sostener este espacio para la escritura de Córdoba y del país».</p>
<p>Este libro es parte de los premios del 7º y 8º Concurso Literario ACIC para quienes lograron, no solo sentarse a escribir en época de pandemia, épocas de grandes reflexiones y miradas hacia adentro, sino también de ser distinguidos por su labor. En 2020 se presentaron 290 cuentos de 18 provincias de nuestro país y más de 150 cuentos provenientes de 14 provincias en 2021.</p>

<p>En 2020 se presentaron 290 cuentos de 18 provincias de nuestro país para participar del Concurso Literario ACIC y en 2021 recibimos más de 150 cuentos provenientes de 14 provincias. Este libro recupera los cuentos premiados en el 7º y 8º Concurso Literario ACIC que se llevaron a cabo en esos años.</p>
