{"id":3056,"date":"2023-05-30T16:44:14","date_gmt":"2023-05-30T19:44:14","guid":{"rendered":"https:\/\/ffyh.unc.edu.ar\/publicaciones\/?post_type=product&#038;p=3056"},"modified":"2025-06-18T10:44:34","modified_gmt":"2025-06-18T13:44:34","slug":"actas-6o-congreso-genero-y-sociedad-desplazar-los-centros-cuerpos-territorios-y-saberes-en-nuestramerica","status":"publish","type":"product","link":"https:\/\/ffyh.unc.edu.ar\/publicaciones\/tienda\/publicaciones-de-investigacion\/ciffyh\/actas\/actas-6o-congreso-genero-y-sociedad-desplazar-los-centros-cuerpos-territorios-y-saberes-en-nuestramerica\/","title":{"rendered":"Actas 6\u00ba Congreso G\u00e9nero y Sociedad. Desplazar los centros: cuerpos, territorios y saberes en Nuestram\u00e9rica"},"content":{"rendered":"<p>Este e-book re\u00fane los trabajos expuestos en el 6\u00ba Congreso G\u00e9nero y Sociedad que se llev\u00f3 a cabo los d\u00edas 21, 22 y 23 de septiembre de 2022 en el Pabell\u00f3n Venezuela, Ciudad Universitaria (UNC).<\/p>\n<p>El asedio neoliberal, neocolonial y neoconservador que padece Nuestram\u00e9rica es ocasi\u00f3n de m\u00faltiples desaf\u00edos para los movimientos sociales en general, y en particular para los activismos feministas, movimientos de mujeres y colectivos sexo-disidentes. La pandemia por Covid 19 y la consiguiente emergencia sanitaria en distintos pa\u00edses, acompa\u00f1ada de pol\u00edticas sociales y econ\u00f3micas parciales y acotadas \u2014que sostienen el endeudamiento, las m\u00faltiples formas de explotaci\u00f3n, extractivismo y terricidio\u2014 recrudecieron y visibilizaron las desigualdades estructurales que vivimos en nuestros territorios.<\/p>\n<p>De este modo, no s\u00f3lo se consolidan y naturalizan formas de discriminaci\u00f3n y de violencia cis-hetero patriarcales, raciales y de clase ya arraigadas en el tejido social, sino que tambi\u00e9n se generan formas novedosas de desconocer, invisibilizar y homogeneizar las diferencias entre las mujeres y de la diversidad sexo-gen\u00e9rica. La renovada acometida de las derechas latinoamericanas busca reproducir lo estatuido, reforzar las fronteras de la matriz heteronormativa, dejar el centro en su lugar.<\/p>\n<p>Pese a tales obst\u00e1culos, la llamada \u201cmarea feminista\u201d ha conmovido radicalmente nuestra vivencia de los cuerpos, el modo de habitar los territorios, la circulaci\u00f3n y producci\u00f3n de los saberes, y sigue buscando nuevas maneras de conmoverlos. En este particular contexto se produjeron articulaciones in\u00e9ditas con heterog\u00e9neas formas de resistir en di\u00e1logos y pr\u00e1cticas colectivas que se extienden y ramifican, en redes de sostenimiento barrial y territorial y en manifestaciones contra el endeudamiento y la destrucci\u00f3n del medio ambiente. Con el debate sostenido y la lucha vigorosa se ha desplazado el eje que el cis-hetero-patriarcado se obstina en sostener y se han multiplicado los centros. La heterogeneidad de expresiones y pr\u00e1cticas al interior del feminismo nos requiere hoy lecturas cr\u00edticas ante posibles reinscripciones de formas discriminadoras que construyan nuevos centros y m\u00e1rgenes dentro mismo de los movimientos.<\/p>\n<p>La apuesta para la 6\u00b0 edici\u00f3n del congreso fue generar di\u00e1logos situados en torno a cuerpos, territorios y saberes, como as\u00ed tambi\u00e9n reflexionar sobre nuestros procesos regionales de producci\u00f3n de conocimiento y de acci\u00f3n pol\u00edtica, desde marcos despatriarcalizadores y descolonizadores.<\/p>\n<p>Este libro de actas re\u00fane los trabajos presentados en los 6 ejes en los que se organiz\u00f3 el congreso:<\/p>\n<ul>\n<li>Eje 1: Pr\u00e1cticas, discursos y tecnolog\u00edas art\u00edstico-culturales en la producci\u00f3n de cuerpos, g\u00e9neros y sexualidades<\/li>\n<li>Eje 2: Militancias cruzadas: Tensiones y desaf\u00edos en la articulaci\u00f3n entre feminismos, colectivos sexo-disidentes, otros movimientos sociales y el Estado<\/li>\n<li>Eje 3: Econom\u00edas del trabajo y sus tramas<\/li>\n<li>Eje 4: Violencias: interpelaciones feministas<\/li>\n<li>Eje 5: Cuerpos y territorios: racializaci\u00f3n, enclasamiento y generizaci\u00f3n<\/li>\n<li>Eje 6: Pol\u00edticas sexuales: cuerpos, identidades y afectos<\/li>\n<\/ul>\n","protected":false},"excerpt":{"rendered":"<p><em>Este e-book re\u00fane los trabajos expuestos en el 6\u00ba Congreso G\u00e9nero y Sociedad que se llev\u00f3 a cabo los d\u00edas 21, 22 y 23 de septiembre de 2022 en el Pabell\u00f3n Venezuela, Ciudad Universitaria (UNC) y que fue organizado por el \u00c1rea Feminismos, G\u00e9nero y Sexualidades (FemGeS) del CIFFyH (FFyH, UNC), por el Programa Interdisciplinario de G\u00e9nero y el Doctorado de Estudios de G\u00e9nero del CEA (FCS, UNC) y por el Programa de Extensi\u00f3n Feminismos, Sexualidades y Derechos (FCS, UNC).<\/em><\/p>\n","protected":false},"featured_media":3058,"comment_status":"closed","ping_status":"closed","template":"","meta":{"_acf_changed":false,"colormag_page_container_layout":"default_layout","colormag_page_sidebar_layout":"default_layout"},"product_brand":[],"product_cat":[32,30,1335,27,1576],"product_tag":[1807,1457,1185,1456,1808],"autor":[1862,1818,1879,1852,586,1850,1882,1831,1874,1876,1638,1859,1858,1848,877,1849,1833,1816,1872,1810,1846,1814,1832,1855,1822,1851,1868,1873,1815,1836,1838,1844,1811,1867,466,1843,1468,1821,1812,1826,1880,1842,1869,1864,1875,1841,1883,1828,1825,1870,1465,1877,1856,1824,1011,1809,572,1854,1819,1830,1881,1866,1853,1817,1857,1823,1813,1840,1835,1827,1865,1871,1820,1845,1834,587,1839,1829,1861,1837,1860,1884,628,1878,1847,1863],"editor":[],"traductor":[],"compilador":[1887,1886,1885,1888],"coordinador":[],"director":[],"class_list":{"0":"post-3056","1":"product","2":"type-product","3":"status-publish","4":"has-post-thumbnail","6":"product_cat-actas","7":"product_cat-ciffyh","8":"product_cat-publicaciones-de-ddhh-y-genero","9":"product_cat-publicaciones-de-investigacion","10":"product_cat-publicaciones-del-area-de-publicaciones-de-la-ffyh","11":"product_tag-cuerpos","12":"product_tag-estudios-de-genero","13":"product_tag-feminismo","14":"product_tag-sexualidad","15":"product_tag-territorios","16":"autor-abril-sosa","17":"autor-alejandra-dominguez","18":"autor-alejandra-ortiz-alarcon","19":"autor-alicia-oliva","20":"autor-alicia-soldevila","21":"autor-almendra-aladro","22":"autor-ana-elisa-zorzi-ferratto","23":"autor-ana-eugenia-caminos","24":"autor-ana-laura-lareo","25":"autor-ana-lucia-mendez","26":"autor-ana-nicotra","27":"autor-antonella-paladini","28":"autor-antonella-pollano","29":"autor-ariadna-soledad-espindola-pinela","30":"autor-artemia-barrionuevo","31":"autor-betiana-antonella-belen-martinez","32":"autor-brussino-silvina","33":"autor-cam-roque-lopez","34":"autor-camila-diaz","35":"autor-camila-millan","36":"autor-carolina-r-magnani","37":"autor-catalina-tassin-wallace","38":"autor-chiora-daiana-laura","39":"autor-cintia-zabaleta","40":"autor-clara-aguilera","41":"autor-claudia-isabel-ortiz","42":"autor-daiana-cosentino","43":"autor-daniela-godoy","44":"autor-daniela-rocio-rodriguez-gonzalez","45":"autor-debora-balmaceda","46":"autor-debora-imhoff","47":"autor-eliana-alexis-rondano","48":"autor-elisa-novell","49":"autor-elizabeth-marisa-munoz-zanon","50":"autor-facundo-boccardi","51":"autor-florencia-belen-marsengo","52":"autor-florencia-ravarotto-kohler","53":"autor-guadalupe-arguello","54":"autor-guadalupe-lazzaroni","55":"autor-hebe-ailen-montenegro","56":"autor-helen-turpaud-barnes","57":"autor-ileana-vanina-guerreo","58":"autor-jazmin-cosentino","59":"autor-jose-recabarren-bertomeu","60":"autor-juan-pablo-lemos","61":"autor-karina-espindola","62":"autor-laura-ester-paez","63":"autor-laura-victoria-franquelli","64":"autor-lihue-mansilla-baez","65":"autor-lucas-diaz-ledesma","66":"autor-macarena-murugarren","67":"autor-macarena-perez","68":"autor-marcela-ines-marioli","69":"autor-marco-sottile","70":"autor-maria-cecilia-bustos-moreschi","71":"autor-maria-emilia-garcia-pepellin","72":"autor-maria-gabriela-morales","73":"autor-maria-laura-cardozo","74":"autor-maria-laura-freyre","75":"autor-maria-luz-baretta","76":"autor-maria-sabrina-videla","77":"autor-maria-valeria-di-pasquale","78":"autor-mariana-barrios","79":"autor-mariela-serra","80":"autor-martina-noelia-augusto","81":"autor-matias-cuellar","82":"autor-matias-luduena","83":"autor-melina-sofia-rodriguez-gonzalez","84":"autor-natalia-santarelli","85":"autor-paulah-nurit-shabel","86":"autor-pedro-osvaldo-maximiliano-cocco","87":"autor-ramiro-garzaniti","88":"autor-rodrigo-escribano","89":"autor-romina-gil-lazzati","90":"autor-roxana-vuanello","91":"autor-silvia-fuentes","92":"autor-silvina-brussino","93":"autor-sofia-armando","94":"autor-sofia-daniela-rodriguez","95":"autor-valentin-sosa","96":"autor-valentina-caballero-ibarra","97":"autor-valentina-sosa","98":"autor-valeria-fernandez-hasan","99":"autor-valeria-robles","100":"autor-veronica-tello","101":"autor-yael-calvo","102":"compilador-adriana-boria","103":"compilador-alejandra-dominguez","104":"compilador-ivana-puche","105":"compilador-paula-gaitan","107":"first","108":"instock","109":"shipping-taxable","110":"product-type-external"},"acf":[],"_links":{"self":[{"href":"https:\/\/ffyh.unc.edu.ar\/publicaciones\/wp-json\/wp\/v2\/product\/3056","targetHints":{"allow":["GET"]}}],"collection":[{"href":"https:\/\/ffyh.unc.edu.ar\/publicaciones\/wp-json\/wp\/v2\/product"}],"about":[{"href":"https:\/\/ffyh.unc.edu.ar\/publicaciones\/wp-json\/wp\/v2\/types\/product"}],"replies":[{"embeddable":true,"href":"https:\/\/ffyh.unc.edu.ar\/publicaciones\/wp-json\/wp\/v2\/comments?post=3056"}],"wp:featuredmedia":[{"embeddable":true,"href":"https:\/\/ffyh.unc.edu.ar\/publicaciones\/wp-json\/wp\/v2\/media\/3058"}],"wp:attachment":[{"href":"https:\/\/ffyh.unc.edu.ar\/publicaciones\/wp-json\/wp\/v2\/media?parent=3056"}],"wp:term":[{"taxonomy":"product_brand","embeddable":true,"href":"https:\/\/ffyh.unc.edu.ar\/publicaciones\/wp-json\/wp\/v2\/product_brand?post=3056"},{"taxonomy":"product_cat","embeddable":true,"href":"https:\/\/ffyh.unc.edu.ar\/publicaciones\/wp-json\/wp\/v2\/product_cat?post=3056"},{"taxonomy":"product_tag","embeddable":true,"href":"https:\/\/ffyh.unc.edu.ar\/publicaciones\/wp-json\/wp\/v2\/product_tag?post=3056"},{"taxonomy":"autor","embeddable":true,"href":"https:\/\/ffyh.unc.edu.ar\/publicaciones\/wp-json\/wp\/v2\/autor?post=3056"},{"taxonomy":"editor","embeddable":true,"href":"https:\/\/ffyh.unc.edu.ar\/publicaciones\/wp-json\/wp\/v2\/editor?post=3056"},{"taxonomy":"traductor","embeddable":true,"href":"https:\/\/ffyh.unc.edu.ar\/publicaciones\/wp-json\/wp\/v2\/traductor?post=3056"},{"taxonomy":"compilador","embeddable":true,"href":"https:\/\/ffyh.unc.edu.ar\/publicaciones\/wp-json\/wp\/v2\/compilador?post=3056"},{"taxonomy":"coordinador","embeddable":true,"href":"https:\/\/ffyh.unc.edu.ar\/publicaciones\/wp-json\/wp\/v2\/coordinador?post=3056"},{"taxonomy":"director","embeddable":true,"href":"https:\/\/ffyh.unc.edu.ar\/publicaciones\/wp-json\/wp\/v2\/director?post=3056"}],"curies":[{"name":"wp","href":"https:\/\/api.w.org\/{rel}","templated":true}]}}