{"id":3087,"date":"2023-06-01T10:23:07","date_gmt":"2023-06-01T13:23:07","guid":{"rendered":"https:\/\/ffyh.unc.edu.ar\/publicaciones\/?post_type=product&#038;p=3087"},"modified":"2023-06-01T10:39:14","modified_gmt":"2023-06-01T13:39:14","slug":"cuantxs-somos-lxs-que-estamos-y-lxs-que-estamos-como-estamos-relevamiento-poblacion-travesti-trans-no-binarie-e-intersex","status":"publish","type":"product","link":"https:\/\/ffyh.unc.edu.ar\/publicaciones\/tienda\/publicaciones-de-ddhh-y-genero\/cuantxs-somos-lxs-que-estamos-y-lxs-que-estamos-como-estamos-relevamiento-poblacion-travesti-trans-no-binarie-e-intersex\/","title":{"rendered":"\u00bfCu\u00e1ntxs somos lxs que estamos? Y lxs que estamos, \u00bfC\u00f3mo estamos? Relevamiento Poblaci\u00f3n Travesti, Trans, No Binarie e Intersex"},"content":{"rendered":"<p>Este informe recupera las preguntas centrales del primer relevamiento de la poblaci\u00f3n travesti, trans, no binarie e intersex impulsado por el \u00c1rea Trans, Travesti y No binarie, con el acompa\u00f1amiento del \u00c1rea de Formaci\u00f3n en G\u00e9nero y Sexualidades y la Secretar\u00eda de Asuntos Estudiantiles de la Facultad de Filosof\u00eda y Humanidades (UNC).<\/p>\n<p>En el a\u00f1o 2019 surgi\u00f3 la necesidad de poner en marcha un trabajo de relevamiento de la poblaci\u00f3n Travesti, Trans, No Binarie e Intersex con el horizonte de llevar adelante pol\u00edticas concretas impulsadas desde el \u00c1rea Travesti Trans y No Binarie, en conjunto con otros espacios de la Facultad y de potenciar la diversidad de trayectorias en la comunidad universitaria toda.<\/p>\n<p>Esta iniciativa se vio pospuesta por la pandemia de Covid-19 pero en 2022, con el regreso de la presencialidad, se pudo concretar. Para ello, se elabor\u00f3 un formulario que consider\u00f3 las condiciones materiales y relacionales de quienes eligieron responder, teniendo en cuenta el entorno afectivo, las condiciones de vivienda y salud, las posibilidades laborales y ciertas especificidades vinculadas al trayecto educativo.<\/p>\n<p>Adem\u00e1s, se trabaj\u00f3 con el \u00c1rea de Comunicaci\u00f3n de la FFyH en una campa\u00f1a de difusi\u00f3n del relevamiento, a fin de llegar a todos los estamentos de la Facultad e incentivar la participaci\u00f3n y la visibilizaci\u00f3n de la comunidad trans travesti, no binarie e intersex de esta unidad acad\u00e9mica.<\/p>\n<p>El prop\u00f3sito fue poder conocer, en primer lugar, el n\u00famero de personas no identificadas como cisexuales que transitan la FFyH. Junto al n\u00famero, se realiz\u00f3 una primera aproximaci\u00f3n para comprender la situaci\u00f3n de aquellxs miembrxs de la comunidad, las problem\u00e1ticas que puedan tener y las distintas experiencias en su trayecto por la Facultad.<\/p>\n<p>Este informe recupera algunas preguntas centrales del relevamiento que permiten un primer mapeo diagn\u00f3stico sobre algunos ejes centrales como son el trabajo, la salud, la situaci\u00f3n vincular, y los modos en que impacta en el cursado y en los dem\u00e1s aspectos de la vida acad\u00e9mica en comunidad.<\/p>\n<p><em>\u00ab\u00bfCu\u00e1ntxs somos lxs que estamos? Y lxs que estamos, \u00bfC\u00f3mo estamos?\u00bb<\/em> es una herramienta que permite seguir trabajando para que la comunidad trans, travesti, no binarie e intersex de la Facultad sea parte de una ciudadan\u00eda universitaria plena.<\/p>\n","protected":false},"excerpt":{"rendered":"<p>Este informe recupera algunas preguntas centrales del primer relevamiento de la poblaci\u00f3n travesti, trans, no binarie e intersex de la Facultad de Filosof\u00eda y Humanidades (UNC) que permiten un primer mapeo diagn\u00f3stico sobre algunos ejes centrales como son el trabajo, la salud, la situaci\u00f3n vincular, y los modos en que impacta en el cursado y en los dem\u00e1s aspectos de la vida acad\u00e9mica en comunidad.<\/p>\n","protected":false},"featured_media":3089,"comment_status":"closed","ping_status":"closed","template":"","meta":{"_acf_changed":false,"colormag_page_container_layout":"default_layout","colormag_page_sidebar_layout":"default_layout"},"product_brand":[],"product_cat":[1335,1576],"product_tag":[1457,1889,1456],"autor":[1891,1890,292,1038],"editor":[],"traductor":[],"compilador":[1894,1893,1892,1895],"coordinador":[],"director":[],"class_list":{"0":"post-3087","1":"product","2":"type-product","3":"status-publish","4":"has-post-thumbnail","6":"product_cat-publicaciones-de-ddhh-y-genero","7":"product_cat-publicaciones-del-area-de-publicaciones-de-la-ffyh","8":"product_tag-estudios-de-genero","9":"product_tag-relevamiento","10":"product_tag-sexualidad","11":"autor-candelaria-ines-herrera","12":"autor-ianina-moretti-basso","13":"autor-ivanna-aguilera","14":"autor-rocio-maria-molar","15":"compilador-candelaria-ines-herrera","16":"compilador-ianina-moretti-basso","17":"compilador-ivanna-aguilera","18":"compilador-rocio-maria-molar","20":"first","21":"instock","22":"shipping-taxable","23":"product-type-external"},"acf":[],"_links":{"self":[{"href":"https:\/\/ffyh.unc.edu.ar\/publicaciones\/wp-json\/wp\/v2\/product\/3087","targetHints":{"allow":["GET"]}}],"collection":[{"href":"https:\/\/ffyh.unc.edu.ar\/publicaciones\/wp-json\/wp\/v2\/product"}],"about":[{"href":"https:\/\/ffyh.unc.edu.ar\/publicaciones\/wp-json\/wp\/v2\/types\/product"}],"replies":[{"embeddable":true,"href":"https:\/\/ffyh.unc.edu.ar\/publicaciones\/wp-json\/wp\/v2\/comments?post=3087"}],"wp:featuredmedia":[{"embeddable":true,"href":"https:\/\/ffyh.unc.edu.ar\/publicaciones\/wp-json\/wp\/v2\/media\/3089"}],"wp:attachment":[{"href":"https:\/\/ffyh.unc.edu.ar\/publicaciones\/wp-json\/wp\/v2\/media?parent=3087"}],"wp:term":[{"taxonomy":"product_brand","embeddable":true,"href":"https:\/\/ffyh.unc.edu.ar\/publicaciones\/wp-json\/wp\/v2\/product_brand?post=3087"},{"taxonomy":"product_cat","embeddable":true,"href":"https:\/\/ffyh.unc.edu.ar\/publicaciones\/wp-json\/wp\/v2\/product_cat?post=3087"},{"taxonomy":"product_tag","embeddable":true,"href":"https:\/\/ffyh.unc.edu.ar\/publicaciones\/wp-json\/wp\/v2\/product_tag?post=3087"},{"taxonomy":"autor","embeddable":true,"href":"https:\/\/ffyh.unc.edu.ar\/publicaciones\/wp-json\/wp\/v2\/autor?post=3087"},{"taxonomy":"editor","embeddable":true,"href":"https:\/\/ffyh.unc.edu.ar\/publicaciones\/wp-json\/wp\/v2\/editor?post=3087"},{"taxonomy":"traductor","embeddable":true,"href":"https:\/\/ffyh.unc.edu.ar\/publicaciones\/wp-json\/wp\/v2\/traductor?post=3087"},{"taxonomy":"compilador","embeddable":true,"href":"https:\/\/ffyh.unc.edu.ar\/publicaciones\/wp-json\/wp\/v2\/compilador?post=3087"},{"taxonomy":"coordinador","embeddable":true,"href":"https:\/\/ffyh.unc.edu.ar\/publicaciones\/wp-json\/wp\/v2\/coordinador?post=3087"},{"taxonomy":"director","embeddable":true,"href":"https:\/\/ffyh.unc.edu.ar\/publicaciones\/wp-json\/wp\/v2\/director?post=3087"}],"curies":[{"name":"wp","href":"https:\/\/api.w.org\/{rel}","templated":true}]}}

¿Cuántxs somos lxs que estamos? Y lxs que estamos, ¿Cómo estamos? Relevamiento Población Travesti, Trans, No Binarie e Intersex

<p>Este informe recupera las preguntas centrales del primer relevamiento de la población travesti, trans, no binarie e intersex impulsado por el Área Trans, Travesti y No binarie, con el acompañamiento del Área de Formación en Género y Sexualidades y la Secretaría de Asuntos Estudiantiles de la Facultad de Filosofía y Humanidades (UNC).</p>
<p>En el año 2019 surgió la necesidad de poner en marcha un trabajo de relevamiento de la población Travesti, Trans, No Binarie e Intersex con el horizonte de llevar adelante políticas concretas impulsadas desde el Área Travesti Trans y No Binarie, en conjunto con otros espacios de la Facultad y de potenciar la diversidad de trayectorias en la comunidad universitaria toda.</p>
<p>Esta iniciativa se vio pospuesta por la pandemia de Covid-19 pero en 2022, con el regreso de la presencialidad, se pudo concretar. Para ello, se elaboró un formulario que consideró las condiciones materiales y relacionales de quienes eligieron responder, teniendo en cuenta el entorno afectivo, las condiciones de vivienda y salud, las posibilidades laborales y ciertas especificidades vinculadas al trayecto educativo.</p>
<p>Además, se trabajó con el Área de Comunicación de la FFyH en una campaña de difusión del relevamiento, a fin de llegar a todos los estamentos de la Facultad e incentivar la participación y la visibilización de la comunidad trans travesti, no binarie e intersex de esta unidad académica.</p>
<p>El propósito fue poder conocer, en primer lugar, el número de personas no identificadas como cisexuales que transitan la FFyH. Junto al número, se realizó una primera aproximación para comprender la situación de aquellxs miembrxs de la comunidad, las problemáticas que puedan tener y las distintas experiencias en su trayecto por la Facultad.</p>
<p>Este informe recupera algunas preguntas centrales del relevamiento que permiten un primer mapeo diagnóstico sobre algunos ejes centrales como son el trabajo, la salud, la situación vincular, y los modos en que impacta en el cursado y en los demás aspectos de la vida académica en comunidad.</p>
<p><em>«¿Cuántxs somos lxs que estamos? Y lxs que estamos, ¿Cómo estamos?»</em> es una herramienta que permite seguir trabajando para que la comunidad trans, travesti, no binarie e intersex de la Facultad sea parte de una ciudadanía universitaria plena.</p>

<p>Este informe recupera algunas preguntas centrales del primer relevamiento de la población travesti, trans, no binarie e intersex de la Facultad de Filosofía y Humanidades (UNC) que permiten un primer mapeo diagnóstico sobre algunos ejes centrales como son el trabajo, la salud, la situación vincular, y los modos en que impacta en el cursado y en los demás aspectos de la vida académica en comunidad.</p>
