{"id":3544,"date":"2023-09-14T11:04:07","date_gmt":"2023-09-14T14:04:07","guid":{"rendered":"https:\/\/ffyh.unc.edu.ar\/publicaciones\/?post_type=product&#038;p=3544"},"modified":"2023-09-14T11:04:09","modified_gmt":"2023-09-14T14:04:09","slug":"re-territorialidades-comunitarias-otra-lectura-sociodiscursiva-de-posible-articulacion-entre-procesos-territoriales-y-comunitarios-en-la-implementacion-de-la-megamineria-en-chubut-argentina","status":"publish","type":"product","link":"https:\/\/ffyh.unc.edu.ar\/publicaciones\/tienda\/publicaciones-de-investigacion\/seicyt-posgrado\/tesis\/re-territorialidades-comunitarias-otra-lectura-sociodiscursiva-de-posible-articulacion-entre-procesos-territoriales-y-comunitarios-en-la-implementacion-de-la-megamineria-en-chubut-argentina\/","title":{"rendered":"Re-territorialidades comunitarias: otra lectura sociodiscursiva de posible articulaci\u00f3n entre procesos territoriales y comunitarios en la implementaci\u00f3n de la megaminer\u00eda en Chubut, Argentina"},"content":{"rendered":"<p>La Secretar\u00eda de Investigaci\u00f3n, Ciencia y T\u00e9cnica y la Secretar\u00eda de Posgrado de la FFyH publican, en acceso abierto, el Ebook \u201c(Re)territorialidades comunitarias\u201d, de Marcela Mar\u00edn.<\/p>\n<p><strong>Acerca de la obra<\/strong><\/p>\n<p>Este trabajo postula interrogantes en torno a lo comunitario en un escenario de disputas asim\u00e9tricas frente al avance de la megaminer\u00eda en la provincia de Chubut. Postula lo comunitario como un movimiento tri\u00e1dico para-con-entre. El trabajo se despliega entre dos proyectos mineros, Esquel y Navidad, en una temporalidad abierta entre excepciones: 2003 y 2014.<\/p>\n<p><strong>Acerca de la autora<\/strong><\/p>\n<p>Marcela Cecilia Mar\u00edn es correctora literaria, Licenciada en Letras Modernas y Doctora en Letras. Ha sido becaria Doctoral (2012-1017) y posdoctoral (2018-2021) CONICET. Actualmente, se desempe\u00f1a como Profesora Asistente en Teor\u00edas de los Discursos Sociales II, Escuela de Letras, FFYH, UNC. Desde 2021, dirige un equipo de investigaci\u00f3n radicado en CEPIA: Imaginaciones art\u00edsticas en torno a los fines y resurgimientos (2021-2023<\/p>\n<p>Disponible en nuestro cat\u00e1logo y en la <a href=\"https:\/\/ffyh.unc.edu.ar\/secyt\/publicaciones\/ebook\/\">p\u00e1gina web de la Secyt-FFyH<\/a>.<\/p>\n","protected":false},"excerpt":{"rendered":"<p>Este trabajo postula interrogantes en torno a lo comunitario en un escenario de disputas asim\u00e9tricas frente al avance de la megaminer\u00eda en la provincia de Chubut. Postula lo comunitario como un movimiento tri\u00e1dico para-con-entre. El trabajo se despliega entre dos proyectos mineros, Esquel y Navidad, en una temporalidad abierta entre excepciones: 2003 y 2014.<\/p>\n","protected":false},"featured_media":3546,"comment_status":"closed","ping_status":"closed","template":"","meta":{"_acf_changed":false,"colormag_page_container_layout":"default_layout","colormag_page_sidebar_layout":"default_layout"},"product_brand":[],"product_cat":[36,37],"product_tag":[1229,1975],"autor":[1976],"editor":[],"traductor":[],"compilador":[],"coordinador":[],"director":[],"class_list":{"0":"post-3544","1":"product","2":"type-product","3":"status-publish","4":"has-post-thumbnail","6":"product_cat-seicyt-posgrado","7":"product_cat-tesis","8":"product_tag-discurso","9":"product_tag-letras","10":"autor-marcela-marin","12":"first","13":"instock","14":"shipping-taxable","15":"product-type-external"},"acf":[],"_links":{"self":[{"href":"https:\/\/ffyh.unc.edu.ar\/publicaciones\/wp-json\/wp\/v2\/product\/3544","targetHints":{"allow":["GET"]}}],"collection":[{"href":"https:\/\/ffyh.unc.edu.ar\/publicaciones\/wp-json\/wp\/v2\/product"}],"about":[{"href":"https:\/\/ffyh.unc.edu.ar\/publicaciones\/wp-json\/wp\/v2\/types\/product"}],"replies":[{"embeddable":true,"href":"https:\/\/ffyh.unc.edu.ar\/publicaciones\/wp-json\/wp\/v2\/comments?post=3544"}],"wp:featuredmedia":[{"embeddable":true,"href":"https:\/\/ffyh.unc.edu.ar\/publicaciones\/wp-json\/wp\/v2\/media\/3546"}],"wp:attachment":[{"href":"https:\/\/ffyh.unc.edu.ar\/publicaciones\/wp-json\/wp\/v2\/media?parent=3544"}],"wp:term":[{"taxonomy":"product_brand","embeddable":true,"href":"https:\/\/ffyh.unc.edu.ar\/publicaciones\/wp-json\/wp\/v2\/product_brand?post=3544"},{"taxonomy":"product_cat","embeddable":true,"href":"https:\/\/ffyh.unc.edu.ar\/publicaciones\/wp-json\/wp\/v2\/product_cat?post=3544"},{"taxonomy":"product_tag","embeddable":true,"href":"https:\/\/ffyh.unc.edu.ar\/publicaciones\/wp-json\/wp\/v2\/product_tag?post=3544"},{"taxonomy":"autor","embeddable":true,"href":"https:\/\/ffyh.unc.edu.ar\/publicaciones\/wp-json\/wp\/v2\/autor?post=3544"},{"taxonomy":"editor","embeddable":true,"href":"https:\/\/ffyh.unc.edu.ar\/publicaciones\/wp-json\/wp\/v2\/editor?post=3544"},{"taxonomy":"traductor","embeddable":true,"href":"https:\/\/ffyh.unc.edu.ar\/publicaciones\/wp-json\/wp\/v2\/traductor?post=3544"},{"taxonomy":"compilador","embeddable":true,"href":"https:\/\/ffyh.unc.edu.ar\/publicaciones\/wp-json\/wp\/v2\/compilador?post=3544"},{"taxonomy":"coordinador","embeddable":true,"href":"https:\/\/ffyh.unc.edu.ar\/publicaciones\/wp-json\/wp\/v2\/coordinador?post=3544"},{"taxonomy":"director","embeddable":true,"href":"https:\/\/ffyh.unc.edu.ar\/publicaciones\/wp-json\/wp\/v2\/director?post=3544"}],"curies":[{"name":"wp","href":"https:\/\/api.w.org\/{rel}","templated":true}]}}