{"id":3596,"date":"2023-09-28T17:23:34","date_gmt":"2023-09-28T20:23:34","guid":{"rendered":"https:\/\/ffyh.unc.edu.ar\/publicaciones\/?post_type=product&#038;p=3596"},"modified":"2023-09-28T17:24:13","modified_gmt":"2023-09-28T20:24:13","slug":"actas-xi-encuentro-de-ciencias-sociales-y-humanas-el-desafio-de-las-desigualdades-critica-e-intervencion-primera-parte","status":"publish","type":"product","link":"https:\/\/ffyh.unc.edu.ar\/publicaciones\/tienda\/publicaciones-de-investigacion\/ciffyh\/actas\/actas-xi-encuentro-de-ciencias-sociales-y-humanas-el-desafio-de-las-desigualdades-critica-e-intervencion-primera-parte\/","title":{"rendered":"Actas XI Encuentro de Ciencias Sociales y Humanas: \u201cEl desaf\u00edo de las desigualdades: cr\u00edtica e intervenci\u00f3n\u201d &#8211; Primera parte"},"content":{"rendered":"<p>Del 29 de noviembre al 2 de diciembre de 2022 se llev\u00f3 a cabo el XI Encuentro Interdisciplinario de Ciencias Sociales y Humanas: \u201cEl desaf\u00edo de las desigualdades: cr\u00edtica e intervenci\u00f3n\u201d, evento acad\u00e9mico coorganizado por el Centro de Investigaciones Mar\u00eda Saleme de Burnichon y el Instituto de Humanidades (CONICET-UNC), dos de los espacios de investigaci\u00f3n de la Facultad de Filosof\u00eda y Humanidades de la Universidad Nacional de C\u00f3rdoba.<\/p>\n<p>Los trabajos que reunimos en estas actas, producto de las numerosas ponencias presentadas en el XI Encuentro, dan cuenta del espacio de reflexi\u00f3n, intercambio y comunicaci\u00f3n de conocimientos que cultivamos a diario entre el IDH y el CIFFyH. Ese v\u00ednculo que espera ser ensayado y fortalecido mucho m\u00e1s todav\u00eda se pone de manifiesto en las valiosas contribuciones de estudiantes, graduad*s, becari*s, docentes e investigador*s que se re\u00fanen en estos dos vol\u00famenes y que revitalizan las pr\u00e1cticas disciplinares de las Humanidades y las Ciencias Sociales en nuestra regi\u00f3n.<\/p>\n<p>Aunque el contexto actual sea tan distinto y tan grave por otros motivos, el volumen y la calidad de nuestro trabajo nos invita a seguir apostando por la construcci\u00f3n colectiva de saberes y el compromiso social con la comunidad democr\u00e1tica que hace posible nuestro trabajo.<\/p>\n","protected":false},"excerpt":{"rendered":"<p>Este es el primero de los dos tomos del libro digital de Actas del XI Encuentro Interdisciplinario de Ciencias Sociales y Humanas: \u201cEl desaf\u00edo de las desigualdades: cr\u00edtica e intervenci\u00f3n\u201d, llevado a cabo desde el 29 de noviembre al 2 de diciembre de 2022 y organizado por el CIFFyH y el Instituto de Humanidades (IDH) \u2013 CONICET. Los trabajos aqu\u00ed reunidos, producto de las numerosas ponencias presentadas en el XI Encuentro, dan cuenta del espacio de reflexi\u00f3n, intercambio y comunicaci\u00f3n de conocimientos que cultivamos a diario entre el IDH y el CIFFyH.<\/p>\n","protected":false},"featured_media":3597,"comment_status":"closed","ping_status":"closed","template":"","meta":{"_acf_changed":false,"colormag_page_container_layout":"default_layout","colormag_page_sidebar_layout":"default_layout"},"product_brand":[],"product_cat":[32,30,27],"product_tag":[1232,1216],"autor":[2013,1157,2031,960,1028,1988,450,1594,2005,2043,1980,2034,2024,517,2002,2040,454,1979,2022,2014,378,1948,2033,1382,2042,2037,2021,2023,2047,503,1994,1987,2026,828,1981,277,1985,2036,1992,890,2011,2000,2035,660,2007,2025,368,1989,282,118,1998,1982,613,1156,382,1687,1487,2032,2041,2046,2030,999,571,2004,451,2038,1997,2016,2018,1819,1957,2044,2009,1995,2020,2027,709,2010,530,2028,1991,266,527,528,1990,1268,1996,376,1434,2048,1804,437,2045,532,375,1984,1686,2006,719,2003,2017,1993,1986,1983,2008,2029,2015,120,604,2039,2012,2019,2001,1999],"editor":[],"traductor":[],"compilador":[2050,2049],"coordinador":[],"director":[],"class_list":{"0":"post-3596","1":"product","2":"type-product","3":"status-publish","4":"has-post-thumbnail","6":"product_cat-actas","7":"product_cat-ciffyh","8":"product_cat-publicaciones-de-investigacion","9":"product_tag-actas-de-congresos","10":"product_tag-ciencias-sociales-y-humanidades","11":"autor-adriana-gabriela-canseco","12":"autor-agostina-reinaldi","13":"autor-agostina-silva","14":"autor-agustin-berti","15":"autor-agustin-liarte-tiloca","16":"autor-agustina-bruchmann-tanodi","17":"autor-alfredo-luis-olivieri","18":"autor-alicia-acin","19":"autor-ana-barco","20":"autor-ana-ines-leunda","21":"autor-analia-van-cauteren","22":"autor-andrea-rosana-rugnone","23":"autor-andres-e-mazzeo","24":"autor-carlos-alberto-merlo","25":"autor-carlos-longhini","26":"autor-carolina-cernusco","27":"autor-carolina-subtil","28":"autor-carolina-yelicich","29":"autor-cecilia-castro","30":"autor-cecilia-ines-jimenez","31":"autor-cecilia-martinez","32":"autor-cecilia-pernasetti","33":"autor-claudio-bazan","34":"autor-desiree-toibero","35":"autor-diana-quinteros","36":"autor-diego-a-moreiras","37":"autor-emilie-l-barrio-lower-daniele","38":"autor-emilio-carlos-tanus-mafud","39":"autor-fatima-contreras","40":"autor-fernando-aiziczon","41":"autor-fernando-fraenza","42":"autor-francisca-mattoni","43":"autor-franco-balaguer","44":"autor-gabriel-carini","45":"autor-gabriel-schapira","46":"autor-gabriela-milone","47":"autor-german-nicolas-kippes","48":"autor-gloria-borioli","49":"autor-guillermo-eciolaza","50":"autor-gustavo-gimenez","51":"autor-ignacio-muniz","52":"autor-ingrid-vinas","53":"autor-jesica-lourdes-orellana","54":"autor-jimena-garrido","55":"autor-joaquin-fernandez","56":"autor-joaquin-rebuffo","57":"autor-jorgelina-maria-ines-casella","58":"autor-juan-gerbaldo","59":"autor-julia-jorge","60":"autor-julian-reynoso","61":"autor-laura-isabel-romero","62":"autor-laura-saldano","63":"autor-leonardo-daniel-fernandez","64":"autor-leticia-colafigli","65":"autor-lucia-beltramino","66":"autor-lucia-isabel-figueroa","67":"autor-lucia-page","68":"autor-lucia-tamagnini","69":"autor-lucila-didier","70":"autor-malena-deesa","71":"autor-manuela-pino","72":"autor-maria-daniela-brollo","73":"autor-maria-esteve","74":"autor-maria-eugenia-danieli","75":"autor-maria-eugenia-lopez","76":"autor-maria-eugenia-rosa","77":"autor-maria-isabel-fernandez","78":"autor-maria-jose-magliano","79":"autor-maria-jose-rivera","80":"autor-maria-laura-freyre","81":"autor-maria-laura-ortiz","82":"autor-maria-laura-wojnacki-fonseca","83":"autor-maria-luz-vaquero","84":"autor-maria-valeria-bernabei","85":"autor-mariana-tello","86":"autor-mariano-pussetto","87":"autor-mariel-castagno","88":"autor-marina-llao","89":"autor-marta-philp","90":"autor-martin-federico-lopez","91":"autor-martin-fusco","92":"autor-martin-rodriguez","93":"autor-mauricio-kasprzyk","94":"autor-miriam-abate-daga","95":"autor-muriel-nogues","96":"autor-nadia-victoria-wenk","97":"autor-natalia-destefanis","98":"autor-natalia-gonzalez","99":"autor-natalia-lorio","100":"autor-nicolina-cabral","101":"autor-noe-bondone","102":"autor-octavio-falconi","103":"autor-pablo-r-olmedo","104":"autor-pablo-requena","105":"autor-patricia-mercado","106":"autor-patricia-supisiche","107":"autor-paula-ines-actis","108":"autor-paula-jimena-garcia-verita","109":"autor-paula-massano","110":"autor-paula-schargorodsky","111":"autor-paulina-perez-mantilla","112":"autor-perla-bruno","113":"autor-rocio-araya","114":"autor-romina-grana","115":"autor-rosario-valentina-oller","116":"autor-ruben-matute","117":"autor-sandra-gil-araujo","118":"autor-santiago-marengo","119":"autor-sebastian-malecki","120":"autor-silvia-rojas","121":"autor-sofia-benencio","122":"autor-sofia-yamila-serafini","123":"autor-susana-ferreyra","124":"autor-veronica-andrea-toranzo","125":"compilador-alicia-gutierrez","126":"compilador-eduardo-mattio","128":"first","129":"instock","130":"shipping-taxable","131":"product-type-external"},"acf":[],"_links":{"self":[{"href":"https:\/\/ffyh.unc.edu.ar\/publicaciones\/wp-json\/wp\/v2\/product\/3596","targetHints":{"allow":["GET"]}}],"collection":[{"href":"https:\/\/ffyh.unc.edu.ar\/publicaciones\/wp-json\/wp\/v2\/product"}],"about":[{"href":"https:\/\/ffyh.unc.edu.ar\/publicaciones\/wp-json\/wp\/v2\/types\/product"}],"replies":[{"embeddable":true,"href":"https:\/\/ffyh.unc.edu.ar\/publicaciones\/wp-json\/wp\/v2\/comments?post=3596"}],"wp:featuredmedia":[{"embeddable":true,"href":"https:\/\/ffyh.unc.edu.ar\/publicaciones\/wp-json\/wp\/v2\/media\/3597"}],"wp:attachment":[{"href":"https:\/\/ffyh.unc.edu.ar\/publicaciones\/wp-json\/wp\/v2\/media?parent=3596"}],"wp:term":[{"taxonomy":"product_brand","embeddable":true,"href":"https:\/\/ffyh.unc.edu.ar\/publicaciones\/wp-json\/wp\/v2\/product_brand?post=3596"},{"taxonomy":"product_cat","embeddable":true,"href":"https:\/\/ffyh.unc.edu.ar\/publicaciones\/wp-json\/wp\/v2\/product_cat?post=3596"},{"taxonomy":"product_tag","embeddable":true,"href":"https:\/\/ffyh.unc.edu.ar\/publicaciones\/wp-json\/wp\/v2\/product_tag?post=3596"},{"taxonomy":"autor","embeddable":true,"href":"https:\/\/ffyh.unc.edu.ar\/publicaciones\/wp-json\/wp\/v2\/autor?post=3596"},{"taxonomy":"editor","embeddable":true,"href":"https:\/\/ffyh.unc.edu.ar\/publicaciones\/wp-json\/wp\/v2\/editor?post=3596"},{"taxonomy":"traductor","embeddable":true,"href":"https:\/\/ffyh.unc.edu.ar\/publicaciones\/wp-json\/wp\/v2\/traductor?post=3596"},{"taxonomy":"compilador","embeddable":true,"href":"https:\/\/ffyh.unc.edu.ar\/publicaciones\/wp-json\/wp\/v2\/compilador?post=3596"},{"taxonomy":"coordinador","embeddable":true,"href":"https:\/\/ffyh.unc.edu.ar\/publicaciones\/wp-json\/wp\/v2\/coordinador?post=3596"},{"taxonomy":"director","embeddable":true,"href":"https:\/\/ffyh.unc.edu.ar\/publicaciones\/wp-json\/wp\/v2\/director?post=3596"}],"curies":[{"name":"wp","href":"https:\/\/api.w.org\/{rel}","templated":true}]}}

Actas XI Encuentro de Ciencias Sociales y Humanas: “El desafío de las desigualdades: crítica e intervención” &#8211; Primera parte

<p>Del 29 de noviembre al 2 de diciembre de 2022 se llevó a cabo el XI Encuentro Interdisciplinario de Ciencias Sociales y Humanas: “El desafío de las desigualdades: crítica e intervención”, evento académico coorganizado por el Centro de Investigaciones María Saleme de Burnichon y el Instituto de Humanidades (CONICET-UNC), dos de los espacios de investigación de la Facultad de Filosofía y Humanidades de la Universidad Nacional de Córdoba.</p>
<p>Los trabajos que reunimos en estas actas, producto de las numerosas ponencias presentadas en el XI Encuentro, dan cuenta del espacio de reflexión, intercambio y comunicación de conocimientos que cultivamos a diario entre el IDH y el CIFFyH. Ese vínculo que espera ser ensayado y fortalecido mucho más todavía se pone de manifiesto en las valiosas contribuciones de estudiantes, graduad*s, becari*s, docentes e investigador*s que se reúnen en estos dos volúmenes y que revitalizan las prácticas disciplinares de las Humanidades y las Ciencias Sociales en nuestra región.</p>
<p>Aunque el contexto actual sea tan distinto y tan grave por otros motivos, el volumen y la calidad de nuestro trabajo nos invita a seguir apostando por la construcción colectiva de saberes y el compromiso social con la comunidad democrática que hace posible nuestro trabajo.</p>

<p>Este es el primero de los dos tomos del libro digital de Actas del XI Encuentro Interdisciplinario de Ciencias Sociales y Humanas: “El desafío de las desigualdades: crítica e intervención”, llevado a cabo desde el 29 de noviembre al 2 de diciembre de 2022 y organizado por el CIFFyH y el Instituto de Humanidades (IDH) – CONICET. Los trabajos aquí reunidos, producto de las numerosas ponencias presentadas en el XI Encuentro, dan cuenta del espacio de reflexión, intercambio y comunicación de conocimientos que cultivamos a diario entre el IDH y el CIFFyH.</p>
