{"id":4070,"date":"2024-03-20T11:32:08","date_gmt":"2024-03-20T14:32:08","guid":{"rendered":"https:\/\/ffyh.unc.edu.ar\/publicaciones\/?post_type=product&#038;p=4070"},"modified":"2024-03-20T11:42:36","modified_gmt":"2024-03-20T14:42:36","slug":"tras-las-huellas-del-pasado-a-20-anos-de-la-apertura-de-las-fosas-de-san-vicente","status":"publish","type":"product","link":"https:\/\/ffyh.unc.edu.ar\/publicaciones\/tienda\/publicaciones-del-area-de-publicaciones-de-la-ffyh\/tras-las-huellas-del-pasado-a-20-anos-de-la-apertura-de-las-fosas-de-san-vicente\/","title":{"rendered":"Tras las huellas del pasado. A 20 a\u00f1os de la apertura de las fosas de San Vicente"},"content":{"rendered":"<p>El nuevo rumbo pol\u00edtico que tom\u00f3 la Argentina en y a partir de 2003 fue determinante para la<br \/>\nreapertura de los juicios por delitos de Lesa Humanidad que estaban paralizados hasta ese<br \/>\nmomento, y el descubrimiento de las fosas comunes del Cementerio San Vicente result\u00f3 una<br \/>\nprueba elocuente de los cr\u00edmenes cometidos por la dictadura c\u00edvico-militar-eclesi\u00e1stica y un<br \/>\navance fundamental en la lucha por Memoria, Verdad, Justicia. La compilaci\u00f3n de textos que<br \/>\ntraemos aqu\u00ed representan las voces de experiencias y personas protagonistas de aquella<br \/>\nb\u00fasqueda, hallazgo, identificaciones. Los escritos ofrecidos reflexionan y conmemoran los<br \/>\nacontecimientos que movilizaron a toda la sociedad, a 20 a\u00f1os de la apertura de las fosas del<br \/>\ncementerio de San Vicente por parte de miembros en aquel entonces del Equipo Argentino de<br \/>\nAntropolog\u00eda Forense (EAAF) y de colaboradores provenientes de diferentes lugares del pa\u00eds y<br \/>\ncarreras de nuestra Universidad Nacional de C\u00f3rdoba (UNC).<\/p>\n","protected":false},"excerpt":{"rendered":"<p>El nuevo rumbo pol\u00edtico que tom\u00f3 la Argentina en y a partir de 2003 fue determinante para la<br \/>\nreapertura de los juicios por delitos de Lesa Humanidad que estaban paralizados hasta ese<br \/>\nmomento, y el descubrimiento de las fosas comunes del Cementerio San Vicente result\u00f3 una<br \/>\nprueba elocuente de los cr\u00edmenes cometidos por la dictadura c\u00edvico-militar-eclesi\u00e1stica y un<br \/>\navance fundamental en la lucha por Memoria, Verdad, Justicia.<\/p>\n","protected":false},"featured_media":4068,"comment_status":"closed","ping_status":"closed","template":"","meta":{"_acf_changed":false,"colormag_page_container_layout":"default_layout","colormag_page_sidebar_layout":"default_layout"},"product_brand":[],"product_cat":[1576],"product_tag":[],"autor":[2239,2236,2294,2295],"editor":[],"traductor":[],"compilador":[2296,2198],"coordinador":[],"director":[],"class_list":{"0":"post-4070","1":"product","2":"type-product","3":"status-publish","4":"has-post-thumbnail","6":"product_cat-publicaciones-del-area-de-publicaciones-de-la-ffyh","7":"autor-ana-mariani","8":"autor-dario-olmo","9":"autor-luis-miguel-baronetto","10":"autor-moises-david-dib","11":"compilador-lucia-rios","12":"compilador-victoria-chabrando","14":"first","15":"instock","16":"shipping-taxable","17":"product-type-external"},"acf":[],"_links":{"self":[{"href":"https:\/\/ffyh.unc.edu.ar\/publicaciones\/wp-json\/wp\/v2\/product\/4070","targetHints":{"allow":["GET"]}}],"collection":[{"href":"https:\/\/ffyh.unc.edu.ar\/publicaciones\/wp-json\/wp\/v2\/product"}],"about":[{"href":"https:\/\/ffyh.unc.edu.ar\/publicaciones\/wp-json\/wp\/v2\/types\/product"}],"replies":[{"embeddable":true,"href":"https:\/\/ffyh.unc.edu.ar\/publicaciones\/wp-json\/wp\/v2\/comments?post=4070"}],"wp:featuredmedia":[{"embeddable":true,"href":"https:\/\/ffyh.unc.edu.ar\/publicaciones\/wp-json\/wp\/v2\/media\/4068"}],"wp:attachment":[{"href":"https:\/\/ffyh.unc.edu.ar\/publicaciones\/wp-json\/wp\/v2\/media?parent=4070"}],"wp:term":[{"taxonomy":"product_brand","embeddable":true,"href":"https:\/\/ffyh.unc.edu.ar\/publicaciones\/wp-json\/wp\/v2\/product_brand?post=4070"},{"taxonomy":"product_cat","embeddable":true,"href":"https:\/\/ffyh.unc.edu.ar\/publicaciones\/wp-json\/wp\/v2\/product_cat?post=4070"},{"taxonomy":"product_tag","embeddable":true,"href":"https:\/\/ffyh.unc.edu.ar\/publicaciones\/wp-json\/wp\/v2\/product_tag?post=4070"},{"taxonomy":"autor","embeddable":true,"href":"https:\/\/ffyh.unc.edu.ar\/publicaciones\/wp-json\/wp\/v2\/autor?post=4070"},{"taxonomy":"editor","embeddable":true,"href":"https:\/\/ffyh.unc.edu.ar\/publicaciones\/wp-json\/wp\/v2\/editor?post=4070"},{"taxonomy":"traductor","embeddable":true,"href":"https:\/\/ffyh.unc.edu.ar\/publicaciones\/wp-json\/wp\/v2\/traductor?post=4070"},{"taxonomy":"compilador","embeddable":true,"href":"https:\/\/ffyh.unc.edu.ar\/publicaciones\/wp-json\/wp\/v2\/compilador?post=4070"},{"taxonomy":"coordinador","embeddable":true,"href":"https:\/\/ffyh.unc.edu.ar\/publicaciones\/wp-json\/wp\/v2\/coordinador?post=4070"},{"taxonomy":"director","embeddable":true,"href":"https:\/\/ffyh.unc.edu.ar\/publicaciones\/wp-json\/wp\/v2\/director?post=4070"}],"curies":[{"name":"wp","href":"https:\/\/api.w.org\/{rel}","templated":true}]}}