{"id":4589,"date":"2024-12-19T12:44:03","date_gmt":"2024-12-19T15:44:03","guid":{"rendered":"https:\/\/ffyh.unc.edu.ar\/publicaciones\/?post_type=product&#038;p=4589"},"modified":"2025-02-11T10:23:44","modified_gmt":"2025-02-11T13:23:44","slug":"cine-politica-y-derechos-humanos-vol-iii","status":"publish","type":"product","link":"https:\/\/ffyh.unc.edu.ar\/publicaciones\/tienda\/publicaciones-de-la-editorial-de-la-ffyh\/coleccion-40-anos-de-democracia\/cine-politica-y-derechos-humanos-vol-iii\/","title":{"rendered":"Cine, pol\u00edtica y Derechos Humanos Vol III"},"content":{"rendered":"<p>El libro re\u00fane un conjunto de trabajos que reflexionan sobre piezas cinematogr\u00e1ficas bajo la apuesta com\u00fan de hacer de ellas instrumentos de reflexi\u00f3n filos\u00f3fica, pol\u00edtica e hist\u00f3rica. En continuidad con los vol\u00famenes anteriores, el tercer y \u00faltimo volumen de esta serie, se organiza en torno a varias problem\u00e1ticas de la representaci\u00f3n f\u00edlmico-pol\u00edtica de ciertas vidas que habitan o se producen y reproducen en los m\u00e1rgenes: existencias negadas, que se excluyen o no se cuentan \u2014en ninguno de los dos sentidos m\u00e1s corrientes de la operaci\u00f3n humana de contar.<\/p>\n","protected":false},"excerpt":{"rendered":"<p>El libro re\u00fane un conjunto de trabajos que reflexionan sobre piezas cinematogr\u00e1ficas bajo la apuesta com\u00fan de hacer de ellas instrumentos de reflexi\u00f3n filos\u00f3fica, pol\u00edtica e hist\u00f3rica. En continuidad con los vol\u00famenes anteriores, el tercer y \u00faltimo volumen de esta serie, se organiza en torno a varias problem\u00e1ticas de la representaci\u00f3n f\u00edlmico-pol\u00edtica de ciertas vidas que habitan o se producen y reproducen en los m\u00e1rgenes: existencias negadas, que se excluyen o no se cuentan \u2014en ninguno de los dos sentidos m\u00e1s corrientes de la operaci\u00f3n humana de contar.<\/p>\n","protected":false},"featured_media":4591,"comment_status":"closed","ping_status":"closed","template":"","meta":{"_acf_changed":false,"colormag_page_container_layout":"default_layout","colormag_page_sidebar_layout":"default_layout"},"product_brand":[],"product_cat":[2225],"product_tag":[2513,1215,1234],"autor":[960,2518,2524,2219,341,507,2514,197,2517,2526,2051],"editor":[],"traductor":[],"compilador":[2519,2520],"coordinador":[],"director":[],"class_list":{"0":"post-4589","1":"product","2":"type-product","3":"status-publish","4":"has-post-thumbnail","6":"product_cat-coleccion-40-anos-de-democracia","7":"product_tag-cine","8":"product_tag-derechos-humanos","9":"product_tag-politica","10":"autor-agustin-berti","11":"autor-fernando-svetko","12":"autor-german-scelso","13":"autor-julia-monge","14":"autor-laura-arese","15":"autor-liliana-pereyra","16":"autor-martin-iparraguirre","17":"autor-paula-hunziker","18":"autor-paula-maccario","19":"autor-sebastian-russo-bautista","20":"autor-sebastian-torres","21":"compilador-fernando-svetko","22":"compilador-laura-arese","24":"first","25":"instock","26":"shipping-taxable","27":"product-type-external"},"acf":[],"_links":{"self":[{"href":"https:\/\/ffyh.unc.edu.ar\/publicaciones\/wp-json\/wp\/v2\/product\/4589","targetHints":{"allow":["GET"]}}],"collection":[{"href":"https:\/\/ffyh.unc.edu.ar\/publicaciones\/wp-json\/wp\/v2\/product"}],"about":[{"href":"https:\/\/ffyh.unc.edu.ar\/publicaciones\/wp-json\/wp\/v2\/types\/product"}],"replies":[{"embeddable":true,"href":"https:\/\/ffyh.unc.edu.ar\/publicaciones\/wp-json\/wp\/v2\/comments?post=4589"}],"wp:featuredmedia":[{"embeddable":true,"href":"https:\/\/ffyh.unc.edu.ar\/publicaciones\/wp-json\/wp\/v2\/media\/4591"}],"wp:attachment":[{"href":"https:\/\/ffyh.unc.edu.ar\/publicaciones\/wp-json\/wp\/v2\/media?parent=4589"}],"wp:term":[{"taxonomy":"product_brand","embeddable":true,"href":"https:\/\/ffyh.unc.edu.ar\/publicaciones\/wp-json\/wp\/v2\/product_brand?post=4589"},{"taxonomy":"product_cat","embeddable":true,"href":"https:\/\/ffyh.unc.edu.ar\/publicaciones\/wp-json\/wp\/v2\/product_cat?post=4589"},{"taxonomy":"product_tag","embeddable":true,"href":"https:\/\/ffyh.unc.edu.ar\/publicaciones\/wp-json\/wp\/v2\/product_tag?post=4589"},{"taxonomy":"autor","embeddable":true,"href":"https:\/\/ffyh.unc.edu.ar\/publicaciones\/wp-json\/wp\/v2\/autor?post=4589"},{"taxonomy":"editor","embeddable":true,"href":"https:\/\/ffyh.unc.edu.ar\/publicaciones\/wp-json\/wp\/v2\/editor?post=4589"},{"taxonomy":"traductor","embeddable":true,"href":"https:\/\/ffyh.unc.edu.ar\/publicaciones\/wp-json\/wp\/v2\/traductor?post=4589"},{"taxonomy":"compilador","embeddable":true,"href":"https:\/\/ffyh.unc.edu.ar\/publicaciones\/wp-json\/wp\/v2\/compilador?post=4589"},{"taxonomy":"coordinador","embeddable":true,"href":"https:\/\/ffyh.unc.edu.ar\/publicaciones\/wp-json\/wp\/v2\/coordinador?post=4589"},{"taxonomy":"director","embeddable":true,"href":"https:\/\/ffyh.unc.edu.ar\/publicaciones\/wp-json\/wp\/v2\/director?post=4589"}],"curies":[{"name":"wp","href":"https:\/\/api.w.org\/{rel}","templated":true}]}}