{"id":4848,"date":"2025-04-30T10:05:26","date_gmt":"2025-04-30T13:05:26","guid":{"rendered":"https:\/\/ffyh.unc.edu.ar\/publicaciones\/?post_type=product&#038;p=4848"},"modified":"2025-04-30T10:05:28","modified_gmt":"2025-04-30T13:05:28","slug":"tramas-en-la-historia-de-la-educacion-desde-cordoba-textos-y-fuentes-para-aprender-y-ensenar","status":"publish","type":"product","link":"https:\/\/ffyh.unc.edu.ar\/publicaciones\/tienda\/publicaciones-de-investigacion\/ciffyh\/tramas-en-la-historia-de-la-educacion-desde-cordoba-textos-y-fuentes-para-aprender-y-ensenar\/","title":{"rendered":"Tramas en la historia de la educaci\u00f3n desde C\u00f3rdoba. Textos y fuentes para aprender y ense\u00f1ar"},"content":{"rendered":"<p>Esta compilaci\u00f3n ofrece un recorrido por diferentes aristas del campo de la Historia de la Educaci\u00f3n Argentina estudiada y analizada desde C\u00f3rdoba, Argentina. La referencialidad en C\u00f3rdoba invita a construir articulaciones con otros contextos provinciales, nacionales e internacionales que conforman una compleja trama cuyos hilos se intentan dilucidar. Dirigida especialmente a profesores y estudiantes de las instituciones de formaci\u00f3n docente, pone a disposici\u00f3n una serie de textos, fuentes e interrogantes que, provenientes del campo de la investigaci\u00f3n y centrados en algunas particularidades de los procesos educativos, actores, instituciones, pr\u00e1cticas, se proponen aportar saberes a estos procesos formativos. Las y los autores proponen pensar desde diferentes enfoques te\u00f3ricos, metodol\u00f3gicos y epistemol\u00f3gicos una serie de problemas que abarcan el periodo que va desde la Conquista hasta el pasado reciente, intentando aportar al desarrollo de una conciencia hist\u00f3rica que posibilite problematizar el presente de la educaci\u00f3n en perspectiva interdisciplinaria.<\/p>\n","protected":false},"excerpt":{"rendered":"<p>Esta compilaci\u00f3n ofrece un recorrido por diferentes aristas del campo de la Historia de la Educaci\u00f3n Argentina estudiada y analizada desde C\u00f3rdoba, Argentina. La referencialidad en C\u00f3rdoba invita a construir articulaciones con otros contextos provinciales, nacionales e internacionales que conforman una compleja trama cuyos hilos se intentan dilucidar. Dirigida especialmente a profesores y estudiantes de las instituciones de formaci\u00f3n docente, pone a disposici\u00f3n una serie de textos, fuentes e interrogantes que, provenientes del campo de la investigaci\u00f3n y centrados en algunas particularidades de los procesos educativos, actores, instituciones, pr\u00e1cticas, se proponen aportar saberes a estos procesos formativos. Las y los autores proponen pensar desde diferentes enfoques te\u00f3ricos, metodol\u00f3gicos y epistemol\u00f3gicos una serie de problemas que abarcan el periodo que va desde la Conquista hasta el pasado reciente, intentando aportar al desarrollo de una conciencia hist\u00f3rica que posibilite problematizar el presente de la educaci\u00f3n en perspectiva interdisciplinaria.<\/p>\n","protected":false},"featured_media":4847,"comment_status":"closed","ping_status":"closed","template":"","meta":{"_acf_changed":false,"colormag_page_container_layout":"default_layout","colormag_page_sidebar_layout":"default_layout"},"product_brand":[],"product_cat":[30],"product_tag":[],"autor":[2559,2551,2557,2549,2059,2060,1108,2058,524,2550,2554,2558,401,2556,2560,529,2555,2561,2552,2562,2553],"editor":[],"traductor":[],"compilador":[2563,2564],"coordinador":[],"director":[],"class_list":{"0":"post-4848","1":"product","2":"type-product","3":"status-publish","4":"has-post-thumbnail","6":"product_cat-ciffyh","7":"autor-carina-bologna","8":"autor-eda-gelmi","9":"autor-estela-moyano","10":"autor-eunice-rebolledo","11":"autor-gabriela-lamelas","12":"autor-gonzalo-gutierrez","13":"autor-jaqueline-vassallo","14":"autor-jose-bustamante-vismara","15":"autor-juan-pablo-abratte","16":"autor-lucas-palladino","17":"autor-luisa-ines-moreno","18":"autor-marcela-maria-cena","19":"autor-mariana-tosolini","20":"autor-olga-bartolome","21":"autor-silvia-roitenburd","22":"autor-silvia-servetto","23":"autor-sonia-banegas","24":"autor-tatiana-zancov","25":"autor-valentina-ayrolo","26":"autor-vanesa-lopez","27":"autor-yamila-n-ganzer","28":"compilador-eunice-rebolledo","29":"compilador-gabriela-lamelas","31":"first","32":"instock","33":"shipping-taxable","34":"product-type-external"},"acf":[],"_links":{"self":[{"href":"https:\/\/ffyh.unc.edu.ar\/publicaciones\/wp-json\/wp\/v2\/product\/4848","targetHints":{"allow":["GET"]}}],"collection":[{"href":"https:\/\/ffyh.unc.edu.ar\/publicaciones\/wp-json\/wp\/v2\/product"}],"about":[{"href":"https:\/\/ffyh.unc.edu.ar\/publicaciones\/wp-json\/wp\/v2\/types\/product"}],"replies":[{"embeddable":true,"href":"https:\/\/ffyh.unc.edu.ar\/publicaciones\/wp-json\/wp\/v2\/comments?post=4848"}],"wp:featuredmedia":[{"embeddable":true,"href":"https:\/\/ffyh.unc.edu.ar\/publicaciones\/wp-json\/wp\/v2\/media\/4847"}],"wp:attachment":[{"href":"https:\/\/ffyh.unc.edu.ar\/publicaciones\/wp-json\/wp\/v2\/media?parent=4848"}],"wp:term":[{"taxonomy":"product_brand","embeddable":true,"href":"https:\/\/ffyh.unc.edu.ar\/publicaciones\/wp-json\/wp\/v2\/product_brand?post=4848"},{"taxonomy":"product_cat","embeddable":true,"href":"https:\/\/ffyh.unc.edu.ar\/publicaciones\/wp-json\/wp\/v2\/product_cat?post=4848"},{"taxonomy":"product_tag","embeddable":true,"href":"https:\/\/ffyh.unc.edu.ar\/publicaciones\/wp-json\/wp\/v2\/product_tag?post=4848"},{"taxonomy":"autor","embeddable":true,"href":"https:\/\/ffyh.unc.edu.ar\/publicaciones\/wp-json\/wp\/v2\/autor?post=4848"},{"taxonomy":"editor","embeddable":true,"href":"https:\/\/ffyh.unc.edu.ar\/publicaciones\/wp-json\/wp\/v2\/editor?post=4848"},{"taxonomy":"traductor","embeddable":true,"href":"https:\/\/ffyh.unc.edu.ar\/publicaciones\/wp-json\/wp\/v2\/traductor?post=4848"},{"taxonomy":"compilador","embeddable":true,"href":"https:\/\/ffyh.unc.edu.ar\/publicaciones\/wp-json\/wp\/v2\/compilador?post=4848"},{"taxonomy":"coordinador","embeddable":true,"href":"https:\/\/ffyh.unc.edu.ar\/publicaciones\/wp-json\/wp\/v2\/coordinador?post=4848"},{"taxonomy":"director","embeddable":true,"href":"https:\/\/ffyh.unc.edu.ar\/publicaciones\/wp-json\/wp\/v2\/director?post=4848"}],"curies":[{"name":"wp","href":"https:\/\/api.w.org\/{rel}","templated":true}]}}