{"id":4862,"date":"2025-05-27T10:20:06","date_gmt":"2025-05-27T13:20:06","guid":{"rendered":"https:\/\/ffyh.unc.edu.ar\/publicaciones\/?post_type=product&#038;p=4862"},"modified":"2025-05-27T10:23:12","modified_gmt":"2025-05-27T13:23:12","slug":"escrito-desde-los-cuerpos","status":"publish","type":"product","link":"https:\/\/ffyh.unc.edu.ar\/publicaciones\/tienda\/publicaciones-de-investigacion\/ciffyh\/colecciones-del-ciffyh\/escrito-desde-los-cuerpos\/","title":{"rendered":"Escrito desde los cuerpos. Experiencias colectivas, diversidad corporal y procesos extensivos"},"content":{"rendered":"<p><span style=\"font-weight: 400\">Este libro es un encuentro de momentos, personas y palabras en el marco de dos proyectos de extensi\u00f3n universitaria. El primer proyecto fue desarrollado en el a\u00f1o 2021 y llev\u00f3 por nombre <\/span><i><span style=\"font-weight: 400\">Mujeres Activando: experiencias de talleres literarios como espacios para problematizar discursos y pr\u00e1cticas gordo-odiantes<\/span><\/i><span style=\"font-weight: 400\">. El segundo proyecto, presentado en el a\u00f1o 2022 como una continuaci\u00f3n directa del primero, tuvo por nombre <\/span><i><span style=\"font-weight: 400\">Construyendo redes (pos)pandemia: talleres literarios para la problematizaci\u00f3n de las violencias de g\u00e9nero y gordo-odio<\/span><\/i><span style=\"font-weight: 400\">. En su quehacer, ambos proyectos buscaron gestar espacios de encuentro y trabajo colectivo, donde la poes\u00eda devino en una potente herramienta para poner en palabras aquello que ocurr\u00eda a nuestro alrededor y \u2013quiz\u00e1s\u2013 permanec\u00eda en un \u00e1mbito de lo silenciado. Frases como \u201c<\/span><i><span style=\"font-weight: 400\">la poes\u00eda es un refugio<\/span><\/i><span style=\"font-weight: 400\">\u201d y \u201c<\/span><i><span style=\"font-weight: 400\">transformar una realidad que nos duele<\/span><\/i><span style=\"font-weight: 400\">\u201d surgieron en cada uno de los talleres y actividades desarrolladas a lo largo de esos a\u00f1os. En plazas barriales, centros vecinales y diversos espacios p\u00fablicos nos fuimos organizando para favorecer experiencias que fueran sentidas como seguras, donde poder compartir historias personales desde las propias vivencias situadas. Leer y escribir poes\u00eda, conversar sobre nuestros cotidianos, compartir nuestras alegr\u00edas y tristezas\u2026 en definitiva, producir momentos transformadores.\u00a0\u00a0\u00a0<\/span><\/p>\n","protected":false},"excerpt":{"rendered":"<p><span style=\"font-weight: 400\">Este libro es un encuentro de momentos, personas y palabras en el marco de dos proyectos de extensi\u00f3n universitaria. El primer proyecto fue desarrollado en el a\u00f1o 2021 y llev\u00f3 por nombre <\/span><i><span style=\"font-weight: 400\">Mujeres Activando: experiencias de talleres literarios como espacios para problematizar discursos y pr\u00e1cticas gordo-odiantes<\/span><\/i><span style=\"font-weight: 400\">. El segundo proyecto, presentado en el a\u00f1o 2022 como una continuaci\u00f3n directa del primero, tuvo por nombre <\/span><i><span style=\"font-weight: 400\">Construyendo redes (pos)pandemia: talleres literarios para la problematizaci\u00f3n de las violencias de g\u00e9nero y gordo-odio<\/span><\/i><span style=\"font-weight: 400\">. En su quehacer, ambos proyectos buscaron gestar espacios de encuentro y trabajo colectivo, donde la poes\u00eda devino en una potente herramienta para poner en palabras aquello que ocurr\u00eda a nuestro alrededor y \u2013quiz\u00e1s\u2013 permanec\u00eda en un \u00e1mbito de lo silenciado. <\/span><\/p>\n","protected":false},"featured_media":4864,"comment_status":"closed","ping_status":"closed","template":"","meta":{"_acf_changed":false,"colormag_page_container_layout":"default_layout","colormag_page_sidebar_layout":"default_layout"},"product_brand":[],"product_cat":[31],"product_tag":[2566,1137,1181,2565],"autor":[1028,1284,2356,2593,2585,2572,2591,2596,364,1308,2571,2592,303,2589,2581,553,2568,2576,2586,2573,2579,2583,2594,2595,2090,2582,2587,2584,2590,2580,2578,286,2574,2570,2567,1263,2575,2577,2569,2588],"editor":[1363,1362],"traductor":[],"compilador":[2597],"coordinador":[],"director":[],"class_list":{"0":"post-4862","1":"product","2":"type-product","3":"status-publish","4":"has-post-thumbnail","6":"product_cat-colecciones-del-ciffyh","7":"product_tag-activismo","8":"product_tag-extension-universitaria","9":"product_tag-literatura","10":"product_tag-poemas","11":"autor-agustin-liarte-tiloca","12":"autor-alfonsina-munoz-paganoni","13":"autor-andrea-bonvillani","14":"autor-andrea-lacombe","15":"autor-camila-pilattii","16":"autor-cecilia-tejada","17":"autor-charlotte-von-mess","18":"autor-debora-majul","19":"autor-eduardo-mattio","20":"autor-fabiola-heredia","21":"autor-florencia-lopez","22":"autor-francisco-marguch","23":"autor-gabriela-bard-wigdor","24":"autor-gina-lucia-aichino","25":"autor-gladys-romero","26":"autor-gustavo-blazquez","27":"autor-jessica-gonzalez","28":"autor-johana-gonzalez","29":"autor-josefina-pasto","30":"autor-juli-punto","31":"autor-julia-tamagnini","32":"autor-liliana-valentina-pereyra","33":"autor-lorena-lopes","34":"autor-lucila-maria-raggiotti","35":"autor-macarena-roldan","36":"autor-magdalena-arnao-bergero","37":"autor-maia-milman","38":"autor-maria-fernanda-machuca","39":"autor-maria-victoria-dabhar","40":"autor-marianela-saavedra","41":"autor-melisa-linares","42":"autor-milagros-gonzalez","43":"autor-mumi-pinto","44":"autor-muriel-morales","45":"autor-samanta-baxter","46":"autor-sofia-de-mauro","47":"autor-sofia-marciale-ochea","48":"autor-sofia-recchiuto","49":"autor-sol-donaire","50":"autor-valentina-rios","51":"editor-agustin-liarte-tiloca","52":"editor-fabiola-heredia","53":"compilador-cecilia-tejada","55":"first","56":"instock","57":"shipping-taxable","58":"product-type-external"},"acf":[],"_links":{"self":[{"href":"https:\/\/ffyh.unc.edu.ar\/publicaciones\/wp-json\/wp\/v2\/product\/4862","targetHints":{"allow":["GET"]}}],"collection":[{"href":"https:\/\/ffyh.unc.edu.ar\/publicaciones\/wp-json\/wp\/v2\/product"}],"about":[{"href":"https:\/\/ffyh.unc.edu.ar\/publicaciones\/wp-json\/wp\/v2\/types\/product"}],"replies":[{"embeddable":true,"href":"https:\/\/ffyh.unc.edu.ar\/publicaciones\/wp-json\/wp\/v2\/comments?post=4862"}],"wp:featuredmedia":[{"embeddable":true,"href":"https:\/\/ffyh.unc.edu.ar\/publicaciones\/wp-json\/wp\/v2\/media\/4864"}],"wp:attachment":[{"href":"https:\/\/ffyh.unc.edu.ar\/publicaciones\/wp-json\/wp\/v2\/media?parent=4862"}],"wp:term":[{"taxonomy":"product_brand","embeddable":true,"href":"https:\/\/ffyh.unc.edu.ar\/publicaciones\/wp-json\/wp\/v2\/product_brand?post=4862"},{"taxonomy":"product_cat","embeddable":true,"href":"https:\/\/ffyh.unc.edu.ar\/publicaciones\/wp-json\/wp\/v2\/product_cat?post=4862"},{"taxonomy":"product_tag","embeddable":true,"href":"https:\/\/ffyh.unc.edu.ar\/publicaciones\/wp-json\/wp\/v2\/product_tag?post=4862"},{"taxonomy":"autor","embeddable":true,"href":"https:\/\/ffyh.unc.edu.ar\/publicaciones\/wp-json\/wp\/v2\/autor?post=4862"},{"taxonomy":"editor","embeddable":true,"href":"https:\/\/ffyh.unc.edu.ar\/publicaciones\/wp-json\/wp\/v2\/editor?post=4862"},{"taxonomy":"traductor","embeddable":true,"href":"https:\/\/ffyh.unc.edu.ar\/publicaciones\/wp-json\/wp\/v2\/traductor?post=4862"},{"taxonomy":"compilador","embeddable":true,"href":"https:\/\/ffyh.unc.edu.ar\/publicaciones\/wp-json\/wp\/v2\/compilador?post=4862"},{"taxonomy":"coordinador","embeddable":true,"href":"https:\/\/ffyh.unc.edu.ar\/publicaciones\/wp-json\/wp\/v2\/coordinador?post=4862"},{"taxonomy":"director","embeddable":true,"href":"https:\/\/ffyh.unc.edu.ar\/publicaciones\/wp-json\/wp\/v2\/director?post=4862"}],"curies":[{"name":"wp","href":"https:\/\/api.w.org\/{rel}","templated":true}]}}

<p><span style="font-weight: 400">Este libro es un encuentro de momentos, personas y palabras en el marco de dos proyectos de extensión universitaria. El primer proyecto fue desarrollado en el año 2021 y llevó por nombre </span><i><span style="font-weight: 400">Mujeres Activando: experiencias de talleres literarios como espacios para problematizar discursos y prácticas gordo-odiantes</span></i><span style="font-weight: 400">. El segundo proyecto, presentado en el año 2022 como una continuación directa del primero, tuvo por nombre </span><i><span style="font-weight: 400">Construyendo redes (pos)pandemia: talleres literarios para la problematización de las violencias de género y gordo-odio</span></i><span style="font-weight: 400">. En su quehacer, ambos proyectos buscaron gestar espacios de encuentro y trabajo colectivo, donde la poesía devino en una potente herramienta para poner en palabras aquello que ocurría a nuestro alrededor y –quizás– permanecía en un ámbito de lo silenciado. Frases como “</span><i><span style="font-weight: 400">la poesía es un refugio</span></i><span style="font-weight: 400">” y “</span><i><span style="font-weight: 400">transformar una realidad que nos duele</span></i><span style="font-weight: 400">” surgieron en cada uno de los talleres y actividades desarrolladas a lo largo de esos años. En plazas barriales, centros vecinales y diversos espacios públicos nos fuimos organizando para favorecer experiencias que fueran sentidas como seguras, donde poder compartir historias personales desde las propias vivencias situadas. Leer y escribir poesía, conversar sobre nuestros cotidianos, compartir nuestras alegrías y tristezas… en definitiva, producir momentos transformadores.   </span></p>

<p><span style="font-weight: 400">Este libro es un encuentro de momentos, personas y palabras en el marco de dos proyectos de extensión universitaria. El primer proyecto fue desarrollado en el año 2021 y llevó por nombre </span><i><span style="font-weight: 400">Mujeres Activando: experiencias de talleres literarios como espacios para problematizar discursos y prácticas gordo-odiantes</span></i><span style="font-weight: 400">. El segundo proyecto, presentado en el año 2022 como una continuación directa del primero, tuvo por nombre </span><i><span style="font-weight: 400">Construyendo redes (pos)pandemia: talleres literarios para la problematización de las violencias de género y gordo-odio</span></i><span style="font-weight: 400">. En su quehacer, ambos proyectos buscaron gestar espacios de encuentro y trabajo colectivo, donde la poesía devino en una potente herramienta para poner en palabras aquello que ocurría a nuestro alrededor y –quizás– permanecía en un ámbito de lo silenciado. </span></p>
