{"id":4885,"date":"2025-06-02T10:53:47","date_gmt":"2025-06-02T13:53:47","guid":{"rendered":"https:\/\/ffyh.unc.edu.ar\/publicaciones\/?post_type=product&#038;p=4885"},"modified":"2025-06-02T10:55:14","modified_gmt":"2025-06-02T13:55:14","slug":"derecho-a-investigar-la-importancia-de-las-humanidades-y-las-ciencias-sociales-experiencias-en-territorios-de-los-proyectos-interdisciplinarios-orientados-y-acotados-2020-2023","status":"publish","type":"product","link":"https:\/\/ffyh.unc.edu.ar\/publicaciones\/tienda\/publicaciones-de-investigacion\/ciffyh\/colecciones-del-ciffyh\/derecho-a-investigar-la-importancia-de-las-humanidades-y-las-ciencias-sociales-experiencias-en-territorios-de-los-proyectos-interdisciplinarios-orientados-y-acotados-2020-2023\/","title":{"rendered":"Derecho a investigar: la importancia de las Humanidades y las Ciencias Sociales"},"content":{"rendered":"<p><span style=\"font-weight: 400\">Este volumen re\u00fane una serie de investigaciones fruto de diferentes proyectos PROA (Proyectos de Investigaci\u00f3n Orientados y Acotados) financiados por el Centro de Investigaciones de la Facultad de Filosof\u00eda y Humanidades \u201cMar\u00eda Saleme de Burnichon\u201d (CIFFyH). Los proyectos PROA tienen como objetivo promover la investigaci\u00f3n en tem\u00e1ticas espec\u00edficas consideradas de inter\u00e9s por la comunidad del CIFFyH y est\u00e1n dirigidos a egresadxs de la Facultad de Filosof\u00eda y Humanidades. Una de las particularidades de estos proyectos es que son investigaciones interdisciplinarias llevadas a cabo por duplas cuyxs integrantes pertenecen o bien a dos \u00e1reas distintas del CIFFyH o bien son egresadxs de dos\u00a0 carreras diferentes de la Facultad. En este volumen, se recogen diez\u00a0 investigaciones de las \u00faltimas convocatorias PROA, entre los a\u00f1os 2020 a 2023. Dada la particularidad de los proyectos PROA, cada par de investigadorxs plante\u00f3 el trabajo realizado a partir de alguno de los tres siguientes ejes de reflexi\u00f3n: (1) Los retos del trabajo de investigaci\u00f3n en el territorio; (2) La importancia de la investigaci\u00f3n en humanidades y ciencias sociales y (3) Los desaf\u00edos del trabajo interdisciplinario.<\/span><\/p>\n","protected":false},"excerpt":{"rendered":"<p><span style=\"font-weight: 400\">Este volumen re\u00fane una serie de investigaciones fruto de diferentes proyectos PROA (Proyectos de Investigaci\u00f3n Orientados y Acotados) financiados por el Centro de Investigaciones de la Facultad de Filosof\u00eda y Humanidades \u201cMar\u00eda Saleme de Burnichon\u201d (CIFFyH). Los proyectos PROA tienen como objetivo promover la investigaci\u00f3n en tem\u00e1ticas espec\u00edficas consideradas de inter\u00e9s por la comunidad del CIFFyH y est\u00e1n dirigidos a egresadxs de la Facultad de Filosof\u00eda y Humanidades.\u00a0<\/span><\/p>\n","protected":false},"featured_media":4884,"comment_status":"closed","ping_status":"closed","template":"","meta":{"_acf_changed":false,"colormag_page_container_layout":"default_layout","colormag_page_sidebar_layout":"default_layout"},"product_brand":[],"product_cat":[31],"product_tag":[],"autor":[109,2614,2606,1707,2609,461,2612,2508,2613,2603,1465,2607,2610,2611,571,1605,2608,2604,2605],"editor":[2602,360,2601],"traductor":[],"compilador":[2616,2615],"coordinador":[],"director":[],"class_list":{"0":"post-4885","1":"product","2":"type-product","3":"status-publish","4":"has-post-thumbnail","6":"product_cat-colecciones-del-ciffyh","7":"autor-augusto-rattini","8":"autor-constanza-cuberli-y-silvina-macarena-silva-bertolotto","9":"autor-cristina-ines-mancini","10":"autor-emilia-gatica-caverzacio","11":"autor-eugenia-allende","12":"autor-florencia-ceballos","13":"autor-florencia-stalldecker","14":"autor-grazia-paesani","15":"autor-ismael-verde","16":"autor-lucia-bit-chakoch-larribite","17":"autor-macarena-murugarren","18":"autor-manuela-pino-villar","19":"autor-maria-de-los-milagros-avila-cignetti","20":"autor-maria-emilia-cejas","21":"autor-maria-esteve","22":"autor-maribel-coseano","23":"autor-natividad-farriol","24":"autor-paula-pali-grosso","25":"autor-pedro-hans-wester","26":"editor-carolina-favaccio","27":"editor-cesar-marchesino","28":"editor-eduardo-mattio","29":"compilador-alba-massolo","30":"compilador-cecilia-jimenez","32":"first","33":"instock","34":"shipping-taxable","35":"product-type-external"},"acf":[],"_links":{"self":[{"href":"https:\/\/ffyh.unc.edu.ar\/publicaciones\/wp-json\/wp\/v2\/product\/4885","targetHints":{"allow":["GET"]}}],"collection":[{"href":"https:\/\/ffyh.unc.edu.ar\/publicaciones\/wp-json\/wp\/v2\/product"}],"about":[{"href":"https:\/\/ffyh.unc.edu.ar\/publicaciones\/wp-json\/wp\/v2\/types\/product"}],"replies":[{"embeddable":true,"href":"https:\/\/ffyh.unc.edu.ar\/publicaciones\/wp-json\/wp\/v2\/comments?post=4885"}],"wp:featuredmedia":[{"embeddable":true,"href":"https:\/\/ffyh.unc.edu.ar\/publicaciones\/wp-json\/wp\/v2\/media\/4884"}],"wp:attachment":[{"href":"https:\/\/ffyh.unc.edu.ar\/publicaciones\/wp-json\/wp\/v2\/media?parent=4885"}],"wp:term":[{"taxonomy":"product_brand","embeddable":true,"href":"https:\/\/ffyh.unc.edu.ar\/publicaciones\/wp-json\/wp\/v2\/product_brand?post=4885"},{"taxonomy":"product_cat","embeddable":true,"href":"https:\/\/ffyh.unc.edu.ar\/publicaciones\/wp-json\/wp\/v2\/product_cat?post=4885"},{"taxonomy":"product_tag","embeddable":true,"href":"https:\/\/ffyh.unc.edu.ar\/publicaciones\/wp-json\/wp\/v2\/product_tag?post=4885"},{"taxonomy":"autor","embeddable":true,"href":"https:\/\/ffyh.unc.edu.ar\/publicaciones\/wp-json\/wp\/v2\/autor?post=4885"},{"taxonomy":"editor","embeddable":true,"href":"https:\/\/ffyh.unc.edu.ar\/publicaciones\/wp-json\/wp\/v2\/editor?post=4885"},{"taxonomy":"traductor","embeddable":true,"href":"https:\/\/ffyh.unc.edu.ar\/publicaciones\/wp-json\/wp\/v2\/traductor?post=4885"},{"taxonomy":"compilador","embeddable":true,"href":"https:\/\/ffyh.unc.edu.ar\/publicaciones\/wp-json\/wp\/v2\/compilador?post=4885"},{"taxonomy":"coordinador","embeddable":true,"href":"https:\/\/ffyh.unc.edu.ar\/publicaciones\/wp-json\/wp\/v2\/coordinador?post=4885"},{"taxonomy":"director","embeddable":true,"href":"https:\/\/ffyh.unc.edu.ar\/publicaciones\/wp-json\/wp\/v2\/director?post=4885"}],"curies":[{"name":"wp","href":"https:\/\/api.w.org\/{rel}","templated":true}]}}