{"id":4953,"date":"2025-07-02T12:56:00","date_gmt":"2025-07-02T15:56:00","guid":{"rendered":"https:\/\/ffyh.unc.edu.ar\/publicaciones\/?post_type=product&#038;p=4953"},"modified":"2025-07-02T12:57:42","modified_gmt":"2025-07-02T15:57:42","slug":"esi-y-formacion-docente-voces-cartografias-y-experiencias","status":"publish","type":"product","link":"https:\/\/ffyh.unc.edu.ar\/publicaciones\/tienda\/publicaciones-de-investigacion\/ciffyh\/colecciones-del-ciffyh\/esi-y-formacion-docente-voces-cartografias-y-experiencias\/","title":{"rendered":"ESI y formaci\u00f3n docente. Voces, cartograf\u00edas y experiencias"},"content":{"rendered":"<p><span style=\"font-weight: 400\">Esta publicaci\u00f3n recupera los resultados de un equipo de investigaci\u00f3n <\/span><i><span style=\"font-weight: 400\">ad hoc <\/span><\/i><span style=\"font-weight: 400\">titulado<\/span><i><span style=\"font-weight: 400\"> \u201cImplementaci\u00f3n de la ESI y transversalizaci\u00f3n de la perspectiva de g\u00e9nero en la formaci\u00f3n de profesorxs en Humanidades y Ciencias Sociales\u201d,<\/span><\/i> <span style=\"font-weight: 400\">que se desarroll\u00f3 desde mediados de 2022 hasta inicios del 2024 con raigambre nacional.El proyecto fue integrado por personas de cinco universidades nacionales (Universidad de Buenos Aires, Universidad Nacional de C\u00f3rdoba, Universidad Nacional de La Plata, Universidad Nacional de Cuyo y Universidad Nacional de Rosario) que trabajaron cuestiones de ESI y formaci\u00f3n docente desde diversos proyectos de investigaci\u00f3n, docencia y extensi\u00f3n y se propusieron producir conocimiento relevante acerca de la implementaci\u00f3n de la ESI y la transversalizaci\u00f3n de la perspectiva de g\u00e9nero en la formaci\u00f3n docente, en las universidades nacionales e institutos de formaci\u00f3n docente, en las \u00e1reas de Humanidades y Ciencias Sociales. <\/span><\/p>\n","protected":false},"excerpt":{"rendered":"<p><span style=\"font-weight: 400\">Esta publicaci\u00f3n recupera los resultados de un equipo de investigaci\u00f3n <\/span><i><span style=\"font-weight: 400\">ad hoc <\/span><\/i><span style=\"font-weight: 400\">titulado<\/span><i><span style=\"font-weight: 400\"> \u201cImplementaci\u00f3n de la ESI y transversalizaci\u00f3n de la perspectiva de g\u00e9nero en la formaci\u00f3n de profesorxs en Humanidades y Ciencias Sociales\u201d,<\/span><\/i> <span style=\"font-weight: 400\">que se desarroll\u00f3 desde mediados de 2022 hasta inicios del 2024 con raigambre nacional.El proyecto fue integrado por personas de cinco universidades nacionales (Universidad de Buenos Aires, Universidad Nacional de C\u00f3rdoba, Universidad Nacional de La Plata, Universidad Nacional de Cuyo y Universidad Nacional de Rosario) que trabajaron cuestiones de ESI y formaci\u00f3n docente desde diversos proyectos de investigaci\u00f3n, docencia y extensi\u00f3n y se propusieron producir conocimiento relevante acerca de la implementaci\u00f3n de la ESI y la transversalizaci\u00f3n de la perspectiva de g\u00e9nero en la formaci\u00f3n docente, en las universidades nacionales e institutos de formaci\u00f3n docente, en las \u00e1reas de Humanidades y Ciencias Sociales.<\/span><\/p>\n","protected":false},"featured_media":4956,"comment_status":"closed","ping_status":"closed","template":"","meta":{"_acf_changed":false,"colormag_page_container_layout":"default_layout","colormag_page_sidebar_layout":"default_layout"},"product_brand":[],"product_cat":[31],"product_tag":[],"autor":[2687,2689,2685,2681,2061,2693,2683,2677,2695,2680,2690,2678,2679,2684,2694,2688,2682,2692,2691,564,2686],"editor":[2676],"traductor":[],"compilador":[],"coordinador":[],"director":[],"class_list":{"0":"post-4953","1":"product","2":"type-product","3":"status-publish","4":"has-post-thumbnail","6":"product_cat-colecciones-del-ciffyh","7":"autor-ana-carou","8":"autor-fernando-andino","9":"autor-florencia-eve-catelani","10":"autor-gabriel-tobarez","11":"autor-guadalupe-molina","12":"autor-isadora-freitas-de-oliveira","13":"autor-joaquin-modesto-aira","14":"autor-juan-pablo-balmaceda","15":"autor-maria-pia-cartecchini","16":"autor-marion-petersen","17":"autor-mercedes-barischetti","18":"autor-natalia-di-marco","19":"autor-rodrigo-molina","20":"autor-romina-leila-miani","21":"autor-romina-miani","22":"autor-santiago-abel","23":"autor-sofia-victoria-gorini","24":"autor-soledad-malnis-lauro","25":"autor-susana-zattara","26":"autor-valeria-aimar","27":"autor-valeria-sardi","28":"editor-guadalupe-molina","30":"first","31":"instock","32":"shipping-taxable","33":"product-type-external"},"acf":[],"_links":{"self":[{"href":"https:\/\/ffyh.unc.edu.ar\/publicaciones\/wp-json\/wp\/v2\/product\/4953","targetHints":{"allow":["GET"]}}],"collection":[{"href":"https:\/\/ffyh.unc.edu.ar\/publicaciones\/wp-json\/wp\/v2\/product"}],"about":[{"href":"https:\/\/ffyh.unc.edu.ar\/publicaciones\/wp-json\/wp\/v2\/types\/product"}],"replies":[{"embeddable":true,"href":"https:\/\/ffyh.unc.edu.ar\/publicaciones\/wp-json\/wp\/v2\/comments?post=4953"}],"wp:featuredmedia":[{"embeddable":true,"href":"https:\/\/ffyh.unc.edu.ar\/publicaciones\/wp-json\/wp\/v2\/media\/4956"}],"wp:attachment":[{"href":"https:\/\/ffyh.unc.edu.ar\/publicaciones\/wp-json\/wp\/v2\/media?parent=4953"}],"wp:term":[{"taxonomy":"product_brand","embeddable":true,"href":"https:\/\/ffyh.unc.edu.ar\/publicaciones\/wp-json\/wp\/v2\/product_brand?post=4953"},{"taxonomy":"product_cat","embeddable":true,"href":"https:\/\/ffyh.unc.edu.ar\/publicaciones\/wp-json\/wp\/v2\/product_cat?post=4953"},{"taxonomy":"product_tag","embeddable":true,"href":"https:\/\/ffyh.unc.edu.ar\/publicaciones\/wp-json\/wp\/v2\/product_tag?post=4953"},{"taxonomy":"autor","embeddable":true,"href":"https:\/\/ffyh.unc.edu.ar\/publicaciones\/wp-json\/wp\/v2\/autor?post=4953"},{"taxonomy":"editor","embeddable":true,"href":"https:\/\/ffyh.unc.edu.ar\/publicaciones\/wp-json\/wp\/v2\/editor?post=4953"},{"taxonomy":"traductor","embeddable":true,"href":"https:\/\/ffyh.unc.edu.ar\/publicaciones\/wp-json\/wp\/v2\/traductor?post=4953"},{"taxonomy":"compilador","embeddable":true,"href":"https:\/\/ffyh.unc.edu.ar\/publicaciones\/wp-json\/wp\/v2\/compilador?post=4953"},{"taxonomy":"coordinador","embeddable":true,"href":"https:\/\/ffyh.unc.edu.ar\/publicaciones\/wp-json\/wp\/v2\/coordinador?post=4953"},{"taxonomy":"director","embeddable":true,"href":"https:\/\/ffyh.unc.edu.ar\/publicaciones\/wp-json\/wp\/v2\/director?post=4953"}],"curies":[{"name":"wp","href":"https:\/\/api.w.org\/{rel}","templated":true}]}}