{"id":4999,"date":"2025-07-22T11:19:40","date_gmt":"2025-07-22T14:19:40","guid":{"rendered":"https:\/\/ffyh.unc.edu.ar\/publicaciones\/?post_type=product&#038;p=4999"},"modified":"2025-07-22T11:20:12","modified_gmt":"2025-07-22T14:20:12","slug":"neoliberalismo-y-lazo-social-cambio-epocal-y-formas-especificas-de-des-recomposicion-social","status":"publish","type":"product","link":"https:\/\/ffyh.unc.edu.ar\/publicaciones\/tienda\/publicaciones-de-investigacion\/ciffyh\/colecciones-del-ciffyh\/neoliberalismo-y-lazo-social-cambio-epocal-y-formas-especificas-de-des-recomposicion-social\/","title":{"rendered":"Neoliberalismo y lazo social. Cambio epocal y formas espec\u00edficas de des\/recomposici\u00f3n social"},"content":{"rendered":"<p><span style=\"font-weight: 400\">Este libro tiene por objetivo acercar claves que ayuden a inteligir algunos aspectos de los vertiginosos cambios epocales que vivimos en el presente, de una manera inusitada y a una velocidad sin precedentes. El conjunto de textos, desde sus variadas miradas y tem\u00e1ticas, busca reflexionar sobre distintos aspectos del neoliberalismo y su impacto en lo com\u00fan, a partir de comprenderlo como el avance creciente de procesos de astillamiento, fragmentaci\u00f3n y estratificaci\u00f3n social jerarquizante, que tiende a la expansi\u00f3n y profundizaci\u00f3n de subjetividades cada vez m\u00e1s individualizadas. <\/span><\/p>\n","protected":false},"excerpt":{"rendered":"<p><span style=\"font-weight: 400\">Este libro tiene por objetivo acercar claves que ayuden a inteligir algunos aspectos de los vertiginosos cambios epocales que vivimos en el presente, de una manera inusitada y a una velocidad sin precedentes. El conjunto de textos, desde sus variadas miradas y tem\u00e1ticas, busca reflexionar sobre distintos aspectos del neoliberalismo y su impacto en lo com\u00fan, a partir de comprenderlo como el avance creciente de procesos de astillamiento, fragmentaci\u00f3n y estratificaci\u00f3n social jerarquizante, que tiende a la expansi\u00f3n y profundizaci\u00f3n de subjetividades cada vez m\u00e1s individualizadas.<\/span><\/p>\n","protected":false},"featured_media":5001,"comment_status":"closed","ping_status":"closed","template":"","meta":{"_acf_changed":false,"colormag_page_container_layout":"default_layout","colormag_page_sidebar_layout":"default_layout"},"product_brand":[],"product_cat":[31],"product_tag":[2697,2696,2470],"autor":[2707,2698,2706,2699,2705,2701,2540,2703,2700,2704,2702],"editor":[],"traductor":[],"compilador":[2708,2709],"coordinador":[],"director":[],"class_list":{"0":"post-4999","1":"product","2":"type-product","3":"status-publish","4":"has-post-thumbnail","6":"product_cat-colecciones-del-ciffyh","7":"product_tag-cambio-epocal","8":"product_tag-neoliberalismo","9":"product_tag-subjetividad","10":"autor-agustin-enuel-ambroggio","11":"autor-daniel-guillermo-saur","12":"autor-daniela-cecilia-sposito","13":"autor-eva-alberione","14":"autor-facundo-giuliano","15":"autor-juan-manuel-reynares","16":"autor-lucas-ezequiel-bruno","17":"autor-maria-ines-balada-llorente","18":"autor-marina-ivana-llao","19":"autor-santiago-fernando-druetta","20":"autor-sebastian-cantoni","21":"compilador-daniel-guillermo-saur","22":"compilador-eva-alberione","24":"first","25":"instock","26":"shipping-taxable","27":"product-type-external"},"acf":[],"_links":{"self":[{"href":"https:\/\/ffyh.unc.edu.ar\/publicaciones\/wp-json\/wp\/v2\/product\/4999","targetHints":{"allow":["GET"]}}],"collection":[{"href":"https:\/\/ffyh.unc.edu.ar\/publicaciones\/wp-json\/wp\/v2\/product"}],"about":[{"href":"https:\/\/ffyh.unc.edu.ar\/publicaciones\/wp-json\/wp\/v2\/types\/product"}],"replies":[{"embeddable":true,"href":"https:\/\/ffyh.unc.edu.ar\/publicaciones\/wp-json\/wp\/v2\/comments?post=4999"}],"wp:featuredmedia":[{"embeddable":true,"href":"https:\/\/ffyh.unc.edu.ar\/publicaciones\/wp-json\/wp\/v2\/media\/5001"}],"wp:attachment":[{"href":"https:\/\/ffyh.unc.edu.ar\/publicaciones\/wp-json\/wp\/v2\/media?parent=4999"}],"wp:term":[{"taxonomy":"product_brand","embeddable":true,"href":"https:\/\/ffyh.unc.edu.ar\/publicaciones\/wp-json\/wp\/v2\/product_brand?post=4999"},{"taxonomy":"product_cat","embeddable":true,"href":"https:\/\/ffyh.unc.edu.ar\/publicaciones\/wp-json\/wp\/v2\/product_cat?post=4999"},{"taxonomy":"product_tag","embeddable":true,"href":"https:\/\/ffyh.unc.edu.ar\/publicaciones\/wp-json\/wp\/v2\/product_tag?post=4999"},{"taxonomy":"autor","embeddable":true,"href":"https:\/\/ffyh.unc.edu.ar\/publicaciones\/wp-json\/wp\/v2\/autor?post=4999"},{"taxonomy":"editor","embeddable":true,"href":"https:\/\/ffyh.unc.edu.ar\/publicaciones\/wp-json\/wp\/v2\/editor?post=4999"},{"taxonomy":"traductor","embeddable":true,"href":"https:\/\/ffyh.unc.edu.ar\/publicaciones\/wp-json\/wp\/v2\/traductor?post=4999"},{"taxonomy":"compilador","embeddable":true,"href":"https:\/\/ffyh.unc.edu.ar\/publicaciones\/wp-json\/wp\/v2\/compilador?post=4999"},{"taxonomy":"coordinador","embeddable":true,"href":"https:\/\/ffyh.unc.edu.ar\/publicaciones\/wp-json\/wp\/v2\/coordinador?post=4999"},{"taxonomy":"director","embeddable":true,"href":"https:\/\/ffyh.unc.edu.ar\/publicaciones\/wp-json\/wp\/v2\/director?post=4999"}],"curies":[{"name":"wp","href":"https:\/\/api.w.org\/{rel}","templated":true}]}}

Neoliberalismo y lazo social. Cambio epocal y formas específicas de des/recomposición social

<p><span style="font-weight: 400">Este libro tiene por objetivo acercar claves que ayuden a inteligir algunos aspectos de los vertiginosos cambios epocales que vivimos en el presente, de una manera inusitada y a una velocidad sin precedentes. El conjunto de textos, desde sus variadas miradas y temáticas, busca reflexionar sobre distintos aspectos del neoliberalismo y su impacto en lo común, a partir de comprenderlo como el avance creciente de procesos de astillamiento, fragmentación y estratificación social jerarquizante, que tiende a la expansión y profundización de subjetividades cada vez más individualizadas. </span></p>

<p><span style="font-weight: 400">Este libro tiene por objetivo acercar claves que ayuden a inteligir algunos aspectos de los vertiginosos cambios epocales que vivimos en el presente, de una manera inusitada y a una velocidad sin precedentes. El conjunto de textos, desde sus variadas miradas y temáticas, busca reflexionar sobre distintos aspectos del neoliberalismo y su impacto en lo común, a partir de comprenderlo como el avance creciente de procesos de astillamiento, fragmentación y estratificación social jerarquizante, que tiende a la expansión y profundización de subjetividades cada vez más individualizadas.</span></p>
