{"id":5168,"date":"2025-09-09T11:49:57","date_gmt":"2025-09-09T14:49:57","guid":{"rendered":"https:\/\/ffyh.unc.edu.ar\/publicaciones\/?post_type=product&#038;p=5168"},"modified":"2025-09-09T12:44:56","modified_gmt":"2025-09-09T15:44:56","slug":"miseria-planificada","status":"publish","type":"product","link":"https:\/\/ffyh.unc.edu.ar\/publicaciones\/tienda\/sin-categorizar\/miseria-planificada\/","title":{"rendered":"Miseria planificada: el plan econ\u00f3mico de la dictadura, un pasado para interrogar el presente"},"content":{"rendered":"<p>Esta publicaci\u00f3n, escrita por \u00a0Laura Bonaf\u00e9, Marina Giraudo y Mar\u00eda Victoria Tejeda es resultado de la confluencia de varias experiencias extensionistas de la FFyH. En primer lugar, porque desarrolla algunos de los<br \/>\ncontenidos abordados en la Muestra Permanente MISERIA PLANIFICADA, situada en el Espacio para la Memoria y Promoci\u00f3n de los Derechos Humanos \u201cLa Perla\u201d, que se produjo durante los a\u00f1os 2016 y 2017. Realizada conjuntamente con la Escuela de Historia de la Facultad, el Centro de Estudios Avanzados de la FCS y la Comisi\u00f3n y Archivo Provincial de la Memoria, con un financiamiento estatal nacional a trav\u00e9s del Programa Universitario de Historia Argentina y Latinoamericana (PUHAL) por la entonces Secretar\u00eda de Pol\u00edticas Universitarias de Naci\u00f3n. Por otra parte, en el contexto del ciclo \u201cMEMORIAS PARA EL FUTURO. Espacio de formaci\u00f3n pol\u00edtica para estudiantes y trabajadores\u201d que se realiz\u00f3 a lo largo de 2022, 2023 y 2024, a partir del compromiso del Foro Sindical de la Mesa de Trabajo por los Derechos Humanos de C\u00f3rdoba &#8211; con particular protagonismo de la Uni\u00f3n Obrera Gr\u00e1fica de C\u00f3rdoba -; la Biblioteca Nacional sede Juan Filloy de C\u00f3rdoba; el Centro de Estudiantes y diversos espacios institucionales de la Facultad. En ese marco, por solicitud de la Mesa de Trabajo, la muestra permanente de La Perla se transform\u00f3 en la presente publicaci\u00f3n, que para su edici\u00f3n cont\u00f3<br \/>\ncon otro financiamiento de la Secretar\u00eda de Pol\u00edticas Universitarias de Naci\u00f3n, en la convocatoria \u201cMalvinas Argentinas\u201d del a\u00f1o 2022 del programa de Voluntariados Universitarios. Producto de esos esfuerzos de di\u00e1logo de saberes, \u201cMiseria planificada: el plan econ\u00f3mico de la dictadura, un pasado para interrogar el presente\u201d se adentra en el proyecto econ\u00f3mico de la \u00faltima dictadura c\u00edvico-militar y su impacto en el modelo de acumulaci\u00f3n de nuestro pa\u00eds y en C\u00f3rdoba en particular. A partir de la conjunci\u00f3n entre la planificaci\u00f3n del horror y la planificaci\u00f3n de la miseria, afirmando que las violaciones a los derechos humanos durante el terror de Estado (1976-1983) tambi\u00e9n deben buscarse en el conjunto de pol\u00edticas econ\u00f3micas de la dictadura. Por lo tanto, se organiza en dos caras de una misma moneda, vinculadas entre s\u00ed mediante la intervenci\u00f3n del Estado dictatorial en la econom\u00eda: el capital y el trabajo. Del lado del trabajo, se recupera la C\u00f3rdoba Combativa de comienzos de los a\u00f1os setenta, el disciplinamiento y persecuci\u00f3n a la clase trabajadora a trav\u00e9s de la represi\u00f3n f\u00edsica y legal, y las<br \/>\nacciones de resistencias, subterr\u00e1neas y activas, que la clase emprendi\u00f3 frente a las pol\u00edticas de exterminio y de explotaci\u00f3n. Del lado del capital, se identifica a la C\u00f3rdoba industrial hasta 1976, la planificaci\u00f3n de la miseria con las pol\u00edticas econ\u00f3micas de la dictadura y sus consecuencias en el desarrollo de nuestro pa\u00eds y en nuestra provincia, incluso luego de terminada. Destinada no solo al p\u00fablico interesado en general, sino para su uso en formaci\u00f3n pol\u00edtica de sindicatos y organizaciones populares, o como recurso para la ense\u00f1anza en las escuelas, la cartilla cuenta con recursos did\u00e1cticos y fuentes, testimonios de trabajadores\/as, fotograf\u00edas, gr\u00e1ficos y material audiovisual, enlaces a internet para profundizar, y un Glosario al final con las definiciones de los conceptos. Herramientas que intentan profundizar en la comprensi\u00f3n de los procesos sociohist\u00f3ricos que han sido parte de modelar nuestro presente. A su vez, es una invitaci\u00f3n a conocer, o volver a visitar, el Espacio para la Memoria La Perla, donde se encuentra emplazada la Muestra Permante que le dio origen. Es, en definitiva, un texto sobre nuestro pasado reciente, para desde all\u00ed interrogar el presente y, porque no, ayudar a permitirnos pensar futuros posibles que incluyan a las mayor\u00edas populares.<\/p>\n","protected":false},"excerpt":{"rendered":"<p>\u201cMiseria planificada: el plan econ\u00f3mico de la dictadura, un pasado para interrogar el presente\u201d<br \/>\nde Laura Bonaf\u00e9, Marina Giraudo y Mar\u00eda Victoria Tejeda es resultado de la confluencia de<br \/>\nvarias experiencias extensionistas de la FFyH.<\/p>\n","protected":false},"featured_media":5169,"comment_status":"closed","ping_status":"closed","template":"","meta":{"_acf_changed":false,"colormag_page_container_layout":"default_layout","colormag_page_sidebar_layout":"default_layout"},"product_brand":[],"product_cat":[17],"product_tag":[1215,2651,2897],"autor":[779,847,823],"editor":[2896,2895],"traductor":[],"compilador":[],"coordinador":[],"director":[],"class_list":{"0":"post-5168","1":"product","2":"type-product","3":"status-publish","4":"has-post-thumbnail","6":"product_cat-sin-categorizar","7":"product_tag-derechos-humanos","8":"product_tag-dictadura","9":"product_tag-economia","10":"autor-laura-bonafe","11":"autor-maria-victoria-tejeda","12":"autor-marina-giraudo","13":"editor-ana-lucia-crinejo","14":"editor-leandro-inchauspe","16":"first","17":"instock","18":"shipping-taxable","19":"product-type-external"},"acf":[],"_links":{"self":[{"href":"https:\/\/ffyh.unc.edu.ar\/publicaciones\/wp-json\/wp\/v2\/product\/5168","targetHints":{"allow":["GET"]}}],"collection":[{"href":"https:\/\/ffyh.unc.edu.ar\/publicaciones\/wp-json\/wp\/v2\/product"}],"about":[{"href":"https:\/\/ffyh.unc.edu.ar\/publicaciones\/wp-json\/wp\/v2\/types\/product"}],"replies":[{"embeddable":true,"href":"https:\/\/ffyh.unc.edu.ar\/publicaciones\/wp-json\/wp\/v2\/comments?post=5168"}],"wp:featuredmedia":[{"embeddable":true,"href":"https:\/\/ffyh.unc.edu.ar\/publicaciones\/wp-json\/wp\/v2\/media\/5169"}],"wp:attachment":[{"href":"https:\/\/ffyh.unc.edu.ar\/publicaciones\/wp-json\/wp\/v2\/media?parent=5168"}],"wp:term":[{"taxonomy":"product_brand","embeddable":true,"href":"https:\/\/ffyh.unc.edu.ar\/publicaciones\/wp-json\/wp\/v2\/product_brand?post=5168"},{"taxonomy":"product_cat","embeddable":true,"href":"https:\/\/ffyh.unc.edu.ar\/publicaciones\/wp-json\/wp\/v2\/product_cat?post=5168"},{"taxonomy":"product_tag","embeddable":true,"href":"https:\/\/ffyh.unc.edu.ar\/publicaciones\/wp-json\/wp\/v2\/product_tag?post=5168"},{"taxonomy":"autor","embeddable":true,"href":"https:\/\/ffyh.unc.edu.ar\/publicaciones\/wp-json\/wp\/v2\/autor?post=5168"},{"taxonomy":"editor","embeddable":true,"href":"https:\/\/ffyh.unc.edu.ar\/publicaciones\/wp-json\/wp\/v2\/editor?post=5168"},{"taxonomy":"traductor","embeddable":true,"href":"https:\/\/ffyh.unc.edu.ar\/publicaciones\/wp-json\/wp\/v2\/traductor?post=5168"},{"taxonomy":"compilador","embeddable":true,"href":"https:\/\/ffyh.unc.edu.ar\/publicaciones\/wp-json\/wp\/v2\/compilador?post=5168"},{"taxonomy":"coordinador","embeddable":true,"href":"https:\/\/ffyh.unc.edu.ar\/publicaciones\/wp-json\/wp\/v2\/coordinador?post=5168"},{"taxonomy":"director","embeddable":true,"href":"https:\/\/ffyh.unc.edu.ar\/publicaciones\/wp-json\/wp\/v2\/director?post=5168"}],"curies":[{"name":"wp","href":"https:\/\/api.w.org\/{rel}","templated":true}]}}