{"id":5203,"date":"2025-09-22T14:04:23","date_gmt":"2025-09-22T17:04:23","guid":{"rendered":"https:\/\/ffyh.unc.edu.ar\/publicaciones\/?post_type=product&#038;p=5203"},"modified":"2025-09-22T14:10:25","modified_gmt":"2025-09-22T17:10:25","slug":"desaparecidos-de-tumbaya","status":"publish","type":"product","link":"https:\/\/ffyh.unc.edu.ar\/publicaciones\/tienda\/publicaciones-de-ddhh-y-genero\/desaparecidos-de-tumbaya\/","title":{"rendered":"Desaparecidos de Tumbaya"},"content":{"rendered":"<p><span style=\"font-family: arial, sans-serif\">Tumbaya es un peque\u00f1o pueblo de la Quebrada de Humahuaca con 526 habitantes. Entre agosto y diciembre de 1976, la vida en Tumbaya se vio convulsionada por una serie de operativos represivos, secuestros y desapariciones perpetrados por fuerzas militares y policiales. Esta publicaci\u00f3n se basa en una investigaci\u00f3n antropol\u00f3gica y recupera fragmentos de entrevistas en las que familiares narran la detenci\u00f3n y desaparici\u00f3n de sus seres queridos. Tambi\u00e9n incorpora testimonios del Juicio de Lesa Humanidad\/Causa Tumbaya, as\u00ed como fotograf\u00edas y otros documentos que pertenecen a los archivos privados de las familias de estos desaparecidos.\u00a0\u00a0Las memorias colectivas se construyen para sostener lazos, afectos y c comunidades, pero tambi\u00e9n para romper los silencios impuestos por la violencia estatal, como la vivida en Argentina desde los a\u00f1os setenta.\u00a0\u00a0<\/span><\/p>\n","protected":false},"excerpt":{"rendered":"<p>Tumbaya es un peque\u00f1o pueblo de la Quebrada de Humahuaca con 526 habitantes. Entre agosto y diciembre de 1976, la vida en Tumbaya se vio convulsionada por una serie de operativos represivos, secuestros y desapariciones perpetrados por fuerzas militares y policiales. Esta publicaci\u00f3n se basa en una investigaci\u00f3n antropol\u00f3gica y recupera fragmentos de entrevistas en las que familiares narran la detenci\u00f3n y desaparici\u00f3n de sus seres queridos. Tambi\u00e9n incorpora testimonios del Juicio de Lesa Humanidad\/Causa Tumbaya, as\u00ed como fotograf\u00edas y otros documentos que pertenecen a los archivos privados de las familias de estos desaparecidos.\u00a0\u00a0Las memorias colectivas se construyen para sostener lazos, afectos y c comunidades, pero tambi\u00e9n para romper los silencios impuestos por la violencia estatal, como la vivida en Argentina desde los a\u00f1os setenta.\u00a0\u00a0<\/p>\n","protected":false},"featured_media":5204,"comment_status":"closed","ping_status":"closed","template":"","meta":{"_acf_changed":false,"colormag_page_container_layout":"default_layout","colormag_page_sidebar_layout":"default_layout"},"product_brand":[],"product_cat":[1335],"product_tag":[],"autor":[2944],"editor":[],"traductor":[],"compilador":[],"coordinador":[],"director":[],"class_list":{"0":"post-5203","1":"product","2":"type-product","3":"status-publish","4":"has-post-thumbnail","6":"product_cat-publicaciones-de-ddhh-y-genero","7":"autor-ludmila-da-silva-catela","9":"first","10":"instock","11":"shipping-taxable","12":"product-type-external"},"acf":[],"_links":{"self":[{"href":"https:\/\/ffyh.unc.edu.ar\/publicaciones\/wp-json\/wp\/v2\/product\/5203","targetHints":{"allow":["GET"]}}],"collection":[{"href":"https:\/\/ffyh.unc.edu.ar\/publicaciones\/wp-json\/wp\/v2\/product"}],"about":[{"href":"https:\/\/ffyh.unc.edu.ar\/publicaciones\/wp-json\/wp\/v2\/types\/product"}],"replies":[{"embeddable":true,"href":"https:\/\/ffyh.unc.edu.ar\/publicaciones\/wp-json\/wp\/v2\/comments?post=5203"}],"wp:featuredmedia":[{"embeddable":true,"href":"https:\/\/ffyh.unc.edu.ar\/publicaciones\/wp-json\/wp\/v2\/media\/5204"}],"wp:attachment":[{"href":"https:\/\/ffyh.unc.edu.ar\/publicaciones\/wp-json\/wp\/v2\/media?parent=5203"}],"wp:term":[{"taxonomy":"product_brand","embeddable":true,"href":"https:\/\/ffyh.unc.edu.ar\/publicaciones\/wp-json\/wp\/v2\/product_brand?post=5203"},{"taxonomy":"product_cat","embeddable":true,"href":"https:\/\/ffyh.unc.edu.ar\/publicaciones\/wp-json\/wp\/v2\/product_cat?post=5203"},{"taxonomy":"product_tag","embeddable":true,"href":"https:\/\/ffyh.unc.edu.ar\/publicaciones\/wp-json\/wp\/v2\/product_tag?post=5203"},{"taxonomy":"autor","embeddable":true,"href":"https:\/\/ffyh.unc.edu.ar\/publicaciones\/wp-json\/wp\/v2\/autor?post=5203"},{"taxonomy":"editor","embeddable":true,"href":"https:\/\/ffyh.unc.edu.ar\/publicaciones\/wp-json\/wp\/v2\/editor?post=5203"},{"taxonomy":"traductor","embeddable":true,"href":"https:\/\/ffyh.unc.edu.ar\/publicaciones\/wp-json\/wp\/v2\/traductor?post=5203"},{"taxonomy":"compilador","embeddable":true,"href":"https:\/\/ffyh.unc.edu.ar\/publicaciones\/wp-json\/wp\/v2\/compilador?post=5203"},{"taxonomy":"coordinador","embeddable":true,"href":"https:\/\/ffyh.unc.edu.ar\/publicaciones\/wp-json\/wp\/v2\/coordinador?post=5203"},{"taxonomy":"director","embeddable":true,"href":"https:\/\/ffyh.unc.edu.ar\/publicaciones\/wp-json\/wp\/v2\/director?post=5203"}],"curies":[{"name":"wp","href":"https:\/\/api.w.org\/{rel}","templated":true}]}}