{"id":5216,"date":"2025-09-29T10:30:43","date_gmt":"2025-09-29T13:30:43","guid":{"rendered":"https:\/\/ffyh.unc.edu.ar\/publicaciones\/?post_type=product&#038;p=5216"},"modified":"2025-09-29T10:31:17","modified_gmt":"2025-09-29T13:31:17","slug":"libro-de-resumenes-vii-congreso-nacional-de-zooarqueologia-argentina","status":"publish","type":"product","link":"https:\/\/ffyh.unc.edu.ar\/publicaciones\/tienda\/publicaciones-de-investigacion\/museo-de-antropologia\/libro-de-resumenes-vii-congreso-nacional-de-zooarqueologia-argentina\/","title":{"rendered":"Libro de Res\u00famenes |VII Congreso Nacional de Zooarqueolog\u00eda  Argentina"},"content":{"rendered":"<p>Desde 2008, los congresos nacionales de Zooarqueolog\u00eda se han consolidado como un espacio de discusi\u00f3n, encuentro y divulgaci\u00f3n de trabajos cient\u00edficos dedicados a los an\u00e1lisis zooarqueol\u00f3gicos de Argentina y otros pa\u00edses de Latinoam\u00e9rica. La edici\u00f3n 2025 se realiz\u00f3 con sede en el Instituto de Antropolog\u00eda de C\u00f3rdoba (CONICET-UNC), el Museo de Antropolog\u00edas y el Departamento de Antropolog\u00eda de la FFyH de la UNC.\u00a0\u00a0 El objetivo del CNZA es generar un ambiente de intercambio y debate entre colegas que abordan distintos aspectos de las relaciones entre poblaciones humanas y animales a trav\u00e9s del tiempo y el espacio. Las tem\u00e1ticas incluyen aspectos te\u00f3ricos, metodol\u00f3gicos y t\u00e9cnicas aplicadas a estudios arqueofaun\u00edsticos, tanto cualitativos como cuantitativos. Entre ellos se encuentran la tafonom\u00eda, explotaci\u00f3n de recursos animales, domesticaci\u00f3n y extinci\u00f3n de especies. Tambi\u00e9n estudios de morfometr\u00eda, dieta (is\u00f3topos), ADN y cambios en las relaciones entre humanos y animales, entre otros.<\/p>\n","protected":false},"excerpt":{"rendered":"<p>Desde 2008, los congresos nacionales de Zooarqueolog\u00eda se han consolidado como un espacio de discusi\u00f3n, encuentro y divulgaci\u00f3n de trabajos cient\u00edficos dedicados a los an\u00e1lisis zooarqueol\u00f3gicos de Argentina y otros pa\u00edses de Latinoam\u00e9rica. La edici\u00f3n 2025 se realiz\u00f3 con sede en el Instituto de Antropolog\u00eda de C\u00f3rdoba (CONICET-UNC), el Museo de Antropolog\u00edas y el Departamento de Antropolog\u00eda de la FFyH de la UNC.\u00a0\u00a0 El objetivo del CNZA es generar un ambiente de intercambio y debate entre colegas que abordan distintos aspectos de las relaciones entre poblaciones humanas y animales a trav\u00e9s del tiempo y el espacio.<\/p>\n","protected":false},"featured_media":5217,"comment_status":"closed","ping_status":"closed","template":"","meta":{"_acf_changed":false,"colormag_page_container_layout":"default_layout","colormag_page_sidebar_layout":"default_layout"},"product_brand":[],"product_cat":[38],"product_tag":[2945],"autor":[],"editor":[],"traductor":[],"compilador":[2946,2948,2950,2952,2951,2949,2947,2953],"coordinador":[],"director":[],"class_list":{"0":"post-5216","1":"product","2":"type-product","3":"status-publish","4":"has-post-thumbnail","6":"product_cat-museo-de-antropologia","7":"product_tag-zooarqueologia","8":"compilador-andres-d-izeta","9":"compilador-bernarda-conte","10":"compilador-catalina-romanutti","11":"compilador-humberto-aguilar","12":"compilador-julian-mignino","13":"compilador-maria-paula-weihmuller","14":"compilador-mariana-dantas","15":"compilador-roxana-cattaneo","17":"first","18":"instock","19":"shipping-taxable","20":"product-type-external"},"acf":[],"_links":{"self":[{"href":"https:\/\/ffyh.unc.edu.ar\/publicaciones\/wp-json\/wp\/v2\/product\/5216","targetHints":{"allow":["GET"]}}],"collection":[{"href":"https:\/\/ffyh.unc.edu.ar\/publicaciones\/wp-json\/wp\/v2\/product"}],"about":[{"href":"https:\/\/ffyh.unc.edu.ar\/publicaciones\/wp-json\/wp\/v2\/types\/product"}],"replies":[{"embeddable":true,"href":"https:\/\/ffyh.unc.edu.ar\/publicaciones\/wp-json\/wp\/v2\/comments?post=5216"}],"wp:featuredmedia":[{"embeddable":true,"href":"https:\/\/ffyh.unc.edu.ar\/publicaciones\/wp-json\/wp\/v2\/media\/5217"}],"wp:attachment":[{"href":"https:\/\/ffyh.unc.edu.ar\/publicaciones\/wp-json\/wp\/v2\/media?parent=5216"}],"wp:term":[{"taxonomy":"product_brand","embeddable":true,"href":"https:\/\/ffyh.unc.edu.ar\/publicaciones\/wp-json\/wp\/v2\/product_brand?post=5216"},{"taxonomy":"product_cat","embeddable":true,"href":"https:\/\/ffyh.unc.edu.ar\/publicaciones\/wp-json\/wp\/v2\/product_cat?post=5216"},{"taxonomy":"product_tag","embeddable":true,"href":"https:\/\/ffyh.unc.edu.ar\/publicaciones\/wp-json\/wp\/v2\/product_tag?post=5216"},{"taxonomy":"autor","embeddable":true,"href":"https:\/\/ffyh.unc.edu.ar\/publicaciones\/wp-json\/wp\/v2\/autor?post=5216"},{"taxonomy":"editor","embeddable":true,"href":"https:\/\/ffyh.unc.edu.ar\/publicaciones\/wp-json\/wp\/v2\/editor?post=5216"},{"taxonomy":"traductor","embeddable":true,"href":"https:\/\/ffyh.unc.edu.ar\/publicaciones\/wp-json\/wp\/v2\/traductor?post=5216"},{"taxonomy":"compilador","embeddable":true,"href":"https:\/\/ffyh.unc.edu.ar\/publicaciones\/wp-json\/wp\/v2\/compilador?post=5216"},{"taxonomy":"coordinador","embeddable":true,"href":"https:\/\/ffyh.unc.edu.ar\/publicaciones\/wp-json\/wp\/v2\/coordinador?post=5216"},{"taxonomy":"director","embeddable":true,"href":"https:\/\/ffyh.unc.edu.ar\/publicaciones\/wp-json\/wp\/v2\/director?post=5216"}],"curies":[{"name":"wp","href":"https:\/\/api.w.org\/{rel}","templated":true}]}}