{"id":1248,"date":"2022-11-16T20:33:52","date_gmt":"2022-11-16T20:33:52","guid":{"rendered":"https:\/\/ffyh.unc.edu.ar\/sae\/?page_id=1248"},"modified":"2025-11-26T18:57:47","modified_gmt":"2025-11-26T18:57:47","slug":"encuesta-estudiantil-docente","status":"publish","type":"page","link":"https:\/\/ffyh.unc.edu.ar\/sae\/encuesta-estudiantil-docente\/","title":{"rendered":"Encuesta estudiantil sobre el desempe\u00f1o docente"},"content":{"rendered":"<p><strong><span class=\"JsGRdQ\">Encuesta 2\u00b0cuatrimestre y anuales 2025: e<\/span><\/strong><strong><span class=\"JsGRdQ\">star\u00e1 disponible hasta el 31\/03\/2026.<\/span><\/strong><\/p>\n<p><span class=\"JsGRdQ\">Una gran conquista del claustro estudiantil, luego de muchos a\u00f1os de lucha, es el derecho a formar parte de la evaluaci\u00f3n continua a la labor docente<\/span><\/p>\n<ul>\n<li><span class=\"JsGRdQ\">Se realiza v\u00eda Guaran\u00ed y es an\u00f3nima<\/span><\/li>\n<li><span class=\"JsGRdQ\">Deb\u00e9s responderlas para poder inscribirse a ex\u00e1menes y cursadas<\/span><\/li>\n<\/ul>\n<p><strong> <span class=\"JsGRdQ\">Carrera Docente<\/span><\/strong><\/p>\n<ul>\n<li><span class=\"JsGRdQ\">Establece que el acceso a un cargo docente se realiza mediante <\/span><span class=\"JsGRdQ\">concurso<\/span><span class=\"JsGRdQ\">.<\/span><\/li>\n<li><span class=\"JsGRdQ\">Se renueva a trav\u00e9s de una <\/span><span class=\"JsGRdQ\">evaluaci\u00f3n <\/span><span class=\"JsGRdQ\">peri\u00f3dica donde se da cuenta de su desempe\u00f1o en los m\u00f3dulos docencia, investigaci\u00f3n, extensi\u00f3n y gesti\u00f3n.<\/span><\/li>\n<\/ul>\n<p class=\"_04xlpA direction-ltr align-end para-style-body\"><span class=\"JsGRdQ\">Uno de los insumos para la evaluaci\u00f3n docente es la encuesta realizada <\/span><span class=\"JsGRdQ\">por les estudiantes <\/span><span class=\"JsGRdQ\">que cursaron la materia.<\/span><\/p>\n<p><strong><span class=\"JsGRdQ\">C\u00f3mo funciona la encuesta<\/span><\/strong><\/p>\n<ul>\n<li><span class=\"JsGRdQ\">Eval\u00faa el desempe\u00f1o de todes les docentes de cada c\u00e1tedra.<\/span><\/li>\n<li><span class=\"JsGRdQ\">22 preguntas en tres bloques, en su mayor\u00eda \u201cmultiple choice\u201d.<\/span><\/li>\n<li><span class=\"JsGRdQ\">Pod\u00e9s elegir la opci\u00f3n \u201cNo curs\u00e9 con este docente\u00bb, si no cursaste la materia, o hay une profe que no tuviste.<\/span><\/li>\n<li><span class=\"JsGRdQ\">Respuestas confidenciales: los datos se desvinculan de la cuenta, no se identifica qui\u00e9n contest\u00f3.<\/span><\/li>\n<\/ul>\n<p><strong><span class=\"JsGRdQ\">Resultados<\/span><\/strong><\/p>\n<ul>\n<li><span class=\"JsGRdQ\">S\u00f3lo son accesibles como gr\u00e1fico de torta que indican porcentajes para cada \u00edtem.<\/span><\/li>\n<li><span class=\"JsGRdQ\">Cada <\/span><span class=\"JsGRdQ\">docente<\/span><span class=\"JsGRdQ\"> puede ver los gr\u00e1ficos que le corresponden y tener una devoluci\u00f3n peri\u00f3dica de sus pr\u00e1cticas.<\/span><\/li>\n<li><span class=\"JsGRdQ\">Secretar\u00eda Acad\u00e9mica<\/span><span class=\"JsGRdQ\"> incorpora los gr\u00e1ficos al legajo de les profes, luego de que sean evaluados por el <\/span><span class=\"JsGRdQ\">comit\u00e9 interclaustro <\/span><span class=\"JsGRdQ\">destinado a tal fin.<\/span><\/li>\n<\/ul>\n<p><strong><span class=\"JsGRdQ\">\u00a1Ejerc\u00e9 tu derecho a formar parte de la evaluaci\u00f3n!<\/span><\/strong><\/p>\n<p>&nbsp;<\/p>\n","protected":false},"excerpt":{"rendered":"<p>Encuesta 2\u00b0cuatrimestre y anuales 2025: estar\u00e1 disponible hasta el 31\/03\/2026. Una gran conquista del claustro estudiantil, luego de muchos a\u00f1os<\/p>\n","protected":false},"author":27,"featured_media":0,"parent":0,"menu_order":0,"comment_status":"closed","ping_status":"closed","template":"","meta":{"_acf_changed":false,"saved_in_kubio":false,"colormag_page_container_layout":"default_layout","colormag_page_sidebar_layout":"default_layout","_monsterinsights_skip_tracking":false,"_monsterinsights_sitenote_active":false,"_monsterinsights_sitenote_note":"","_monsterinsights_sitenote_category":0,"footnotes":""},"class_list":["post-1248","page","type-page","status-publish","hentry"],"acf":[],"kubio_ai_page_context":{"short_desc":"","purpose":"general"},"_links":{"self":[{"href":"https:\/\/ffyh.unc.edu.ar\/sae\/wp-json\/wp\/v2\/pages\/1248","targetHints":{"allow":["GET"]}}],"collection":[{"href":"https:\/\/ffyh.unc.edu.ar\/sae\/wp-json\/wp\/v2\/pages"}],"about":[{"href":"https:\/\/ffyh.unc.edu.ar\/sae\/wp-json\/wp\/v2\/types\/page"}],"author":[{"embeddable":true,"href":"https:\/\/ffyh.unc.edu.ar\/sae\/wp-json\/wp\/v2\/users\/27"}],"replies":[{"embeddable":true,"href":"https:\/\/ffyh.unc.edu.ar\/sae\/wp-json\/wp\/v2\/comments?post=1248"}],"version-history":[{"count":6,"href":"https:\/\/ffyh.unc.edu.ar\/sae\/wp-json\/wp\/v2\/pages\/1248\/revisions"}],"predecessor-version":[{"id":2304,"href":"https:\/\/ffyh.unc.edu.ar\/sae\/wp-json\/wp\/v2\/pages\/1248\/revisions\/2304"}],"wp:attachment":[{"href":"https:\/\/ffyh.unc.edu.ar\/sae\/wp-json\/wp\/v2\/media?parent=1248"}],"curies":[{"name":"wp","href":"https:\/\/api.w.org\/{rel}","templated":true}]}}