{"id":15,"date":"2018-07-23T17:41:47","date_gmt":"2018-07-23T17:41:47","guid":{"rendered":"https:\/\/ffyh.unc.edu.ar\/sae\/?page_id=15"},"modified":"2023-06-01T14:53:23","modified_gmt":"2023-06-01T14:53:23","slug":"boleto-educativo-gratuito","status":"publish","type":"page","link":"https:\/\/ffyh.unc.edu.ar\/sae\/boleto-educativo-gratuito\/","title":{"rendered":"\u00c1reas de g\u00e9nero y sexualidades en la FFyH"},"content":{"rendered":"<header class=\"entry-header\">\n<header class=\"entry-header\"><img loading=\"lazy\" decoding=\"async\" class=\"aligncenter\" src=\"https:\/\/ffyh.unc.edu.ar\/wp-content\/uploads\/2022\/10\/pagina-web-genero-sexualidades.jpeg\" width=\"257\" height=\"257\" \/><\/p>\n<h5 class=\"entry-title\" style=\"text-align: center\"><em>Nuevo espacio en la web de la FFyH para sus \u00e1reas de g\u00e9nero y sexualidades<\/em><\/h5>\n<p>El Programa de G\u00e9nero, Sexualidades y ESI, el \u00c1rea Trans, Travesti y No Binarie y el \u00c1rea de Formaci\u00f3n en G\u00e9nero, Sexualidades y ESI estrenan su p\u00e1gina web\u00a0<a href=\"https:\/\/ffyh.unc.edu.ar\/genero\/\" target=\"_blank\" rel=\"noopener\">https:\/\/ffyh.unc.edu.ar\/genero\/<\/a><\/p>\n<\/header>\n<p>All\u00ed podr\u00e1n encontrar la informaci\u00f3n espec\u00edfica sobre cada uno de estos espacios, as\u00ed como su trabajo en constante articulaci\u00f3n. Encontrar\u00e1n tambi\u00e9n noticias, difusi\u00f3n de actividades, campa\u00f1as para enfrentar la violencia de g\u00e9nero y para visibilizar otras identidades sexogen\u00e9ricas y otros modos de hacer en relaci\u00f3n.<\/p>\n<p>Tambi\u00e9n podr\u00e1n acceder a enlaces de otros espacios\u00a0de trabajo sobre g\u00e9nero, feminismos y sexodisidencias. Con el horizonte de transversalizar la perspectiva de g\u00e9nero en nuestras pr\u00e1cticas universitarias, se compartir\u00e1n propuestas de formaci\u00f3n, acompa\u00f1amiento frente a violencias y visibilizaci\u00f3n de identidades trans, travesti, no binaries, apostando a que quienes transitan nuestra Facultad puedan gozar de una ciudadan\u00eda universitaria plena.<\/p>\n<div class=\"addtoany_share_save_container addtoany_content addtoany_content_bottom\">\n<div data-a2a-url=\"https:\/\/ffyh.unc.edu.ar\/noticias\/10\/2022\/nuevo-espacio-en-la-web-de-la-ffyh-para-sus-areas-de-genero-y-sexualidades\/\" data-a2a-title=\"Nuevo espacio en la web de la FFyH para sus \u00e1reas de g\u00e9nero y sexualidades\">\n<h5 class=\"entry-title\" style=\"text-align: center\"><em>Novedad editorial: \u00bfCu\u00e1ntxs somos lxs que estamos? Y lxs que estamos, \u00bfC\u00f3mo estamos? Relevamiento Poblaci\u00f3n Travesti, Trans, No Binarie e Intersex<\/em><\/h5>\n<p><em>ste informe recupera las preguntas centrales del primer relevamiento de la poblaci\u00f3n travesti, trans, no binarie e intersex impulsado por el \u00c1rea Trans, Travesti y No binarie, con el acompa\u00f1amiento del \u00c1rea de Formaci\u00f3n en G\u00e9nero y Sexualidades y la Secretar\u00eda de Asuntos Estudiantiles de la Facultad de Filosof\u00eda y Humanidades (UNC).<\/em><\/p>\n<p>Les invitamos a descargar este e-book de manera gratuita.<\/p>\n<blockquote><p><a href=\"http:\/\/ffyh.unc.edu.ar\/publicaciones\/wp-content\/uploads\/sites\/35\/2023\/06\/RelevamientoTTNBI.pdf\">Descargar<\/a><\/p><\/blockquote>\n<p>En el a\u00f1o 2019 surgi\u00f3 la necesidad de poner en marcha un trabajo de relevamiento de la poblaci\u00f3n Travesti, Trans, No Binarie e Intersex con el horizonte de llevar adelante pol\u00edticas concretas impulsadas desde el \u00c1rea Travesti Trans y No Binarie, en conjunto con otros espacios de la Facultad y de potenciar la diversidad de trayectorias en la comunidad universitaria toda.<\/p>\n<p>Esta iniciativa se vio pospuesta por la pandemia de Covid-19 pero en 2022, con el regreso de la presencialidad, se pudo concretar. Para ello, se elabor\u00f3 un formulario que consider\u00f3 las condiciones materiales y relacionales de quienes eligieron responder, teniendo en cuenta el entorno afectivo, las condiciones de vivienda y salud, las posibilidades laborales y ciertas especificidades vinculadas al trayecto educativo.<\/p>\n<p>Adem\u00e1s, se trabaj\u00f3 con el \u00c1rea de Comunicaci\u00f3n de la FFyH en una campa\u00f1a de difusi\u00f3n del relevamiento, a fin de llegar a todos los estamentos de la Facultad e incentivar la participaci\u00f3n y la visibilizaci\u00f3n de la comunidad trans travesti, no binarie e intersex de esta unidad acad\u00e9mica.<\/p>\n<p>El prop\u00f3sito fue poder conocer, en primer lugar, el n\u00famero de personas no identificadas como cisexuales que transitan la FFyH. Junto al n\u00famero, se realiz\u00f3 una primera aproximaci\u00f3n para comprender la situaci\u00f3n de aquellxs miembrxs de la comunidad, las problem\u00e1ticas que puedan tener y las distintas experiencias en su trayecto por la Facultad.<\/p>\n<p>Este informe recupera algunas preguntas centrales del relevamiento que permiten un primer mapeo diagn\u00f3stico sobre algunos ejes centrales como son el trabajo, la salud, la situaci\u00f3n vincular, y los modos en que impacta en el cursado y en los dem\u00e1s aspectos de la vida acad\u00e9mica en comunidad.<\/p>\n<p>\u201c\u00bfCu\u00e1ntxs somos lxs que estamos? Y lxs que estamos, \u00bfC\u00f3mo estamos?\u201d es una herramienta que permite seguir trabajando para que la comunidad trans, travesti, no binarie e intersex de la Facultad sea parte de una ciudadan\u00eda universitaria plena.<\/p>\n<\/div>\n<p><img decoding=\"async\" src=\"https:\/\/ffyh.unc.edu.ar\/publicaciones\/wp-content\/uploads\/sites\/35\/2023\/05\/noticia-1.jpg\" \/><\/p>\n<\/div>\n<\/header>\n","protected":false},"excerpt":{"rendered":"<p>Nuevo espacio en la web de la FFyH para sus \u00e1reas de g\u00e9nero y sexualidades El Programa de G\u00e9nero, Sexualidades<\/p>\n","protected":false},"author":1,"featured_media":0,"parent":0,"menu_order":0,"comment_status":"closed","ping_status":"closed","template":"","meta":{"_acf_changed":false,"saved_in_kubio":false,"colormag_page_container_layout":"default_layout","colormag_page_sidebar_layout":"default_layout","_monsterinsights_skip_tracking":false,"_monsterinsights_sitenote_active":false,"_monsterinsights_sitenote_note":"","_monsterinsights_sitenote_category":0,"footnotes":""},"class_list":["post-15","page","type-page","status-publish","hentry"],"acf":[],"kubio_ai_page_context":{"short_desc":"","purpose":"general"},"_links":{"self":[{"href":"https:\/\/ffyh.unc.edu.ar\/sae\/wp-json\/wp\/v2\/pages\/15","targetHints":{"allow":["GET"]}}],"collection":[{"href":"https:\/\/ffyh.unc.edu.ar\/sae\/wp-json\/wp\/v2\/pages"}],"about":[{"href":"https:\/\/ffyh.unc.edu.ar\/sae\/wp-json\/wp\/v2\/types\/page"}],"author":[{"embeddable":true,"href":"https:\/\/ffyh.unc.edu.ar\/sae\/wp-json\/wp\/v2\/users\/1"}],"replies":[{"embeddable":true,"href":"https:\/\/ffyh.unc.edu.ar\/sae\/wp-json\/wp\/v2\/comments?post=15"}],"version-history":[{"count":19,"href":"https:\/\/ffyh.unc.edu.ar\/sae\/wp-json\/wp\/v2\/pages\/15\/revisions"}],"predecessor-version":[{"id":1492,"href":"https:\/\/ffyh.unc.edu.ar\/sae\/wp-json\/wp\/v2\/pages\/15\/revisions\/1492"}],"wp:attachment":[{"href":"https:\/\/ffyh.unc.edu.ar\/sae\/wp-json\/wp\/v2\/media?parent=15"}],"curies":[{"name":"wp","href":"https:\/\/api.w.org\/{rel}","templated":true}]}}