{"id":1778,"date":"2024-03-06T14:02:59","date_gmt":"2024-03-06T14:02:59","guid":{"rendered":"https:\/\/ffyh.unc.edu.ar\/sae\/?page_id=1778"},"modified":"2024-03-06T14:12:46","modified_gmt":"2024-03-06T14:12:46","slug":"usuario-mi-unc","status":"publish","type":"page","link":"https:\/\/ffyh.unc.edu.ar\/sae\/usuario-mi-unc\/","title":{"rendered":"Usuario Mi UNC"},"content":{"rendered":"<div class=\"row text-center\" data-v-dbc544a6=\"\">\n<p class=\"info-subtitle m-t-10\" data-v-dbc544a6=\"\"><strong>\u00bfQu\u00e9 es Usuario UNC?<\/strong><\/p>\n<\/div>\n<div class=\"row text-justify\" data-v-dbc544a6=\"\">\n<div class=\"info-text\" data-v-dbc544a6=\"\">Usuario UNC es la identidad universitaria, es decir, un\u00a0<b class=\"resaltado\" data-v-dbc544a6=\"\">identificador personal y \u00fanico<\/b>\u00a0para cada miembro de nuestra comunidad.<\/div>\n<div data-v-dbc544a6=\"\">\n<div class=\"row text-center\" data-v-dbc544a6=\"\">\n<p data-v-dbc544a6=\"\">\n<p class=\"info-subtitle m-t-10\" data-v-dbc544a6=\"\"><strong>\u00bfPara qu\u00e9 Usuario UNC?<\/strong><\/p>\n<\/div>\n<div class=\"row text-justify\" data-v-dbc544a6=\"\">\n<div class=\"info-text\" data-v-dbc544a6=\"\">Usuario UNC te permite acceder de forma simple, por medio de la identidad universitaria, a los diferentes sistemas y servicios de la Universidad Nacional de C\u00f3rdoba.<\/div>\n<div data-v-dbc544a6=\"\">\n<div class=\"row text-center\" data-v-dbc544a6=\"\">\n<p data-v-dbc544a6=\"\">\n<p class=\"info-subtitle m-t-10\" data-v-dbc544a6=\"\"><strong>\u00bfC\u00f3mo creo mi usuario UNC?<\/strong><\/p>\n<\/div>\n<div class=\"row text-justify\" data-v-dbc544a6=\"\">\n<div class=\"info-text\" data-v-dbc544a6=\"\">Para crear tu Usuario UNC hac\u00e9 click en\u00a0<a href=\"https:\/\/usuarios.unc.edu.ar\/\" data-v-dbc544a6=\"\">CREAR USUARIO<\/a>\u00a0y segu\u00ed los pasos, el proceso te va ha ir guiando hasta el final. Ante cualquier duda en la creaci\u00f3n del usuario \u00fanico consult\u00e1 el\u00a0<a href=\"https:\/\/documentacion.psi.unc.edu.ar\/manuales\/manual_usuario_usuariosUNC\/\" target=\"_blank\" rel=\"noopener\" data-v-dbc544a6=\"\">Tutorial<\/a>, pregunt\u00e1 en tu Despacho de Alumnos o al administrador de tu dependencia.<\/div>\n<\/div>\n<div data-v-dbc544a6=\"\">\n<section id=\"preguntasFrecuentes\" data-v-dbc544a6=\"\">\n<div class=\"container-fluid\" data-v-dbc544a6=\"\">\n<div class=\"row\" data-v-dbc544a6=\"\">\n<div class=\"col-xs-10 col-xs-offset-1 col-sm-4 col-sm-offset-0 col-md-4 col-lg-3 texto-informativo\" data-v-dbc544a6=\"\">\n<div class=\"row text-center\" data-v-dbc544a6=\"\">\n<p data-v-dbc544a6=\"\">\n<p class=\"info-subtitle m-t-10\" data-v-dbc544a6=\"\"><strong>\u00bfC\u00f3mo accedo a los servicos de Google?<\/strong><\/p>\n<\/div>\n<div class=\"row text-justify\" data-v-dbc544a6=\"\">\n<div class=\"info-text\" data-v-dbc544a6=\"\">G Suite es una herramienta de Google para usuarios corporativos o institucionales, en este caso la Universidad Nacional de C\u00f3rdoba incluye entre sus servicios a: Gmail, Documentos, Chat corporativo, Videoconferencias, Google Drive y muchos otros. Para poder habilitar G Suite deber\u00e1s ingresar a\u00a0<a href=\"https:\/\/usuarios.unc.edu.ar\/\" data-v-dbc544a6=\"\">MiUNC<\/a>\u00a0y desde la secci\u00f3n\u00a0<b class=\"resaltado\" data-v-dbc544a6=\"\">Mis Aplicaciones<\/b>\u00a0hacer click sobre el bot\u00f3n Sincronizar en la opci\u00f3n Google G Suite.<\/div>\n<h3><a href=\"https:\/\/usuarios.unc.edu.ar\/index.html#\/\">Gener\u00e1 tu usuario aqu\u00ed.<\/a><\/h3>\n<p>&nbsp;<\/p>\n<p><strong>Ante cualquier inconveniente envi\u00e1 un correo electr\u00f3nico al Despacho de Alumnxs:<\/strong><\/p>\n<\/div>\n<\/div>\n<\/div>\n<\/div>\n<\/section>\n<section id=\"seccionContacto\" class=\"seccion-info\" data-v-dbc544a6=\"\">\n<div class=\"text-center\" data-v-dbc544a6=\"\">\n<p>Asunto: Problema con Mi INC<\/p>\n<p>Cuerpo del mail: nombre, DNI, carrera, mail con dominio @mi.unc y breve descripci\u00f3n del inconveniente.<\/p>\n<p>despachocasaverde@ffyh.unc.edu.ar<\/p>\n<\/div>\n<\/section>\n<\/div>\n<\/div>\n<\/div>\n<\/div>\n<\/div>\n","protected":false},"excerpt":{"rendered":"<p>\u00bfQu\u00e9 es Usuario UNC? Usuario UNC es la identidad universitaria, es decir, un\u00a0identificador personal y \u00fanico\u00a0para cada miembro de nuestra<\/p>\n","protected":false},"author":27,"featured_media":0,"parent":0,"menu_order":0,"comment_status":"closed","ping_status":"closed","template":"","meta":{"_acf_changed":false,"saved_in_kubio":false,"colormag_page_container_layout":"default_layout","colormag_page_sidebar_layout":"default_layout","_monsterinsights_skip_tracking":false,"_monsterinsights_sitenote_active":false,"_monsterinsights_sitenote_note":"","_monsterinsights_sitenote_category":0,"footnotes":""},"class_list":["post-1778","page","type-page","status-publish","hentry"],"acf":[],"kubio_ai_page_context":{"short_desc":"","purpose":"general"},"_links":{"self":[{"href":"https:\/\/ffyh.unc.edu.ar\/sae\/wp-json\/wp\/v2\/pages\/1778","targetHints":{"allow":["GET"]}}],"collection":[{"href":"https:\/\/ffyh.unc.edu.ar\/sae\/wp-json\/wp\/v2\/pages"}],"about":[{"href":"https:\/\/ffyh.unc.edu.ar\/sae\/wp-json\/wp\/v2\/types\/page"}],"author":[{"embeddable":true,"href":"https:\/\/ffyh.unc.edu.ar\/sae\/wp-json\/wp\/v2\/users\/27"}],"replies":[{"embeddable":true,"href":"https:\/\/ffyh.unc.edu.ar\/sae\/wp-json\/wp\/v2\/comments?post=1778"}],"version-history":[{"count":4,"href":"https:\/\/ffyh.unc.edu.ar\/sae\/wp-json\/wp\/v2\/pages\/1778\/revisions"}],"predecessor-version":[{"id":1784,"href":"https:\/\/ffyh.unc.edu.ar\/sae\/wp-json\/wp\/v2\/pages\/1778\/revisions\/1784"}],"wp:attachment":[{"href":"https:\/\/ffyh.unc.edu.ar\/sae\/wp-json\/wp\/v2\/media?parent=1778"}],"curies":[{"name":"wp","href":"https:\/\/api.w.org\/{rel}","templated":true}]}}