{"id":18,"date":"2018-07-23T17:42:27","date_gmt":"2018-07-23T17:42:27","guid":{"rendered":"https:\/\/ffyh.unc.edu.ar\/sae\/?page_id=18"},"modified":"2022-12-15T17:14:25","modified_gmt":"2022-12-15T17:14:25","slug":"becas","status":"publish","type":"page","link":"https:\/\/ffyh.unc.edu.ar\/sae\/becas\/","title":{"rendered":"Becas Estudiantiles"},"content":{"rendered":"<p>Listado de Becas disponibles para les estudiantes de la Facultad de Filosof\u00eda y Humanidades de la UNC.<\/p>\n<p>Becas de la UNC:<\/p>\n<ul>\n<li><a href=\"https:\/\/ffyh.unc.edu.ar\/sae\/becas\/becas-unc\/\">Sistema de Becas de Fondo \u00danico para estudiantes de 2\u00ba a 5\u00ba a\u00f1o y finalizaci\u00f3n de la carrera<\/a><\/li>\n<li><a href=\"https:\/\/ffyh.unc.edu.ar\/sae\/2022\/10\/03\/becas-ingresantes-2023\/\">Sistema de Becas de Fondo \u00danico para Ingresantes<\/a><\/li>\n<li><a href=\"https:\/\/ffyh.unc.edu.ar\/sae\/jardin-maternal-deodoro\/\">Jard\u00edn Maternal Deodoro<\/a><\/li>\n<li><a href=\"https:\/\/ffyh.unc.edu.ar\/sae\/becas-de-deportes\/\">Becas de Deportes\u00a0<\/a><\/li>\n<\/ul>\n<p>Becas de Naci\u00f3n:<\/p>\n<ul>\n<li><a href=\"https:\/\/ffyh.unc.edu.ar\/sae\/becas\/progresar\/\">Beca PROGRESAR<\/a><\/li>\n<li><a href=\"https:\/\/ffyh.unc.edu.ar\/sae\/becas\/becas-manuel-belgrano-estudiantes-de-geografia\/\">Beca Manuel Belgrano<\/a> (para estudiantes de Geograf\u00eda y Bibliotecolog\u00eda \u00fanicamente)<\/li>\n<\/ul>\n<p>Becas de la Provincia<\/p>\n<ul>\n<li><a href=\"https:\/\/ffyh.unc.edu.ar\/sae\/boleto-educativo-gratuito-2\/\">Boleto Educativo Gratuito (BEG)<\/a><\/li>\n<\/ul>\n<p>Becas de la Facultad de Filosof\u00eda y \u00a0Humanidades<\/p>\n<ul>\n<li><a href=\"https:\/\/ffyh.unc.edu.ar\/sae\/becas\/beca-feip\/\">Becas de Apuntes FEIP (Fondo Estudiantil para la Inclusi\u00f3n y la Permanencia)<\/a><\/li>\n<\/ul>\n<p><a href=\"https:\/\/ffyh.unc.edu.ar\/sae\/becas\/158-2\/\">Beca Santander<\/a><\/p>\n<p><a href=\"https:\/\/ffyh.unc.edu.ar\/sae\/becas\/logo-sae-2\/\" rel=\"attachment wp-att-1280\"><br \/>\n<img loading=\"lazy\" decoding=\"async\" class=\"size-medium wp-image-1280 aligncenter\" src=\"http:\/\/ffyh.unc.edu.ar\/sae\/wp-content\/uploads\/sites\/30\/2022\/12\/LOGO-SAE-2-300x300.jpg\" alt=\"\" width=\"300\" height=\"300\" srcset=\"https:\/\/ffyh.unc.edu.ar\/sae\/wp-content\/uploads\/sites\/30\/2022\/12\/LOGO-SAE-2-300x300.jpg 300w, https:\/\/ffyh.unc.edu.ar\/sae\/wp-content\/uploads\/sites\/30\/2022\/12\/LOGO-SAE-2-1024x1024.jpg 1024w, https:\/\/ffyh.unc.edu.ar\/sae\/wp-content\/uploads\/sites\/30\/2022\/12\/LOGO-SAE-2-150x150.jpg 150w, https:\/\/ffyh.unc.edu.ar\/sae\/wp-content\/uploads\/sites\/30\/2022\/12\/LOGO-SAE-2-768x768.jpg 768w, https:\/\/ffyh.unc.edu.ar\/sae\/wp-content\/uploads\/sites\/30\/2022\/12\/LOGO-SAE-2-1320x1320.jpg 1320w, https:\/\/ffyh.unc.edu.ar\/sae\/wp-content\/uploads\/sites\/30\/2022\/12\/LOGO-SAE-2.jpg 1500w\" sizes=\"(max-width: 300px) 100vw, 300px\" \/><\/a><\/p>\n","protected":false},"excerpt":{"rendered":"<p>Listado de Becas disponibles para les estudiantes de la Facultad de Filosof\u00eda y Humanidades de la UNC. Becas de la<\/p>\n","protected":false},"author":1,"featured_media":0,"parent":0,"menu_order":0,"comment_status":"closed","ping_status":"closed","template":"","meta":{"_acf_changed":false,"saved_in_kubio":false,"colormag_page_container_layout":"default_layout","colormag_page_sidebar_layout":"default_layout","_monsterinsights_skip_tracking":false,"_monsterinsights_sitenote_active":false,"_monsterinsights_sitenote_note":"","_monsterinsights_sitenote_category":0,"footnotes":""},"class_list":["post-18","page","type-page","status-publish","hentry"],"acf":[],"kubio_ai_page_context":{"short_desc":"","purpose":"general"},"_links":{"self":[{"href":"https:\/\/ffyh.unc.edu.ar\/sae\/wp-json\/wp\/v2\/pages\/18","targetHints":{"allow":["GET"]}}],"collection":[{"href":"https:\/\/ffyh.unc.edu.ar\/sae\/wp-json\/wp\/v2\/pages"}],"about":[{"href":"https:\/\/ffyh.unc.edu.ar\/sae\/wp-json\/wp\/v2\/types\/page"}],"author":[{"embeddable":true,"href":"https:\/\/ffyh.unc.edu.ar\/sae\/wp-json\/wp\/v2\/users\/1"}],"replies":[{"embeddable":true,"href":"https:\/\/ffyh.unc.edu.ar\/sae\/wp-json\/wp\/v2\/comments?post=18"}],"version-history":[{"count":3,"href":"https:\/\/ffyh.unc.edu.ar\/sae\/wp-json\/wp\/v2\/pages\/18\/revisions"}],"predecessor-version":[{"id":1282,"href":"https:\/\/ffyh.unc.edu.ar\/sae\/wp-json\/wp\/v2\/pages\/18\/revisions\/1282"}],"wp:attachment":[{"href":"https:\/\/ffyh.unc.edu.ar\/sae\/wp-json\/wp\/v2\/media?parent=18"}],"curies":[{"name":"wp","href":"https:\/\/api.w.org\/{rel}","templated":true}]}}