{"id":239,"date":"2018-12-18T15:34:09","date_gmt":"2018-12-18T15:34:09","guid":{"rendered":"https:\/\/ffyh.unc.edu.ar\/sae\/?page_id=239"},"modified":"2026-03-18T18:41:28","modified_gmt":"2026-03-18T18:41:28","slug":"matriculacion-e-inscripciones","status":"publish","type":"page","link":"https:\/\/ffyh.unc.edu.ar\/sae\/matriculacion-e-inscripciones\/","title":{"rendered":"Matriculaci\u00f3n definitiva para ingresantes"},"content":{"rendered":"<p>Si ten\u00e9s dudas sobre el estado de tu matriculaci\u00f3n (qu\u00e9 papel deb\u00e9s o como deb\u00e9s enviarlo), envi\u00e1 un correo a despacho de alumnxs (despachocasaverde@ffyh.unc.edu.ar), indicando en el asunto \u00abconsulta sobre matriculaci\u00f3n definitiva\u00bb y en el cuerpo del mail:<\/p>\n<ul>\n<li style=\"list-style-type: none\">\n<ul>\n<li style=\"list-style-type: none\">\n<ul>\n<li style=\"list-style-type: none\">\n<ul>\n<li>Nombre y Apellido;<\/li>\n<li>DNI;<\/li>\n<li>Carrera;<\/li>\n<li>A\u00f1o de ingreso;<\/li>\n<li>Duda en particular.<\/li>\n<\/ul>\n<\/li>\n<\/ul>\n<\/li>\n<\/ul>\n<\/li>\n<\/ul>\n<header class=\"entry-header\">\n<hr \/>\n<h1 class=\"entry-title\">Legalizaci\u00f3n de Anal\u00edtico de estudios Secundarios<\/h1>\n<\/header>\n<div class=\"entry-content clearfix\">\n<p>Este tr\u00e1mite es obligatorio y se realiza en la Oficial\u00eda Mayor -Rectorado -Bater\u00edas \u201cD\u201d.<\/p>\n<p><span style=\"font-weight: 400\">Para legalizar tu t\u00edtulo secundario deb\u00e9s seguir el instructivo de Oficial\u00eda Mayor: <a href=\"https:\/\/www.unc.edu.ar\/oficialia-mayor\/ingresantes\">PASO A PASO.<\/a><\/span><\/p>\n<\/div>\n<p>SI ADEUD\u00c1S MATERIAS DEL SECUNDARIO TEN\u00c9S HASTA EL 30 DE ABRIL PARA RENDIR Y ENVIAR LA CONSTANCIA DE ANAL\u00cdTICO EN TR\u00c1MITE. Caso contrario se te dar\u00e1 de baja en la carrera.<\/p>\n<p><span style=\"color: #000000\"><strong>No se utuliza m\u00e1s la Libreta Universitaria en la FFyH.<\/strong><\/span><\/p>\n","protected":false},"excerpt":{"rendered":"<p>Si ten\u00e9s dudas sobre el estado de tu matriculaci\u00f3n (qu\u00e9 papel deb\u00e9s o como deb\u00e9s enviarlo), envi\u00e1 un correo a<\/p>\n","protected":false},"author":27,"featured_media":0,"parent":0,"menu_order":0,"comment_status":"closed","ping_status":"closed","template":"","meta":{"_acf_changed":false,"saved_in_kubio":false,"colormag_page_container_layout":"default_layout","colormag_page_sidebar_layout":"default_layout","_monsterinsights_skip_tracking":false,"_monsterinsights_sitenote_active":false,"_monsterinsights_sitenote_note":"","_monsterinsights_sitenote_category":0,"footnotes":""},"class_list":["post-239","page","type-page","status-publish","hentry"],"acf":[],"kubio_ai_page_context":{"short_desc":"","purpose":"general"},"_links":{"self":[{"href":"https:\/\/ffyh.unc.edu.ar\/sae\/wp-json\/wp\/v2\/pages\/239","targetHints":{"allow":["GET"]}}],"collection":[{"href":"https:\/\/ffyh.unc.edu.ar\/sae\/wp-json\/wp\/v2\/pages"}],"about":[{"href":"https:\/\/ffyh.unc.edu.ar\/sae\/wp-json\/wp\/v2\/types\/page"}],"author":[{"embeddable":true,"href":"https:\/\/ffyh.unc.edu.ar\/sae\/wp-json\/wp\/v2\/users\/27"}],"replies":[{"embeddable":true,"href":"https:\/\/ffyh.unc.edu.ar\/sae\/wp-json\/wp\/v2\/comments?post=239"}],"version-history":[{"count":13,"href":"https:\/\/ffyh.unc.edu.ar\/sae\/wp-json\/wp\/v2\/pages\/239\/revisions"}],"predecessor-version":[{"id":2440,"href":"https:\/\/ffyh.unc.edu.ar\/sae\/wp-json\/wp\/v2\/pages\/239\/revisions\/2440"}],"wp:attachment":[{"href":"https:\/\/ffyh.unc.edu.ar\/sae\/wp-json\/wp\/v2\/media?parent=239"}],"curies":[{"name":"wp","href":"https:\/\/api.w.org\/{rel}","templated":true}]}}