{"id":242,"date":"2018-12-18T15:39:10","date_gmt":"2018-12-18T15:39:10","guid":{"rendered":"https:\/\/ffyh.unc.edu.ar\/sae\/?page_id=242"},"modified":"2025-10-06T15:47:08","modified_gmt":"2025-10-06T15:47:08","slug":"jardin-maternal-deodoro","status":"publish","type":"page","link":"https:\/\/ffyh.unc.edu.ar\/sae\/jardin-maternal-deodoro\/","title":{"rendered":"Jard\u00edn Maternal Deodoro"},"content":{"rendered":"<p>El Jard\u00edn Deodoro es una instituci\u00f3n educativa de nivel inicial destinada a hijas e hijos y\/o ni\u00f1as y ni\u00f1os de entre 3 meses y 3 a\u00f1os de edad, a cargo de:<br \/>\n\u2022 Estudiantes de grado, pregrado y estudiantes de los colegios secundarios de la UNC.<br \/>\n\u2022 Desde 2023, tambi\u00e9n de personal docente y no docente de la UNC.<\/p>\n<p><img loading=\"lazy\" decoding=\"async\" class=\"an1\" src=\"https:\/\/fonts.gstatic.com\/s\/e\/notoemoji\/16.0\/1f4cd\/32.png\" alt=\"\ud83d\udccd\" width=\"18\" height=\"18\" data-emoji=\"\ud83d\udccd\" aria-label=\"\ud83d\udccd\" \/>\u00a0Ubicaci\u00f3n del Jard\u00edn: Artigas 150, Barrio Alberdi.<br \/>\n<img loading=\"lazy\" decoding=\"async\" class=\"an1\" src=\"https:\/\/fonts.gstatic.com\/s\/e\/notoemoji\/16.0\/1f550\/32.png\" alt=\"\ud83d\udd50\" width=\"19\" height=\"19\" data-emoji=\"\ud83d\udd50\" aria-label=\"\ud83d\udd50\" \/>\u00a0Horarios: Turno ma\u00f1ana o tarde (m\u00ednimo 4 h \u2013 m\u00e1ximo 6 h).<br \/>\n<img loading=\"lazy\" decoding=\"async\" class=\"an1\" src=\"https:\/\/fonts.gstatic.com\/s\/e\/notoemoji\/16.0\/1f3eb\/32.png\" alt=\"\ud83c\udfeb\" width=\"19\" height=\"19\" data-emoji=\"\ud83c\udfeb\" aria-label=\"\ud83c\udfeb\" \/> Receso: Cierra en per\u00edodos de vacaciones de invierno y verano, acorde al sistema de educaci\u00f3n formal de nivel inicial.<\/p>\n<div class=\"panel-pane pane-node-title titulo-nodo\">\n<div class=\"pane-content\">\n<h2>Convocatoria 2026<\/h2>\n<p><strong>Periodo de inscripci\u00f3n virtual: <\/strong>\u00a0desde el 29 de septiembre hasta el 03 de octubre del 2025. Posteriormente se contactar\u00e1 a los\/as postulantes para entrevista personal y presentaci\u00f3n de documentaci\u00f3n.<\/p>\n<p><img loading=\"lazy\" decoding=\"async\" class=\"an1\" src=\"https:\/\/fonts.gstatic.com\/s\/e\/notoemoji\/16.0\/1f517\/32.png\" alt=\"\ud83d\udd17\" width=\"18\" height=\"18\" data-emoji=\"\ud83d\udd17\" aria-label=\"\ud83d\udd17\" \/>\u00a0Formulario de inscripci\u00f3n:\u00a0<a href=\"https:\/\/forms.gle\/QN7eXD8Yuv99NbZT6\" target=\"_blank\" rel=\"noopener\" data-saferedirecturl=\"https:\/\/www.google.com\/url?q=https:\/\/forms.gle\/QN7eXD8Yuv99NbZT6&amp;source=gmail&amp;ust=1759410611187000&amp;usg=AOvVaw0_P3ij7GuxhMKydhAD6dZ4\">[CONVOCATORIA JARD\u00cdN DEODORO UNC 2026]<\/a><\/p>\n<p><strong>Dirigida a:<br \/>\n<\/strong><\/p>\n<p>\u2022 Estudiantes ingresantes 2026 de grado y pregrado UNC.<br \/>\n\u2022 Estudiantes regulares 2025 de grado, pregrado y de los colegios Manuel Belgrano y Monserrat.<br \/>\n\u2022 Personal docente y no docente UNC.<\/p>\n<p><strong>\u00a0Requisitos generales:<\/strong><br \/>\n\u2022 Ser estudiante ingresante (2026) o regular (2025\/2026) de la UNC, o personal docente\/no docente.<br \/>\n\u2022 Tener hijas\/os a cargo de entre 3 meses y 3 a\u00f1os de edad.<br \/>\n\u2022 Presentar documentaci\u00f3n acad\u00e9mica y socioecon\u00f3mica seg\u00fan se solicite.<br \/>\n\u2022 Autorizar en Sistema Guaran\u00ed el acceso de la SAE a la actuaci\u00f3n acad\u00e9mica (\u201cTr\u00e1mites\u201d \u2192 \u201cAutorizar Acceso SAE UNC\u201d).<\/p>\n<p><img loading=\"lazy\" decoding=\"async\" class=\"an1\" src=\"https:\/\/fonts.gstatic.com\/s\/e\/notoemoji\/16.0\/1f504\/32.png\" alt=\"\ud83d\udd04\" width=\"16\" height=\"16\" data-emoji=\"\ud83d\udd04\" aria-label=\"\ud83d\udd04\" \/>\u00a0Renovaci\u00f3n de Beneficiarios 2025<\/p>\n<p>Quienes deseen continuar en el ciclo 2026 deber\u00e1n:<br \/>\n1. Solicitar continuidad en la Direcci\u00f3n del Jard\u00edn Deodoro.<br \/>\n2. Presentar documentaci\u00f3n econ\u00f3mica y acad\u00e9mica actualizada al mes en curso.<\/p>\n<p><img loading=\"lazy\" decoding=\"async\" class=\"an1\" src=\"https:\/\/fonts.gstatic.com\/s\/e\/notoemoji\/16.0\/1f195\/32.png\" alt=\"\ud83c\udd95\" width=\"16\" height=\"16\" data-emoji=\"\ud83c\udd95\" aria-label=\"\ud83c\udd95\" \/>\u00a0Convocatoria Nuevos Postulantes 2026<\/p>\n<p>Dirigida a:<br \/>\n\u2022 Estudiantes ingresantes 2026 de grado y pregrado UNC.<br \/>\n\u2022 Estudiantes regulares 2025 de grado, pregrado y de los colegios Manuel Belgrano y Monserrat.<br \/>\n\u2022 Personal docente y no docente UNC.<\/p>\n<\/div>\n<p>Documentaci\u00f3n solicitada<br \/>\n\u2022 DNI de madre\/padre\/estudiante y ni\u00f1o\/a (frente y dorso).<br \/>\n\u2022 Certificaci\u00f3n negativa de ANSES de todo el grupo familiar mayor de 18 a\u00f1os.<br \/>\n\u2022 Comprobantes de ingresos y\/o declaraci\u00f3n jurada de ingresos.<br \/>\n\u2022 Documentaci\u00f3n que acredite situaci\u00f3n de vivienda.<br \/>\n\u2022 Historia acad\u00e9mica completa (para estudiantes regulares).<\/p>\n<p><img loading=\"lazy\" decoding=\"async\" class=\"an1\" src=\"https:\/\/fonts.gstatic.com\/s\/e\/notoemoji\/16.0\/26a0_fe0f\/32.png\" alt=\"\u26a0\ufe0f\" width=\"21\" height=\"21\" data-emoji=\"\u26a0\ufe0f\" aria-label=\"\u26a0\ufe0f\" \/>\u00a0Importante: Las postulaciones se considerar\u00e1n completas \u00fanicamente cuando se haya realizado la entrevista y enviado toda la documentaci\u00f3n en tiempo y forma.<\/p>\n<div class=\"pane-content\">\n<p>&nbsp;<\/p>\n<p><strong><span style=\"color: #222222;font-family: merriweather, georgia, times new roman, serif\">CONSULTAS: <a href=\"mailto:jardindeodoro@estudiantiles.unc.edu.ar\" target=\"_blank\" rel=\"noreferrer noopener\">jardindeodoro@estudiantiles.unc.edu.ar<\/a><\/span><\/strong><\/p>\n<p>&nbsp;<\/p>\n<\/div>\n<\/div>\n","protected":false},"excerpt":{"rendered":"<p>El Jard\u00edn Deodoro es una instituci\u00f3n educativa de nivel inicial destinada a hijas e hijos y\/o ni\u00f1as y ni\u00f1os de<\/p>\n","protected":false},"author":27,"featured_media":0,"parent":0,"menu_order":0,"comment_status":"closed","ping_status":"closed","template":"","meta":{"_acf_changed":false,"saved_in_kubio":false,"colormag_page_container_layout":"default_layout","colormag_page_sidebar_layout":"default_layout","_monsterinsights_skip_tracking":false,"_monsterinsights_sitenote_active":false,"_monsterinsights_sitenote_note":"","_monsterinsights_sitenote_category":0,"footnotes":""},"class_list":["post-242","page","type-page","status-publish","hentry"],"acf":[],"kubio_ai_page_context":{"short_desc":"","purpose":"general"},"_links":{"self":[{"href":"https:\/\/ffyh.unc.edu.ar\/sae\/wp-json\/wp\/v2\/pages\/242","targetHints":{"allow":["GET"]}}],"collection":[{"href":"https:\/\/ffyh.unc.edu.ar\/sae\/wp-json\/wp\/v2\/pages"}],"about":[{"href":"https:\/\/ffyh.unc.edu.ar\/sae\/wp-json\/wp\/v2\/types\/page"}],"author":[{"embeddable":true,"href":"https:\/\/ffyh.unc.edu.ar\/sae\/wp-json\/wp\/v2\/users\/27"}],"replies":[{"embeddable":true,"href":"https:\/\/ffyh.unc.edu.ar\/sae\/wp-json\/wp\/v2\/comments?post=242"}],"version-history":[{"count":21,"href":"https:\/\/ffyh.unc.edu.ar\/sae\/wp-json\/wp\/v2\/pages\/242\/revisions"}],"predecessor-version":[{"id":2201,"href":"https:\/\/ffyh.unc.edu.ar\/sae\/wp-json\/wp\/v2\/pages\/242\/revisions\/2201"}],"wp:attachment":[{"href":"https:\/\/ffyh.unc.edu.ar\/sae\/wp-json\/wp\/v2\/media?parent=242"}],"curies":[{"name":"wp","href":"https:\/\/api.w.org\/{rel}","templated":true}]}}