{"id":2520,"date":"2026-08-27T18:53:32","date_gmt":"2026-08-27T18:53:32","guid":{"rendered":"https:\/\/ffyh.unc.edu.ar\/sae\/?page_id=2520"},"modified":"2026-08-28T02:55:45","modified_gmt":"2026-08-28T02:55:45","slug":"practicas-de-la-profesion-la-feria-de-filo-y-humanidades-muestra-de-carreras-2026","status":"publish","type":"page","link":"https:\/\/ffyh.unc.edu.ar\/sae\/practicas-de-la-profesion-la-feria-de-filo-y-humanidades-muestra-de-carreras-2026\/","title":{"rendered":"Pr\u00e1cticas de la profesi\u00f3n -\u00abLa expo de Filo y Humanidades\u00bb Muestra de Carreras 2026"},"content":{"rendered":"<p>Junto a escuelas y departamentos, profes del ingreso y \u00e1reas de extensi\u00f3n y graduades de la Facultad se realizar\u00e1 una exposici\u00f3n con muestras, actividades did\u00e1cticas y experiencias que introduzcan a quienes participen en las diversas profesiones que ofrece nuestra Facultad. <strong>Las actividades se desarrollaran de manera paralela\u00a0 en inmediaciones del Pabell\u00f3n Venezuela y Auditorio Ch\u00e1vez y comenzar\u00e1n a las 10, hasta 18 h.\u00a0<\/strong><\/p>\n<h3><em>\u2666 \u00c1rea de Graduades de la FFyH<\/em><\/h3>\n<ul>\n<li><strong>10hs a 18hs \u201cPr\u00e1cticas de graduades en humanidades\u201d<\/strong><\/li>\n<\/ul>\n<h3><em>\u2666 Secretar\u00eda de Extensi\u00f3n de la FFyH<\/em><\/h3>\n<ul>\n<li><strong>11hs a 16hs \u201cEXTENSO: Hacer extensi\u00f3n en Filosof\u00eda y Humanidades\u201d<\/strong><\/li>\n<\/ul>\n<h3><em><span style=\"font-weight: 400\">\u2666 Profes del ingreso<\/span><\/em><\/h3>\n<ul>\n<li><strong>11hs a 13hs y 15hs a 17hs \u201cExperiencia inmersiva en las Humanidades\u201d<\/strong><\/li>\n<\/ul>\n<h3><em>\u2666 Escuela de Ciencias de la Educaci\u00f3n<\/em><\/h3>\n<ul>\n<li><strong>14 hs a 16 hs \u201cMuestra itinerante. Historia y memoria de escuelas.\u201d <\/strong>Gabriela Lamelas.<\/li>\n<li><strong>15hs a 17hs \u201cIntervenciones de estudiantes en el espacio p\u00fablico de la universidad: discapacidad y educaci\u00f3n.\u201d <\/strong>Docentes y estudiantes del Seminario de educaci\u00f3n especial.<\/li>\n<li><strong>16hs a 18hs \u201c\u00bfPuede la pedagog\u00eda ayudar a pensar los problemas educativos de este tiempo?\u201d <\/strong>Sandra Gomez y Adriana Fontana &#8211; C\u00e1tedra pedagog\u00eda.<\/li>\n<\/ul>\n<h3><em>\u2666 Escuela de Letras<\/em><\/h3>\n<ul>\n<li><strong>14hs a 18hs \u201c<i>\u00bfQu\u00e9 estudiamos en Letras y a qu\u00e9 nos dedicamos? Algunas pistas sobre nuestras carreras<\/i>.\u00bb<\/strong><\/li>\n<\/ul>\n<h3><em>\u2666 Escuela de Bibliotecolog\u00eda\u00a0<\/em><\/h3>\n<ul>\n<li><span style=\"font-weight: 400\">16hs a 18hs: <\/span><i><span style=\"font-weight: 400\">\u00abBibliotecarios y crisis de la informaci\u00f3n<\/span><\/i><span style=\"font-weight: 400\">\u00ab.<\/span><\/li>\n<\/ul>\n<h3><em><span style=\"font-weight: 400\">\u2666 Departamento de Geograf\u00eda<\/span><\/em><\/h3>\n<ul>\n<li><span style=\"font-weight: 400\">10hs a 11hs. <\/span><strong>\u201cLa geograf\u00eda frente a los desaf\u00edos del siglo XXI: comprender un mundo en transformaci\u00f3n (Laboratorio de Estudios Territoriales -LET)<\/strong><span style=\"font-weight: 400\"><strong>\u201d<\/strong>. Dra. Luciana Buffalo y Dra. Carolina Cisterna y equipo. <\/span><\/li>\n<li>11hs a 12hs.<strong> \u201c\u00bfDe qu\u00e9 trabaja un ge\u00f3grafo\/a hoy? Mapas, datos, tecnolog\u00edas y nuevas oportunidades profesionales (Laboratorio de Estudios Territoriales -LET)<\/strong><strong>\u201d<\/strong>. Dra. Luciana Buffalo y Dra. Carolina Cisterna y equipo.<\/li>\n<li><strong>11hs a 12 hs. \u201cDiagn\u00f3stico y Planificaci\u00f3n Participativa del territorio de la Comuna de Charbonier, Punilla. Bases para el Ordenamiento Ambiental-Territorial.\u201d <\/strong>Direcci\u00f3n: Dr. Joaquin U. Deon Favre. Dpto. de Geograf\u00eda e Ing. Agr. (MSc.) Gabriel H. (Dto. de Desarrollo Rural \u2013 Facultad de Ciencias Agropecuarias\/UNC. Integrantes: Ailin Lescano, Julieta Ludue\u00f1a, Loyola Alejo, Nahuel Brollo, Sabrina Aguirre, Silvia C\u00f3rdoba, Aichino Luc\u00eda (Dpto. de Geograf\u00eda &#8211; Facultad de Filosof\u00eda y Humanidades\/UNC)<\/li>\n<li><strong>10hs a 12 hs. \u201cDe los datos al territorio: el aporte de la geograf\u00eda y los sistemas de Informaci\u00f3n geogr\u00e1fica (SIG) para la planificaci\u00f3n de la infraestructura el\u00e9ctrica de C\u00f3rdoba.\u201d<\/strong> Lic. Helena Sangroniz y Lic. Tabar\u00e9 Martinez<\/li>\n<li><strong>10hs a 12 hs. \u201cRiesgo de inundaciones y ordenamiento territorial.\u201d<\/strong> Lic. Ana Laura Rydzewski y Lic. Antonella Carena<\/li>\n<li>10hs a 12 hs. <strong>\u201cAn\u00e1lisis espacial para la toma de decisiones basada en evidencia. Aplicamos Sistemas de Informaci\u00f3n Geogr\u00e1fica (SIG), cartograf\u00eda digital y an\u00e1lisis territorial para transformar datos estad\u00edsticos en informaci\u00f3n \u00fatil para la planificaci\u00f3n y las pol\u00edticas p\u00fablicas.<\/strong><strong>\u201d<\/strong> Lic. Cecilia Senmartin; Lic. Lisandro Barrionuevo; Lic. Andrea Airala<\/li>\n<li>12hs a 14 hs.<strong> \u201cDatos que se convierten en decisiones: el aporte del ge\u00f3grafo a la gesti\u00f3n p\u00fablica.<\/strong><strong>\u201d<\/strong> Lic. Luz Fuentes; Lic. Fernando Galarza; Lic. F\u00e1tima Mart\u00edn; Lic. Helena Sangroniz y Lic. Antonella Carena.<\/li>\n<\/ul>\n<h3><em>\u2666 Departamento de Antropolog\u00eda<\/em><\/h3>\n<ul>\n<li><span style=\"font-weight: 400\">10 a 11:30hs<strong> \u00ab<\/strong><\/span><strong>Reconstruir las din\u00e1micas de las poblaciones humanas en el pasado con datos biol\u00f3gicos<\/strong><span style=\"font-weight: 400\"><strong>\u00ab<\/strong> Prof. Pierre Luisi<\/span><\/li>\n<li>10 a 11:30hs <strong>\u00abLo diminuto en arqueolog\u00eda: el pasado en escalas de aumento<\/strong><strong>\u00ab<\/strong> Prof. Marilin Calo<\/li>\n<li>10 a 12hs &#8211; <strong>\u00abEstudio y puesta en valor de colecciones antropol\u00f3gicas<\/strong><strong>\u00ab<\/strong> &#8211; Prof. Eduardo Pautassi<\/li>\n<\/ul>\n<h3><em>\u2666 Escuela de Historia<\/em><\/h3>\n<ul>\n<li><span style=\"font-weight: 400\">10 a 11 hs <strong>\u00abExperiencias del oficio de historiar\u00bb<\/strong> A cargo de Agust\u00edn Moreno.<\/span><\/li>\n<li>16 a 17 hs <strong>\u00abExperiencias del oficio de historiar\u00bb<\/strong> A cargo de Nicol\u00e1s Raboni.<\/li>\n<\/ul>\n","protected":false},"excerpt":{"rendered":"<p>Junto a escuelas y departamentos, profes del ingreso y \u00e1reas de extensi\u00f3n y graduades de la Facultad se realizar\u00e1 una<\/p>\n","protected":false},"author":2,"featured_media":0,"parent":0,"menu_order":0,"comment_status":"closed","ping_status":"closed","template":"","meta":{"_acf_changed":false,"colormag_page_container_layout":"default_layout","colormag_page_sidebar_layout":"default_layout","_monsterinsights_skip_tracking":false,"_monsterinsights_sitenote_active":false,"_monsterinsights_sitenote_note":"","_monsterinsights_sitenote_category":0,"footnotes":""},"class_list":["post-2520","page","type-page","status-publish","hentry"],"acf":[],"_links":{"self":[{"href":"https:\/\/ffyh.unc.edu.ar\/sae\/wp-json\/wp\/v2\/pages\/2520","targetHints":{"allow":["GET"]}}],"collection":[{"href":"https:\/\/ffyh.unc.edu.ar\/sae\/wp-json\/wp\/v2\/pages"}],"about":[{"href":"https:\/\/ffyh.unc.edu.ar\/sae\/wp-json\/wp\/v2\/types\/page"}],"author":[{"embeddable":true,"href":"https:\/\/ffyh.unc.edu.ar\/sae\/wp-json\/wp\/v2\/users\/2"}],"replies":[{"embeddable":true,"href":"https:\/\/ffyh.unc.edu.ar\/sae\/wp-json\/wp\/v2\/comments?post=2520"}],"version-history":[{"count":4,"href":"https:\/\/ffyh.unc.edu.ar\/sae\/wp-json\/wp\/v2\/pages\/2520\/revisions"}],"predecessor-version":[{"id":2524,"href":"https:\/\/ffyh.unc.edu.ar\/sae\/wp-json\/wp\/v2\/pages\/2520\/revisions\/2524"}],"wp:attachment":[{"href":"https:\/\/ffyh.unc.edu.ar\/sae\/wp-json\/wp\/v2\/media?parent=2520"}],"curies":[{"name":"wp","href":"https:\/\/api.w.org\/{rel}","templated":true}]}}

Prácticas de la profesión -«La expo de Filo y Humanidades» Muestra de Carreras 2026

<p>Junto a escuelas y departamentos, profes del ingreso y áreas de extensión y graduades de la Facultad se realizará una exposición con muestras, actividades didácticas y experiencias que introduzcan a quienes participen en las diversas profesiones que ofrece nuestra Facultad. <strong>Las actividades se desarrollaran de manera paralela  en inmediaciones del Pabellón Venezuela y Auditorio Chávez y comenzarán a las 10, hasta 18 h. </strong></p>
<h3><em>♦ Área de Graduades de la FFyH</em></h3>
<ul>
<li><strong>10hs a 18hs “Prácticas de graduades en humanidades”</strong></li>
</ul>
<h3><em>♦ Secretaría de Extensión de la FFyH</em></h3>
<ul>
<li><strong>11hs a 16hs “EXTENSO: Hacer extensión en Filosofía y Humanidades”</strong></li>
</ul>
<h3><em><span style="font-weight: 400">♦ Profes del ingreso</span></em></h3>
<ul>
<li><strong>11hs a 13hs y 15hs a 17hs “Experiencia inmersiva en las Humanidades”</strong></li>
</ul>
<h3><em>♦ Escuela de Ciencias de la Educación</em></h3>
<ul>
<li><strong>14 hs a 16 hs “Muestra itinerante. Historia y memoria de escuelas.” </strong>Gabriela Lamelas.</li>
<li><strong>15hs a 17hs “Intervenciones de estudiantes en el espacio público de la universidad: discapacidad y educación.” </strong>Docentes y estudiantes del Seminario de educación especial.</li>
<li><strong>16hs a 18hs “¿Puede la pedagogía ayudar a pensar los problemas educativos de este tiempo?” </strong>Sandra Gomez y Adriana Fontana &#8211; Cátedra pedagogía.</li>
</ul>
<h3><em>♦ Escuela de Letras</em></h3>
<ul>
<li><strong>14hs a 18hs “<i>¿Qué estudiamos en Letras y a qué nos dedicamos? Algunas pistas sobre nuestras carreras</i>.»</strong></li>
</ul>
<h3><em>♦ Escuela de Bibliotecología </em></h3>
<ul>
<li><span style="font-weight: 400">16hs a 18hs: </span><i><span style="font-weight: 400">«Bibliotecarios y crisis de la información</span></i><span style="font-weight: 400">«.</span></li>
</ul>
<h3><em><span style="font-weight: 400">♦ Departamento de Geografía</span></em></h3>
<ul>
<li><span style="font-weight: 400">10hs a 11hs. </span><strong>“La geografía frente a los desafíos del siglo XXI: comprender un mundo en transformación (Laboratorio de Estudios Territoriales -LET)</strong><span style="font-weight: 400"><strong>”</strong>. Dra. Luciana Buffalo y Dra. Carolina Cisterna y equipo. </span></li>
<li>11hs a 12hs.<strong> “¿De qué trabaja un geógrafo/a hoy? Mapas, datos, tecnologías y nuevas oportunidades profesionales (Laboratorio de Estudios Territoriales -LET)</strong><strong>”</strong>. Dra. Luciana Buffalo y Dra. Carolina Cisterna y equipo.</li>
<li><strong>11hs a 12 hs. “Diagnóstico y Planificación Participativa del territorio de la Comuna de Charbonier, Punilla. Bases para el Ordenamiento Ambiental-Territorial.” </strong>Dirección: Dr. Joaquin U. Deon Favre. Dpto. de Geografía e Ing. Agr. (MSc.) Gabriel H. (Dto. de Desarrollo Rural – Facultad de Ciencias Agropecuarias/UNC. Integrantes: Ailin Lescano, Julieta Ludueña, Loyola Alejo, Nahuel Brollo, Sabrina Aguirre, Silvia Córdoba, Aichino Lucía (Dpto. de Geografía &#8211; Facultad de Filosofía y Humanidades/UNC)</li>
<li><strong>10hs a 12 hs. “De los datos al territorio: el aporte de la geografía y los sistemas de Información geográfica (SIG) para la planificación de la infraestructura eléctrica de Córdoba.”</strong> Lic. Helena Sangroniz y Lic. Tabaré Martinez</li>
<li><strong>10hs a 12 hs. “Riesgo de inundaciones y ordenamiento territorial.”</strong> Lic. Ana Laura Rydzewski y Lic. Antonella Carena</li>
<li>10hs a 12 hs. <strong>“Análisis espacial para la toma de decisiones basada en evidencia. Aplicamos Sistemas de Información Geográfica (SIG), cartografía digital y análisis territorial para transformar datos estadísticos en información útil para la planificación y las políticas públicas.</strong><strong>”</strong> Lic. Cecilia Senmartin; Lic. Lisandro Barrionuevo; Lic. Andrea Airala</li>
<li>12hs a 14 hs.<strong> “Datos que se convierten en decisiones: el aporte del geógrafo a la gestión pública.</strong><strong>”</strong> Lic. Luz Fuentes; Lic. Fernando Galarza; Lic. Fátima Martín; Lic. Helena Sangroniz y Lic. Antonella Carena.</li>
</ul>
<h3><em>♦ Departamento de Antropología</em></h3>
<ul>
<li><span style="font-weight: 400">10 a 11:30hs<strong> «</strong></span><strong>Reconstruir las dinámicas de las poblaciones humanas en el pasado con datos biológicos</strong><span style="font-weight: 400"><strong>«</strong> Prof. Pierre Luisi</span></li>
<li>10 a 11:30hs <strong>«Lo diminuto en arqueología: el pasado en escalas de aumento</strong><strong>«</strong> Prof. Marilin Calo</li>
<li>10 a 12hs &#8211; <strong>«Estudio y puesta en valor de colecciones antropológicas</strong><strong>«</strong> &#8211; Prof. Eduardo Pautassi</li>
</ul>
<h3><em>♦ Escuela de Historia</em></h3>
<ul>
<li><span style="font-weight: 400">10 a 11 hs <strong>«Experiencias del oficio de historiar»</strong> A cargo de Agustín Moreno.</span></li>
<li>16 a 17 hs <strong>«Experiencias del oficio de historiar»</strong> A cargo de Nicolás Raboni.</li>
</ul>

<p>Junto a escuelas y departamentos, profes del ingreso y áreas de extensión y graduades de la Facultad se realizará una</p>
