{"id":268,"date":"2018-12-18T18:03:31","date_gmt":"2018-12-18T18:03:31","guid":{"rendered":"https:\/\/ffyh.unc.edu.ar\/sae\/?page_id=268"},"modified":"2026-03-03T18:28:28","modified_gmt":"2026-03-03T18:28:28","slug":"regimen-de-cursado-2","status":"publish","type":"page","link":"https:\/\/ffyh.unc.edu.ar\/sae\/regimen-de-cursado-2\/","title":{"rendered":"Problema con la cursada"},"content":{"rendered":"<p>Ante inconvenientes para asistir a clases y cumplir con el requisito de asistencia, revisar los R\u00e9gimenes de Cursado de nuestra Facultad.<\/p>\n<ul>\n<li><b>R\u00e9gimen de cursado en la Facultad <\/b><\/li>\n<\/ul>\n<p style=\"padding-left: 40px\"><span style=\"font-weight: 400\">Tanto en el Curso de Nivelaci\u00f3n como en las dem\u00e1s materias, existe una organizaci\u00f3n de las instancias de cursado y rendido establecida seg\u00fan el <\/span><a href=\"https:\/\/sitio.ffyh.unc.edu.ar\/casaverde\/2025\/12\/22\/nuevo-regimen-de-estudiantes-vigente-desde-2026\/\"><span style=\"font-weight: 400\">R\u00e9gimen de alumno<\/span><\/a><span style=\"font-weight: 400\"> de la FFyH. All\u00ed se establece que no todas las instancias tienen el mismo valor de obligatoriedad en relaci\u00f3n a la asistencia. Esto quiere decir que es posible realizar trayectos con bajo porcentaje de asistencia y mayor exigencia a la hora del examen (condici\u00f3n de cursado regular). <\/span><\/p>\n<p style=\"padding-left: 40px\"><span style=\"font-weight: 400\">Si no pod\u00e9s asistir a clases, casi todos los espacios curriculares se pueden rendir libre, a excepci\u00f3n de seminarios y pr\u00e1cticas que, por sus caracter\u00edsticas, exigen de un proceso que se realiza de manera presencial.<\/span><\/p>\n<p><b>En 2026 entra en vigencia el nuevo R\u00e9gimen de Estudiantes de la FFyH<\/b><\/p>\n<p style=\"padding-left: 40px\">Como principales modificaciones, el R\u00e9gimen de Estudiantes deroga y unifica normativas previas, entre ellas la RHCD 363\/99, la RHCD 172\/12 (R\u00e9gimen de alumno trabajador y\/o con familiar a cargo), la RHCD 324\/14 (Eximici\u00f3n de faltas para clases e instancias evaluativas en caso de paro de transporte); la RHCD 353\/14 (Extensi\u00f3n de Regularidad por 3 a\u00f1os, 4 con solicitud, y Promoci\u00f3n por 1 a\u00f1o); la RD 935\/17 (Extensi\u00f3n de la vigencia de la promoci\u00f3n en el espacio curricular de las carreras de profesorado: Taller de Pr\u00e1ctica Docente y Residencia); la Res. No 149\/19 (R\u00e9gimen de Reparcializaci\u00f3n), la Resoluci\u00f3n 331\/20 (Certificado \u00fanico para estudiantes con restricciones de acceso para el cursado virtual) y la RHCD 363\/21 (Habilitaci\u00f3n de Promoci\u00f3n Directa).<\/p>\n<p style=\"padding-left: 40px\">Entre los aspectos m\u00e1s importantes del nuevo texto se destacan aquellos vinculados a ciudadan\u00eda universitaria, bienestar estudiantil, ingreso, cursado y evaluaci\u00f3n, e inclusi\u00f3n y diversidad.<\/p>\n<p style=\"padding-left: 40px\">Informaci\u00f3n completa sobre el nuevo R\u00e9gimen de Alumnxs: <a href=\"https:\/\/sitio.ffyh.unc.edu.ar\/casaverde\/2025\/12\/22\/nuevo-regimen-de-estudiantes-vigente-desde-2026\/\">Click AC\u00c1<\/a><\/p>\n<ul>\n<li><b>CUE (Certificado \u00danico para Estudiantes)<\/b><\/li>\n<\/ul>\n<p style=\"padding-left: 40px\">Este Certificado viene a reemplazar el RET, Certificado que se daba bajo el \u00a0R\u00e9gimen de Estudiante Trabajador y\/o con familiares a cargo (descargar). <a href=\"https:\/\/ffyh.unc.edu.ar\/sae\/regimen-de-estudiante-trabajador-y-o-con-familiares-a-cargo\/\">Informaci\u00f3n completa AC\u00c1.<\/a><\/p>\n<ul>\n<li><strong>Licencias Estudiantiles<\/strong><\/li>\n<\/ul>\n<p style=\"padding-left: 40px\">El Reglamento Interno de Licencias Estudiantiles para la Facultad de Filosof\u00eda y Humanidades establece dos tipos de licencia estudiantil, pod\u00e9s encontrar la informaci\u00f3n haciendo <a href=\"https:\/\/ffyh.unc.edu.ar\/sae\/tramites-administrativos\/licencias-estudiantiles\/\">click AC\u00c1.<\/a><\/p>\n","protected":false},"excerpt":{"rendered":"<p>Ante inconvenientes para asistir a clases y cumplir con el requisito de asistencia, revisar los R\u00e9gimenes de Cursado de nuestra<\/p>\n","protected":false},"author":27,"featured_media":0,"parent":0,"menu_order":0,"comment_status":"closed","ping_status":"closed","template":"","meta":{"_acf_changed":false,"saved_in_kubio":false,"colormag_page_container_layout":"default_layout","colormag_page_sidebar_layout":"default_layout","_monsterinsights_skip_tracking":false,"_monsterinsights_sitenote_active":false,"_monsterinsights_sitenote_note":"","_monsterinsights_sitenote_category":0,"footnotes":""},"class_list":["post-268","page","type-page","status-publish","hentry"],"acf":[],"kubio_ai_page_context":{"short_desc":"","purpose":"general"},"_links":{"self":[{"href":"https:\/\/ffyh.unc.edu.ar\/sae\/wp-json\/wp\/v2\/pages\/268","targetHints":{"allow":["GET"]}}],"collection":[{"href":"https:\/\/ffyh.unc.edu.ar\/sae\/wp-json\/wp\/v2\/pages"}],"about":[{"href":"https:\/\/ffyh.unc.edu.ar\/sae\/wp-json\/wp\/v2\/types\/page"}],"author":[{"embeddable":true,"href":"https:\/\/ffyh.unc.edu.ar\/sae\/wp-json\/wp\/v2\/users\/27"}],"replies":[{"embeddable":true,"href":"https:\/\/ffyh.unc.edu.ar\/sae\/wp-json\/wp\/v2\/comments?post=268"}],"version-history":[{"count":13,"href":"https:\/\/ffyh.unc.edu.ar\/sae\/wp-json\/wp\/v2\/pages\/268\/revisions"}],"predecessor-version":[{"id":2417,"href":"https:\/\/ffyh.unc.edu.ar\/sae\/wp-json\/wp\/v2\/pages\/268\/revisions\/2417"}],"wp:attachment":[{"href":"https:\/\/ffyh.unc.edu.ar\/sae\/wp-json\/wp\/v2\/media?parent=268"}],"curies":[{"name":"wp","href":"https:\/\/api.w.org\/{rel}","templated":true}]}}