{"id":8,"date":"2018-07-23T17:38:59","date_gmt":"2018-07-23T17:38:59","guid":{"rendered":"https:\/\/ffyh.unc.edu.ar\/sae\/?page_id=8"},"modified":"2024-03-20T13:53:40","modified_gmt":"2024-03-20T13:53:40","slug":"tramites-administrativos","status":"publish","type":"page","link":"https:\/\/ffyh.unc.edu.ar\/sae\/tramites-administrativos\/","title":{"rendered":"Tr\u00e1mites administrativos"},"content":{"rendered":"<p><a href=\"https:\/\/ffyh.unc.edu.ar\/sae\/usuario-mi-unc\/\">Usuario Mi UNC<\/a><\/p>\n<p><a href=\"https:\/\/ffyh.unc.edu.ar\/sae\/tramites-administrativos\/regimen-de-reparcializacion-en-la-ffyh\/\">R\u00c9GIMEN DE REPARCIALIZACI\u00d3N EN LA FFYH<\/a><\/p>\n<p><a href=\"https:\/\/ffyh.unc.edu.ar\/sae\/tramites-administrativos\/ingreso-de-estudiantes-mayores-de-25-anos\/\">Ingreso de estudiantes mayores de 25 a\u00f1os<\/a><\/p>\n<p><a href=\"https:\/\/ffyh.unc.edu.ar\/sae\/extension-de-la-regularidad\/\">Extensi\u00f3n de la Regularidad\u00a0<\/a><\/p>\n<p><a href=\"https:\/\/ffyh.unc.edu.ar\/sae\/tramites-administrativos\/licencias-estudiantiles\/\">Licencias Estudiantiles<\/a><\/p>\n<p><a href=\"https:\/\/ffyh.unc.edu.ar\/sae\/tramites-administrativos\/pases-y-equivalencias\/\">Pases y Equivalencias<\/a><\/p>\n<p><a href=\"https:\/\/ffyh.unc.edu.ar\/sae\/examenes-finales\/\">Ex\u00e1menes finales<\/a><\/p>\n<p><a href=\"https:\/\/ffyh.unc.edu.ar\/sae\/tramites-administrativos\/estudiantes-vocacionales\/\">Estudiantes Vocacionales\u00a0<\/a><\/p>\n<p><a href=\"https:\/\/ffyh.unc.edu.ar\/sae\/encuesta-estudiantil-docente\/\">Encuesta estudiantil sobre el desempe\u00f1o docente<\/a><\/p>\n<p><a href=\"https:\/\/ffyh.unc.edu.ar\/sae\/tramites-administrativos\/colaciones-de-grado\/\">Colaciones de grado<\/a><\/p>\n<p><a href=\"https:\/\/blogs.ffyh.unc.edu.ar\/casaVerde\/estudiantes\/inscripcion-a-carrera-de-la-misma-escuela\/\">Inscripci\u00f3n a nueva carrera de la Misma Escuela\/Departamento<\/a><\/p>\n<p><a href=\"https:\/\/ffyh.unc.edu.ar\/sae\/matriculacion-e-inscripciones\/\">Matriculaci\u00f3n definitiva para ingresantes<\/a><\/p>\n<p><a href=\"https:\/\/blogs.ffyh.unc.edu.ar\/casaVerde\/estudiantes\/solicitud-de-certificado-analitico\/\">Solicitud de Certificados Anal\u00edticos<\/a><\/p>\n<p><a href=\"https:\/\/ffyh.unc.edu.ar\/sae\/tramites-administrativos\/estudiantes-de-origen-extranjero\/\">Estudiantes de origen extranjero<\/a><\/p>\n","protected":false},"excerpt":{"rendered":"<p>Usuario Mi UNC R\u00c9GIMEN DE REPARCIALIZACI\u00d3N EN LA FFYH Ingreso de estudiantes mayores de 25 a\u00f1os Extensi\u00f3n de la Regularidad\u00a0<\/p>\n","protected":false},"author":1,"featured_media":0,"parent":0,"menu_order":0,"comment_status":"closed","ping_status":"closed","template":"","meta":{"_acf_changed":false,"saved_in_kubio":false,"colormag_page_container_layout":"default_layout","colormag_page_sidebar_layout":"default_layout","_monsterinsights_skip_tracking":false,"_monsterinsights_sitenote_active":false,"_monsterinsights_sitenote_note":"","_monsterinsights_sitenote_category":0,"footnotes":""},"class_list":["post-8","page","type-page","status-publish","hentry"],"acf":[],"kubio_ai_page_context":{"short_desc":"","purpose":"general"},"_links":{"self":[{"href":"https:\/\/ffyh.unc.edu.ar\/sae\/wp-json\/wp\/v2\/pages\/8","targetHints":{"allow":["GET"]}}],"collection":[{"href":"https:\/\/ffyh.unc.edu.ar\/sae\/wp-json\/wp\/v2\/pages"}],"about":[{"href":"https:\/\/ffyh.unc.edu.ar\/sae\/wp-json\/wp\/v2\/types\/page"}],"author":[{"embeddable":true,"href":"https:\/\/ffyh.unc.edu.ar\/sae\/wp-json\/wp\/v2\/users\/1"}],"replies":[{"embeddable":true,"href":"https:\/\/ffyh.unc.edu.ar\/sae\/wp-json\/wp\/v2\/comments?post=8"}],"version-history":[{"count":13,"href":"https:\/\/ffyh.unc.edu.ar\/sae\/wp-json\/wp\/v2\/pages\/8\/revisions"}],"predecessor-version":[{"id":1826,"href":"https:\/\/ffyh.unc.edu.ar\/sae\/wp-json\/wp\/v2\/pages\/8\/revisions\/1826"}],"wp:attachment":[{"href":"https:\/\/ffyh.unc.edu.ar\/sae\/wp-json\/wp\/v2\/media?parent=8"}],"curies":[{"name":"wp","href":"https:\/\/api.w.org\/{rel}","templated":true}]}}