{"id":1366,"date":"2015-06-10T11:48:06","date_gmt":"2015-06-10T14:48:06","guid":{"rendered":"http:\/\/secyt.ffyh.unc.edu.ar\/?page_id=1366"},"modified":"2025-08-06T15:45:39","modified_gmt":"2025-08-06T15:45:39","slug":"contacto","status":"publish","type":"page","link":"https:\/\/ffyh.unc.edu.ar\/secyt\/contacto\/","title":{"rendered":"CONTACTO"},"content":{"rendered":"<p><strong>Secretar\u00eda de Investigaci\u00f3n, Ciencia y T\u00e9cnica<\/strong><br \/>\nFacultad de Filosof\u00eda y Humanidades \u2013 UNC<\/p>\n<p><strong>Domicilio postal:<\/strong><br \/>\nPabell\u00f3n Residencial, Planta Baja, Ciudad Universitaria.<br \/>\nC\u00f3rdoba, CP 5016<\/p>\n<p><strong>Tel\u00e9fono:<\/strong><br \/>\n0351-5353610 (Int. 50045)<br \/>\n<em>Nota: Tel\u00e9fono IP<\/em><\/p>\n<p><strong>Correo electr\u00f3nico:<\/strong><br \/>\n<a rel=\"noopener\">secyt@ffyh.unc.edu.ar<\/a><\/p>\n<p><strong>Horario de atenci\u00f3n:<\/strong><br \/>\nLunes a Viernes, de 10:30 a 16:30 hs.<\/p>\n<p><img loading=\"lazy\" decoding=\"async\" class=\"wp-image-5325 alignleft\" src=\"http:\/\/ffyh.unc.edu.ar\/secyt\/wp-content\/uploads\/sites\/22\/2025\/08\/6069541-150x150.png\" alt=\"\" width=\"55\" height=\"55\" srcset=\"https:\/\/ffyh.unc.edu.ar\/secyt\/wp-content\/uploads\/sites\/22\/2025\/08\/6069541-150x150.png 150w, https:\/\/ffyh.unc.edu.ar\/secyt\/wp-content\/uploads\/sites\/22\/2025\/08\/6069541-300x300.png 300w, https:\/\/ffyh.unc.edu.ar\/secyt\/wp-content\/uploads\/sites\/22\/2025\/08\/6069541.png 512w\" sizes=\"auto, (max-width: 55px) 100vw, 55px\" \/><\/p>\n<p style=\"padding-left: 80px\"><strong>Suscripci\u00f3n:<\/strong><br \/>\nPara recibir nuestras novedades, env\u00eda un correo electr\u00f3nico con el asunto \u00abSUSCRIPCI\u00d3N\u00bb a:<br \/>\n<a href=\"mailto:secyt@ffyh.unc.edu.ar\">secyt@ffyh.unc.edu.ar<\/a><\/p>\n<p>&nbsp;<\/p>\n<div><\/div>\n<div><\/div>\n","protected":false},"excerpt":{"rendered":"<p>Secretar\u00eda de Investigaci\u00f3n, Ciencia y T\u00e9cnica Facultad de Filosof\u00eda y Humanidades \u2013 UNC Domicilio postal: Pabell\u00f3n Residencial, Planta Baja, Ciudad<\/p>\n","protected":false},"author":1,"featured_media":0,"parent":0,"menu_order":19,"comment_status":"closed","ping_status":"closed","template":"","meta":{"_acf_changed":false,"colormag_page_container_layout":"default_layout","colormag_page_sidebar_layout":"default_layout","footnotes":""},"class_list":["post-1366","page","type-page","status-publish","hentry"],"acf":[],"_links":{"self":[{"href":"https:\/\/ffyh.unc.edu.ar\/secyt\/wp-json\/wp\/v2\/pages\/1366","targetHints":{"allow":["GET"]}}],"collection":[{"href":"https:\/\/ffyh.unc.edu.ar\/secyt\/wp-json\/wp\/v2\/pages"}],"about":[{"href":"https:\/\/ffyh.unc.edu.ar\/secyt\/wp-json\/wp\/v2\/types\/page"}],"author":[{"embeddable":true,"href":"https:\/\/ffyh.unc.edu.ar\/secyt\/wp-json\/wp\/v2\/users\/1"}],"replies":[{"embeddable":true,"href":"https:\/\/ffyh.unc.edu.ar\/secyt\/wp-json\/wp\/v2\/comments?post=1366"}],"version-history":[{"count":19,"href":"https:\/\/ffyh.unc.edu.ar\/secyt\/wp-json\/wp\/v2\/pages\/1366\/revisions"}],"predecessor-version":[{"id":5327,"href":"https:\/\/ffyh.unc.edu.ar\/secyt\/wp-json\/wp\/v2\/pages\/1366\/revisions\/5327"}],"wp:attachment":[{"href":"https:\/\/ffyh.unc.edu.ar\/secyt\/wp-json\/wp\/v2\/media?parent=1366"}],"curies":[{"name":"wp","href":"https:\/\/api.w.org\/{rel}","templated":true}]}}

<p><strong>Secretaría de Investigación, Ciencia y Técnica</strong><br />
Facultad de Filosofía y Humanidades – UNC</p>
<p><strong>Domicilio postal:</strong><br />
Pabellón Residencial, Planta Baja, Ciudad Universitaria.<br />
Córdoba, CP 5016</p>
<p><strong>Teléfono:</strong><br />
0351-5353610 (Int. 50045)<br />
<em>Nota: Teléfono IP</em></p>
<p><strong>Correo electrónico:</strong><br />
<a rel="noopener">secyt@ffyh.unc.edu.ar</a></p>
<p><strong>Horario de atención:</strong><br />
Lunes a Viernes, de 10:30 a 16:30 hs.</p>
<p><img loading="lazy" decoding="async" class="wp-image-5325 alignleft" src="http://ffyh.unc.edu.ar/secyt/wp-content/uploads/sites/22/2025/08/6069541-150x150.png" alt="" width="55" height="55" srcset="https://ffyh.unc.edu.ar/secyt/wp-content/uploads/sites/22/2025/08/6069541-150x150.png 150w, https://ffyh.unc.edu.ar/secyt/wp-content/uploads/sites/22/2025/08/6069541-300x300.png 300w, https://ffyh.unc.edu.ar/secyt/wp-content/uploads/sites/22/2025/08/6069541.png 512w" sizes="auto, (max-width: 55px) 100vw, 55px" /></p>
<p style="padding-left: 80px"><strong>Suscripción:</strong><br />
Para recibir nuestras novedades, envía un correo electrónico con el asunto «SUSCRIPCIÓN» a:<br />
<a href="mailto:secyt@ffyh.unc.edu.ar">secyt@ffyh.unc.edu.ar</a></p>
<p>&nbsp;</p>
<div></div>
<div></div>

<p>Secretaría de Investigación, Ciencia y Técnica Facultad de Filosofía y Humanidades – UNC Domicilio postal: Pabellón Residencial, Planta Baja, Ciudad</p>
