{"id":4160,"date":"2024-05-30T18:35:49","date_gmt":"2024-05-30T18:35:49","guid":{"rendered":"https:\/\/ffyh.unc.edu.ar\/secyt\/?page_id=4160"},"modified":"2025-04-25T12:25:41","modified_gmt":"2025-04-25T12:25:41","slug":"portafolios-area-de-internacionalizacion-de-la-ciencia","status":"publish","type":"page","link":"https:\/\/ffyh.unc.edu.ar\/secyt\/listado-de-proyectos-y-programas\/portafolios-area-de-internacionalizacion-de-la-ciencia\/","title":{"rendered":"Portafolios: Internacionalizaci\u00f3n de la Ciencia"},"content":{"rendered":"<p><img loading=\"lazy\" decoding=\"async\" class=\"wp-image-4164 size-medium alignleft\" src=\"http:\/\/ffyh.unc.edu.ar\/secyt\/wp-content\/uploads\/sites\/22\/2024\/05\/Black-Red-Modern-Creative-Wave-Business-Card-1-300x101.png\" alt=\"\" width=\"300\" height=\"101\" srcset=\"https:\/\/ffyh.unc.edu.ar\/secyt\/wp-content\/uploads\/sites\/22\/2024\/05\/Black-Red-Modern-Creative-Wave-Business-Card-1-300x101.png 300w, https:\/\/ffyh.unc.edu.ar\/secyt\/wp-content\/uploads\/sites\/22\/2024\/05\/Black-Red-Modern-Creative-Wave-Business-Card-1-768x259.png 768w, https:\/\/ffyh.unc.edu.ar\/secyt\/wp-content\/uploads\/sites\/22\/2024\/05\/Black-Red-Modern-Creative-Wave-Business-Card-1.png 1004w\" sizes=\"auto, (max-width: 300px) 100vw, 300px\" \/><\/p>\n<p>Los portafolios son herramientas para la internacionalizaci\u00f3n de la ciencia. Estos documentos agrupan informaci\u00f3n sobre proyectos y programas de investigaci\u00f3n, permitiendo identificar posibles \u00e1reas de cooperaci\u00f3n cient\u00edfica, as\u00ed como las principales caracter\u00edsticas e intereses de cada proyecto de investigaci\u00f3n.<\/p>\n<div>\n<p>As\u00ed, los portafolios permiten visibilizar los equipos de investigaci\u00f3n de la FFyH a fin\u00a0 de promover el intercambio de conocimientos y la colaboraci\u00f3n entre investigadores, facilitando la conexi\u00f3n con redes internacionales y el acceso a oportunidades de financiamiento y apoyo.<\/p>\n<p>\u00bfQu\u00e9 encontrar\u00e1s en los portafolios?<\/p>\n<ul>\n<li>Descripci\u00f3n de proyectos:\u00a0una breve presentaci\u00f3n, sus integrantes y las principales actividades y propuestas desarrolladas, entre otros aspectos.<\/li>\n<li>\u00c1reas de investigaci\u00f3n:\u00a0identificaci\u00f3n de \u00e1reas y tem\u00e1ticas de inter\u00e9s y especializaci\u00f3n para facilitar la cooperaci\u00f3n.<\/li>\n<\/ul>\n<\/div>\n<div><span style=\"font-size: small\">\u00a0<\/span><\/div>\n<blockquote>\n<div><span style=\"font-size: small\"><b>\u00cdNDICE DE PORTAFOLIOS<\/b>: <strong><a href=\"https:\/\/drive.google.com\/file\/d\/1tmj-QtYuk76fsInk0diNGndewLstlGjP\/view?usp=drive_link\" target=\"_blank\" rel=\"noopener\">ingresar<\/a>\u00a0<\/strong><\/span><\/div>\n<div><\/div>\n<\/blockquote>\n<div><span style=\"font-size: small\">\u00a0<\/span><\/div>\n<blockquote>\n<div><span style=\"font-size: small\"><b>ACCEDER A LOS PORTAFOLIOS: <a href=\"https:\/\/drive.google.com\/drive\/folders\/15I7HFB5bYimqNSZdVteB1-kopTQWvH2G\" target=\"_blank\" rel=\"noopener\">ingresar<\/a><\/b><\/span><\/div>\n<\/blockquote>\n<div><\/div>\n<div>\n<hr \/>\n<p><strong>Consultas:<\/strong><br \/>\nPara m\u00e1s informaci\u00f3n o consultas sobre la internacionalizaci\u00f3n de la ciencia: <a href=\"mailto:internacionalizacion@ffyh.unc.edu.ar\">internacionalizacion@ffyh.unc.edu.ar<\/a><\/p>\n<\/div>\n","protected":false},"excerpt":{"rendered":"<p>Los portafolios son herramientas para la internacionalizaci\u00f3n de la ciencia. Estos documentos agrupan informaci\u00f3n sobre proyectos y programas de investigaci\u00f3n,<\/p>\n","protected":false},"author":8,"featured_media":0,"parent":4065,"menu_order":0,"comment_status":"closed","ping_status":"closed","template":"","meta":{"_acf_changed":false,"colormag_page_container_layout":"default_layout","colormag_page_sidebar_layout":"default_layout","footnotes":""},"class_list":["post-4160","page","type-page","status-publish","hentry"],"acf":[],"_links":{"self":[{"href":"https:\/\/ffyh.unc.edu.ar\/secyt\/wp-json\/wp\/v2\/pages\/4160","targetHints":{"allow":["GET"]}}],"collection":[{"href":"https:\/\/ffyh.unc.edu.ar\/secyt\/wp-json\/wp\/v2\/pages"}],"about":[{"href":"https:\/\/ffyh.unc.edu.ar\/secyt\/wp-json\/wp\/v2\/types\/page"}],"author":[{"embeddable":true,"href":"https:\/\/ffyh.unc.edu.ar\/secyt\/wp-json\/wp\/v2\/users\/8"}],"replies":[{"embeddable":true,"href":"https:\/\/ffyh.unc.edu.ar\/secyt\/wp-json\/wp\/v2\/comments?post=4160"}],"version-history":[{"count":32,"href":"https:\/\/ffyh.unc.edu.ar\/secyt\/wp-json\/wp\/v2\/pages\/4160\/revisions"}],"predecessor-version":[{"id":4172,"href":"https:\/\/ffyh.unc.edu.ar\/secyt\/wp-json\/wp\/v2\/pages\/4160\/revisions\/4172"}],"up":[{"embeddable":true,"href":"https:\/\/ffyh.unc.edu.ar\/secyt\/wp-json\/wp\/v2\/pages\/4065"}],"wp:attachment":[{"href":"https:\/\/ffyh.unc.edu.ar\/secyt\/wp-json\/wp\/v2\/media?parent=4160"}],"curies":[{"name":"wp","href":"https:\/\/api.w.org\/{rel}","templated":true}]}}