{"id":4360,"date":"2024-08-16T01:15:56","date_gmt":"2024-08-16T01:15:56","guid":{"rendered":"https:\/\/ffyh.unc.edu.ar\/secyt\/?page_id=4360"},"modified":"2025-06-19T15:08:25","modified_gmt":"2025-06-19T15:08:25","slug":"vinculacion-secyt-unc","status":"publish","type":"page","link":"https:\/\/ffyh.unc.edu.ar\/secyt\/vinculacion-secyt-unc\/","title":{"rendered":"VINCULACI\u00d3N CON SECYT UNC"},"content":{"rendered":"<p><span style=\"font-size: 12pt\">La SeICyT FFyH trabaja de manera articulada con la Secretar\u00eda de Ciencia y Tecnolog\u00eda y con la Secretar\u00eda de Vinculaci\u00f3n e Innovaci\u00f3n de la Universidad Nacional de C\u00f3rdoba (UNC). Las autoridades de SeICyT integran los Consejos Asesores de ambas secretar\u00edas, participando en la toma de decisiones estrat\u00e9gicas.<\/span><\/p>\n<p><span style=\"font-size: 12pt\">Esta articulaci\u00f3n permite la coordinaci\u00f3n\u00a0 de convocatorias, incluyendo difusi\u00f3n, inscripci\u00f3n y admisi\u00f3n en el \u00e1mbito de la FFyH. Adem\u00e1s, les investigadores de nuestra Facultad forman parte de las Comisiones Evaluadoras Permanentes de SeCyT UNC y de las Comisiones Temporales que se establecen para evaluar convocatorias espec\u00edficas, como las Becas EVC CIN, entre otras.<\/span><\/p>\n<p><span style=\"font-size: 12pt\">Entre las principales tareas coordinadas se incluyen:<\/span><\/p>\n<ul>\n<li><span style=\"font-size: 12pt\"><a href=\"https:\/\/ffyh.unc.edu.ar\/secyt\/vinculacion-secyt-unc\/comisiones-evaluadoras-secyt-unc\/\">Integraci\u00f3n de Comisiones evaluadoras<\/a>: Las Comisiones Evaluadoras de SeCyT UNC analizan y califican propuestas de investigaci\u00f3n y solicitudes de becas, recomendando la asignaci\u00f3n de recursos seg\u00fan criterios de calidad y relevancia. Adem\u00e1s, supervisan el progreso de los proyectos financiados y garantizan la transparencia y equidad en todo el proceso de evaluaci\u00f3n, participando tambi\u00e9n en comisiones temporales para convocatorias espec\u00edficas.<\/span><\/li>\n<li><span style=\"font-size: 12pt\"><a href=\"https:\/\/www.unc.edu.ar\/ciencia-y-tecnolog%C3%ADa\/subsidios-secyt\">Subsidios a Proyectos y Programas de Investigaci\u00f3n:<\/a> Apoyo econ\u00f3mico para la ejecuci\u00f3n de proyectos de investigaci\u00f3n.<\/span><\/li>\n<li><span style=\"font-size: 12pt\"><a href=\"https:\/\/www.unc.edu.ar\/ciencia-y-tecnolog%C3%ADa\/becas-secyt\">Becas de Posgrado:<\/a> Apoyo a estudiantes para el desarrollo de sus tesis de maestr\u00eda y doctorado, as\u00ed como actividades de posdoctorado.<\/span><\/li>\n<li><span style=\"font-size: 12pt\"><a href=\"https:\/\/www.unc.edu.ar\/ciencia-y-tecnolog%C3%ADa\/apoyos-econ%C3%B3micos\">Apoyos Econ\u00f3micos<\/a>: Para la organizaci\u00f3n de eventos, publicaciones acad\u00e9micas y viajes de investigaci\u00f3n.<\/span><\/li>\n<li><span style=\"font-size: 12pt\"><a href=\"https:\/\/www.unc.edu.ar\/ciencia-y-tecnolog%C3%ADa\/programa-de-modernizaci%C3%B3n-tecnol%C3%B3gica\">Programa de Modernizaci\u00f3n tecnol\u00f3gica<\/a>: Financiamiento para iniciativas estrat\u00e9gicas de la instituci\u00f3n.<\/span><\/li>\n<\/ul>\n<p><span style=\"font-size: 12pt\">Acceder a los sistemas de gesti\u00f3n:<\/span><\/p>\n<p><a href=\"https:\/\/sigeva.unc.edu.ar\/auth\/\"><img loading=\"lazy\" decoding=\"async\" class=\"alignnone wp-image-2850\" src=\"http:\/\/ffyh.unc.edu.ar\/secyt\/wp-content\/uploads\/sites\/22\/2021\/09\/1-e1632755441162-300x213.png\" alt=\"\" width=\"199\" height=\"141\" srcset=\"https:\/\/ffyh.unc.edu.ar\/secyt\/wp-content\/uploads\/sites\/22\/2021\/09\/1-e1632755441162-300x213.png 300w, https:\/\/ffyh.unc.edu.ar\/secyt\/wp-content\/uploads\/sites\/22\/2021\/09\/1-e1632755441162-1024x726.png 1024w, https:\/\/ffyh.unc.edu.ar\/secyt\/wp-content\/uploads\/sites\/22\/2021\/09\/1-e1632755441162-768x545.png 768w, https:\/\/ffyh.unc.edu.ar\/secyt\/wp-content\/uploads\/sites\/22\/2021\/09\/1-e1632755441162.png 1080w\" sizes=\"auto, (max-width: 199px) 100vw, 199px\" \/>\u00a0\u00a0<\/a><\/p>\n<p><a href=\"https:\/\/weke.secyt.unc.edu.ar\/login.php\"><img loading=\"lazy\" decoding=\"async\" class=\"alignnone wp-image-2851\" src=\"http:\/\/ffyh.unc.edu.ar\/secyt\/wp-content\/uploads\/sites\/22\/2021\/09\/2-1-e1632755489907-300x256.png\" alt=\"\" width=\"193\" height=\"164\" srcset=\"https:\/\/ffyh.unc.edu.ar\/secyt\/wp-content\/uploads\/sites\/22\/2021\/09\/2-1-e1632755489907-300x256.png 300w, https:\/\/ffyh.unc.edu.ar\/secyt\/wp-content\/uploads\/sites\/22\/2021\/09\/2-1-e1632755489907-1024x872.png 1024w, https:\/\/ffyh.unc.edu.ar\/secyt\/wp-content\/uploads\/sites\/22\/2021\/09\/2-1-e1632755489907-768x654.png 768w, https:\/\/ffyh.unc.edu.ar\/secyt\/wp-content\/uploads\/sites\/22\/2021\/09\/2-1-e1632755489907.png 1080w\" sizes=\"auto, (max-width: 193px) 100vw, 193px\" \/><\/a><\/p>\n<ul>\n<li>Enlace Weke para rendici\u00f3n Proyectos Consolidar 2020: <a href=\"http:\/\/weke.secyt.unc.edu.ar\/\" data-saferedirecturl=\"https:\/\/www.google.com\/url?q=http:\/\/weke.secyt.unc.edu.ar\/&amp;source=gmail&amp;ust=1632778350143000&amp;usg=AFQjCNEUlqxHA8PGFVZh4pRskNLU-rvO2w\">weke.secyt.unc.edu.ar<\/a><\/li>\n<li>Enlace Weke para rendici\u00f3n Proyectos Convocatoria 2023: <a href=\"https:\/\/admin.weke.unc.edu.ar\/\">admin.weke.unc.edu.ar<\/a><\/li>\n<\/ul>\n<p>&nbsp;<\/p>\n","protected":false},"excerpt":{"rendered":"<p>La SeICyT FFyH trabaja de manera articulada con la Secretar\u00eda de Ciencia y Tecnolog\u00eda y con la Secretar\u00eda de Vinculaci\u00f3n<\/p>\n","protected":false},"author":8,"featured_media":0,"parent":0,"menu_order":11,"comment_status":"closed","ping_status":"closed","template":"","meta":{"_acf_changed":false,"colormag_page_container_layout":"default_layout","colormag_page_sidebar_layout":"default_layout","footnotes":""},"class_list":["post-4360","page","type-page","status-publish","hentry"],"acf":[],"_links":{"self":[{"href":"https:\/\/ffyh.unc.edu.ar\/secyt\/wp-json\/wp\/v2\/pages\/4360","targetHints":{"allow":["GET"]}}],"collection":[{"href":"https:\/\/ffyh.unc.edu.ar\/secyt\/wp-json\/wp\/v2\/pages"}],"about":[{"href":"https:\/\/ffyh.unc.edu.ar\/secyt\/wp-json\/wp\/v2\/types\/page"}],"author":[{"embeddable":true,"href":"https:\/\/ffyh.unc.edu.ar\/secyt\/wp-json\/wp\/v2\/users\/8"}],"replies":[{"embeddable":true,"href":"https:\/\/ffyh.unc.edu.ar\/secyt\/wp-json\/wp\/v2\/comments?post=4360"}],"version-history":[{"count":15,"href":"https:\/\/ffyh.unc.edu.ar\/secyt\/wp-json\/wp\/v2\/pages\/4360\/revisions"}],"predecessor-version":[{"id":5287,"href":"https:\/\/ffyh.unc.edu.ar\/secyt\/wp-json\/wp\/v2\/pages\/4360\/revisions\/5287"}],"wp:attachment":[{"href":"https:\/\/ffyh.unc.edu.ar\/secyt\/wp-json\/wp\/v2\/media?parent=4360"}],"curies":[{"name":"wp","href":"https:\/\/api.w.org\/{rel}","templated":true}]}}