{"id":5372,"date":"2025-09-10T16:48:13","date_gmt":"2025-09-10T16:48:13","guid":{"rendered":"https:\/\/ffyh.unc.edu.ar\/secyt\/?page_id=5372"},"modified":"2026-04-09T16:33:38","modified_gmt":"2026-04-09T19:33:38","slug":"actas-del-consejo","status":"publish","type":"page","link":"https:\/\/ffyh.unc.edu.ar\/secyt\/actas-del-consejo\/","title":{"rendered":"Actas | Comit\u00e9 de \u00e9tica"},"content":{"rendered":"<p>&nbsp;<\/p>\n<p><strong>2026<\/strong><\/p>\n<ul>\n<li><span style=\"color: #0000ff\"><a style=\"color: #0000ff\" href=\"http:\/\/ffyh.unc.edu.ar\/secyt\/wp-content\/uploads\/sites\/22\/2026\/04\/9_04_26-Acta-Comite-de-Etica-1.pdf\">Sesi\u00f3n 9 de abril de 2026<\/a><\/span><\/li>\n<li><span style=\"color: #0000ff\"><a style=\"color: #0000ff\" href=\"http:\/\/ffyh.unc.edu.ar\/secyt\/wp-content\/uploads\/sites\/22\/2026\/03\/5_03_26-Acta-Comite-de-Etica-.pdf\">Sesi\u00f3n 5 de marzo de 2026<\/a><\/span><\/li>\n<li><span style=\"color: #0000ff\"><a style=\"color: #0000ff\" href=\"http:\/\/ffyh.unc.edu.ar\/secyt\/wp-content\/uploads\/sites\/22\/2026\/02\/05_02_26-Acta-Comite-de-Etica-.pdf\">Sesi\u00f3n 5 de febrero de 2026<\/a><\/span><\/li>\n<\/ul>\n<hr \/>\n<p><strong>2025<\/strong><\/p>\n<ul>\n<li><span style=\"color: #0000ff\"><a style=\"color: #0000ff\" href=\"http:\/\/ffyh.unc.edu.ar\/secyt\/wp-content\/uploads\/sites\/22\/2026\/02\/04_12_25-Acta-Comite-de-Etica-.pdf\">Sesi\u00f3n 4 de diciembre de 2025<\/a><\/span><\/li>\n<li><span style=\"color: #0000ff\"><a style=\"color: #0000ff\" href=\"http:\/\/ffyh.unc.edu.ar\/secyt\/wp-content\/uploads\/sites\/22\/2025\/11\/06_11_25-Acta-Comite-de-Etica-.pdf\">Sesi\u00f3n 6 de noviembre de 2025<\/a><\/span><\/li>\n<li><span style=\"color: #0000ff\"><a style=\"color: #0000ff\" href=\"http:\/\/ffyh.unc.edu.ar\/secyt\/wp-content\/uploads\/sites\/22\/2025\/10\/02_10_2025-Acta-Comite-de-Etica-BLOG.pdf\">Sesi\u00f3<\/a><a style=\"color: #0000ff\" href=\"http:\/\/ffyh.unc.edu.ar\/secyt\/wp-content\/uploads\/sites\/22\/2025\/10\/02_10_2025-Acta-Comite-de-Etica-BLOG.pdf\">n 2 de octubre de 2025<\/a><\/span><\/li>\n<li><span style=\"color: #0000ff\"><a style=\"color: #0000ff\" href=\"http:\/\/ffyh.unc.edu.ar\/secyt\/wp-content\/uploads\/sites\/22\/2025\/09\/Acta-sesion-4-de-septiembre-de-2025.pdf\">Sesi\u00f3n 4 de septiembre de 2025<\/a><\/span><\/li>\n<li><span style=\"color: #0000ff\"><a style=\"color: #0000ff\" href=\"http:\/\/ffyh.unc.edu.ar\/secyt\/wp-content\/uploads\/sites\/22\/2025\/09\/Acta-sesion-21-de-agosto-de-2025.pdf\">Sesi\u00f3n 21 de agosto de 2025<\/a><\/span><\/li>\n<\/ul>\n","protected":false},"excerpt":{"rendered":"<p>&nbsp; 2026 Sesi\u00f3n 9 de abril de 2026 Sesi\u00f3n 5 de marzo de 2026 Sesi\u00f3n 5 de febrero de 2026<\/p>\n","protected":false},"author":8,"featured_media":0,"parent":0,"menu_order":0,"comment_status":"closed","ping_status":"closed","template":"","meta":{"_acf_changed":false,"colormag_page_container_layout":"default_layout","colormag_page_sidebar_layout":"default_layout","footnotes":""},"class_list":["post-5372","page","type-page","status-publish","hentry"],"acf":[],"_links":{"self":[{"href":"https:\/\/ffyh.unc.edu.ar\/secyt\/wp-json\/wp\/v2\/pages\/5372","targetHints":{"allow":["GET"]}}],"collection":[{"href":"https:\/\/ffyh.unc.edu.ar\/secyt\/wp-json\/wp\/v2\/pages"}],"about":[{"href":"https:\/\/ffyh.unc.edu.ar\/secyt\/wp-json\/wp\/v2\/types\/page"}],"author":[{"embeddable":true,"href":"https:\/\/ffyh.unc.edu.ar\/secyt\/wp-json\/wp\/v2\/users\/8"}],"replies":[{"embeddable":true,"href":"https:\/\/ffyh.unc.edu.ar\/secyt\/wp-json\/wp\/v2\/comments?post=5372"}],"version-history":[{"count":16,"href":"https:\/\/ffyh.unc.edu.ar\/secyt\/wp-json\/wp\/v2\/pages\/5372\/revisions"}],"predecessor-version":[{"id":5793,"href":"https:\/\/ffyh.unc.edu.ar\/secyt\/wp-json\/wp\/v2\/pages\/5372\/revisions\/5793"}],"wp:attachment":[{"href":"https:\/\/ffyh.unc.edu.ar\/secyt\/wp-json\/wp\/v2\/media?parent=5372"}],"curies":[{"name":"wp","href":"https:\/\/api.w.org\/{rel}","templated":true}]}}