{"id":27,"date":"2025-10-22T15:42:46","date_gmt":"2025-10-22T13:42:46","guid":{"rendered":"https:\/\/ffyh.unc.edu.ar\/tosco50\/?page_id=27"},"modified":"2025-11-04T14:29:52","modified_gmt":"2025-11-04T13:29:52","slug":"loeditadoporlaunc","status":"publish","type":"page","link":"https:\/\/ffyh.unc.edu.ar\/tosco50\/loeditadoporlaunc\/","title":{"rendered":"Lo editado por la UNC"},"content":{"rendered":"<h4>Tosco-Rucci. El debate<\/h4>\n<p>\u201cTosco-Rucci. El debate\u201d es un libro que recupera la discusi\u00f3n entre los dirigentes sindicales Agust\u00edn Tosco y Jos\u00e9 Ignacio Rucci que fue emitida en vivo, con gran audiencia, el martes 13 de febrero de 1973. La conversaci\u00f3n se difundi\u00f3 en el programa \u201cLas Dos Campanas\u201d de Canal 11, con la conducci\u00f3n de Gerardo Sofovich y Jorge Conti. Desde aquella fecha a esta parte, ese debate fue publicado en varios libros y revistas. Sin embargo, siempre se hizo sobre el texto transcripto por la revista <em>As\u00ed<\/em>, publicada tres d\u00edas despu\u00e9s del debate televisivo. En la mayor\u00eda de sus partes, aquella transcripci\u00f3n ten\u00eda grandes omisiones, tergiversaciones y no era fiel a la oralidad de lo que all\u00ed se discut\u00eda.<\/p>\n<p>Este libro fue publicado por primera vez en 2019 por el Sindicato Luz y Fuerza de C\u00f3rdoba junto con la FFyH con motivo de la conmemoraci\u00f3n de los 50 a\u00f1os del Cordobazo. Esta primera edici\u00f3n recuper\u00f3 la versi\u00f3n m\u00e1s completa del debate, fruto de la desgrabaci\u00f3n de la mayor parte de la cinta conservada con el audio original.<\/p>\n<p>En el marco de las Jornadas de Homenaje a los 50 a\u00f1os del fallecimiento de Agust\u00edn Tosco, uno de los protagonistas m\u00e1s importantes e influyentes de la historia pol\u00edtica y sindical argentina, el libro se reedita bajo el sello del \u00c1rea de Publicaciones y la Secretar\u00eda de Extensi\u00f3n de la Facultad de Filosof\u00eda y Humanidades.<\/p>\n<p>Hoy m\u00e1s que nunca, la memoria de las luchas populares y de las grandes discusiones sobre los proyectos nacionales que forjaron sus movimientos sociales y pol\u00edticos, se hace fundamental para seguir pensando un horizonte com\u00fan hacia una sociedad m\u00e1s justa, democr\u00e1tica y emancipadora.<\/p>\n<p>Para acceder al libro comun\u00edquese con el \u00c1rea de Publicaciones de la FFyH-UNC por medio del siguiente correo: <a href=\"mailto:areapublicaciones@ffyh.unc.edu.ar\">areapublicaciones@ffyh.unc.edu.ar\u00a0<\/a><\/p>\n<p><a href=\"https:\/\/ffyh.unc.edu.ar\/tosco50\/lo-editado-por-la-unc-ffyh\/tapatosco-2\/\" rel=\"attachment wp-att-311\"><img loading=\"lazy\" decoding=\"async\" class=\"wp-image-311 size-full aligncenter\" src=\"http:\/\/ffyh.unc.edu.ar\/tosco50\/wp-content\/uploads\/sites\/53\/2025\/10\/tapatosco-1.jpg\" alt=\"\" width=\"475\" height=\"613\" srcset=\"https:\/\/ffyh.unc.edu.ar\/tosco50\/wp-content\/uploads\/sites\/53\/2025\/10\/tapatosco-1.jpg 475w, https:\/\/ffyh.unc.edu.ar\/tosco50\/wp-content\/uploads\/sites\/53\/2025\/10\/tapatosco-1-232x300.jpg 232w, https:\/\/ffyh.unc.edu.ar\/tosco50\/wp-content\/uploads\/sites\/53\/2025\/10\/tapatosco-1-116x150.jpg 116w\" sizes=\"auto, (max-width: 475px) 100vw, 475px\" \/><\/a><\/p>\n<p>&nbsp;<\/p>\n","protected":false},"excerpt":{"rendered":"<p>Tosco-Rucci. El debate \u201cTosco-Rucci. El debate\u201d es un libro que recupera la discusi\u00f3n entre los dirigentes sindicales Agust\u00edn Tosco y<\/p>\n","protected":false},"author":3,"featured_media":0,"parent":0,"menu_order":0,"comment_status":"closed","ping_status":"closed","template":"","meta":{"_acf_changed":false,"colormag_page_container_layout":"default_layout","colormag_page_sidebar_layout":"default_layout","footnotes":""},"class_list":["post-27","page","type-page","status-publish","hentry"],"acf":[],"yoast_head":"<!-- This site is optimized with the Yoast SEO plugin v27.1.1 - https:\/\/yoast.com\/product\/yoast-seo-wordpress\/ -->\n<title>Lo editado por la UNC - Agust\u00edn Tosco | A 50 a\u00f1os de su fallecimiento<\/title>\n<meta name=\"robots\" content=\"index, follow, max-snippet:-1, max-image-preview:large, max-video-preview:-1\" \/>\n<link rel=\"canonical\" href=\"https:\/\/ffyh.unc.edu.ar\/tosco50\/loeditadoporlaunc\/\" \/>\n<meta property=\"og:locale\" content=\"es_ES\" \/>\n<meta property=\"og:type\" content=\"article\" \/>\n<meta property=\"og:title\" content=\"Lo editado por la UNC - Agust\u00edn Tosco | A 50 a\u00f1os de su fallecimiento\" \/>\n<meta property=\"og:description\" content=\"Tosco-Rucci. El debate \u201cTosco-Rucci. El debate\u201d es un libro que recupera la discusi\u00f3n entre los dirigentes sindicales Agust\u00edn Tosco y\" \/>\n<meta property=\"og:url\" content=\"https:\/\/ffyh.unc.edu.ar\/tosco50\/loeditadoporlaunc\/\" \/>\n<meta property=\"og:site_name\" content=\"Agust\u00edn Tosco | A 50 a\u00f1os de su fallecimiento\" \/>\n<meta property=\"article:publisher\" content=\"https:\/\/www.facebook.com\/ffyh.unc\/\" \/>\n<meta property=\"article:modified_time\" content=\"2025-11-04T13:29:52+00:00\" \/>\n<meta property=\"og:image\" content=\"https:\/\/ffyh.unc.edu.ar\/tosco50\/wp-content\/uploads\/sites\/53\/2025\/10\/tapatosco-1.jpg\" \/>\n\t<meta property=\"og:image:width\" content=\"475\" \/>\n\t<meta property=\"og:image:height\" content=\"613\" \/>\n\t<meta property=\"og:image:type\" content=\"image\/jpeg\" \/>\n<meta name=\"twitter:card\" content=\"summary_large_image\" \/>\n<meta name=\"twitter:label1\" content=\"Tiempo de lectura\" \/>\n\t<meta name=\"twitter:data1\" content=\"4 minutos\" \/>\n<script type=\"application\/ld+json\" class=\"yoast-schema-graph\">{\"@context\":\"https:\/\/schema.org\",\"@graph\":[{\"@type\":\"WebPage\",\"@id\":\"https:\/\/ffyh.unc.edu.ar\/tosco50\/loeditadoporlaunc\/\",\"url\":\"https:\/\/ffyh.unc.edu.ar\/tosco50\/loeditadoporlaunc\/\",\"name\":\"Lo editado por la UNC - Agust\u00edn Tosco | A 50 a\u00f1os de su fallecimiento\",\"isPartOf\":{\"@id\":\"https:\/\/ffyh.unc.edu.ar\/tosco50\/#website\"},\"primaryImageOfPage\":{\"@id\":\"https:\/\/ffyh.unc.edu.ar\/tosco50\/loeditadoporlaunc\/#primaryimage\"},\"image\":{\"@id\":\"https:\/\/ffyh.unc.edu.ar\/tosco50\/loeditadoporlaunc\/#primaryimage\"},\"thumbnailUrl\":\"http:\/\/ffyh.unc.edu.ar\/tosco50\/wp-content\/uploads\/sites\/53\/2025\/10\/tapatosco-1.jpg\",\"datePublished\":\"2025-10-22T13:42:46+00:00\",\"dateModified\":\"2025-11-04T13:29:52+00:00\",\"breadcrumb\":{\"@id\":\"https:\/\/ffyh.unc.edu.ar\/tosco50\/loeditadoporlaunc\/#breadcrumb\"},\"inLanguage\":\"es\",\"potentialAction\":[{\"@type\":\"ReadAction\",\"target\":[\"https:\/\/ffyh.unc.edu.ar\/tosco50\/loeditadoporlaunc\/\"]}]},{\"@type\":\"ImageObject\",\"inLanguage\":\"es\",\"@id\":\"https:\/\/ffyh.unc.edu.ar\/tosco50\/loeditadoporlaunc\/#primaryimage\",\"url\":\"https:\/\/ffyh.unc.edu.ar\/tosco50\/wp-content\/uploads\/sites\/53\/2025\/10\/tapatosco-1.jpg\",\"contentUrl\":\"https:\/\/ffyh.unc.edu.ar\/tosco50\/wp-content\/uploads\/sites\/53\/2025\/10\/tapatosco-1.jpg\",\"width\":475,\"height\":613},{\"@type\":\"BreadcrumbList\",\"@id\":\"https:\/\/ffyh.unc.edu.ar\/tosco50\/loeditadoporlaunc\/#breadcrumb\",\"itemListElement\":[{\"@type\":\"ListItem\",\"position\":1,\"name\":\"Portada\",\"item\":\"https:\/\/ffyh.unc.edu.ar\/tosco50\/\"},{\"@type\":\"ListItem\",\"position\":2,\"name\":\"Lo editado por la UNC\"}]},{\"@type\":\"WebSite\",\"@id\":\"https:\/\/ffyh.unc.edu.ar\/tosco50\/#website\",\"url\":\"https:\/\/ffyh.unc.edu.ar\/tosco50\/\",\"name\":\"Agust\u00edn Tosco | A 50 a\u00f1os de su fallecimiento\",\"description\":\"\",\"potentialAction\":[{\"@type\":\"SearchAction\",\"target\":{\"@type\":\"EntryPoint\",\"urlTemplate\":\"https:\/\/ffyh.unc.edu.ar\/tosco50\/?s={search_term_string}\"},\"query-input\":{\"@type\":\"PropertyValueSpecification\",\"valueRequired\":true,\"valueName\":\"search_term_string\"}}],\"inLanguage\":\"es\"}]}<\/script>\n<!-- \/ Yoast SEO plugin. -->","yoast_head_json":{"title":"Lo editado por la UNC - Agust\u00edn Tosco | A 50 a\u00f1os de su fallecimiento","robots":{"index":"index","follow":"follow","max-snippet":"max-snippet:-1","max-image-preview":"max-image-preview:large","max-video-preview":"max-video-preview:-1"},"canonical":"https:\/\/ffyh.unc.edu.ar\/tosco50\/loeditadoporlaunc\/","og_locale":"es_ES","og_type":"article","og_title":"Lo editado por la UNC - Agust\u00edn Tosco | A 50 a\u00f1os de su fallecimiento","og_description":"Tosco-Rucci. El debate \u201cTosco-Rucci. El debate\u201d es un libro que recupera la discusi\u00f3n entre los dirigentes sindicales Agust\u00edn Tosco y","og_url":"https:\/\/ffyh.unc.edu.ar\/tosco50\/loeditadoporlaunc\/","og_site_name":"Agust\u00edn Tosco | A 50 a\u00f1os de su fallecimiento","article_publisher":"https:\/\/www.facebook.com\/ffyh.unc\/","article_modified_time":"2025-11-04T13:29:52+00:00","og_image":[{"width":475,"height":613,"url":"https:\/\/ffyh.unc.edu.ar\/tosco50\/wp-content\/uploads\/sites\/53\/2025\/10\/tapatosco-1.jpg","type":"image\/jpeg"}],"twitter_card":"summary_large_image","twitter_misc":{"Tiempo de lectura":"4 minutos"},"schema":{"@context":"https:\/\/schema.org","@graph":[{"@type":"WebPage","@id":"https:\/\/ffyh.unc.edu.ar\/tosco50\/loeditadoporlaunc\/","url":"https:\/\/ffyh.unc.edu.ar\/tosco50\/loeditadoporlaunc\/","name":"Lo editado por la UNC - Agust\u00edn Tosco | A 50 a\u00f1os de su fallecimiento","isPartOf":{"@id":"https:\/\/ffyh.unc.edu.ar\/tosco50\/#website"},"primaryImageOfPage":{"@id":"https:\/\/ffyh.unc.edu.ar\/tosco50\/loeditadoporlaunc\/#primaryimage"},"image":{"@id":"https:\/\/ffyh.unc.edu.ar\/tosco50\/loeditadoporlaunc\/#primaryimage"},"thumbnailUrl":"http:\/\/ffyh.unc.edu.ar\/tosco50\/wp-content\/uploads\/sites\/53\/2025\/10\/tapatosco-1.jpg","datePublished":"2025-10-22T13:42:46+00:00","dateModified":"2025-11-04T13:29:52+00:00","breadcrumb":{"@id":"https:\/\/ffyh.unc.edu.ar\/tosco50\/loeditadoporlaunc\/#breadcrumb"},"inLanguage":"es","potentialAction":[{"@type":"ReadAction","target":["https:\/\/ffyh.unc.edu.ar\/tosco50\/loeditadoporlaunc\/"]}]},{"@type":"ImageObject","inLanguage":"es","@id":"https:\/\/ffyh.unc.edu.ar\/tosco50\/loeditadoporlaunc\/#primaryimage","url":"https:\/\/ffyh.unc.edu.ar\/tosco50\/wp-content\/uploads\/sites\/53\/2025\/10\/tapatosco-1.jpg","contentUrl":"https:\/\/ffyh.unc.edu.ar\/tosco50\/wp-content\/uploads\/sites\/53\/2025\/10\/tapatosco-1.jpg","width":475,"height":613},{"@type":"BreadcrumbList","@id":"https:\/\/ffyh.unc.edu.ar\/tosco50\/loeditadoporlaunc\/#breadcrumb","itemListElement":[{"@type":"ListItem","position":1,"name":"Portada","item":"https:\/\/ffyh.unc.edu.ar\/tosco50\/"},{"@type":"ListItem","position":2,"name":"Lo editado por la UNC"}]},{"@type":"WebSite","@id":"https:\/\/ffyh.unc.edu.ar\/tosco50\/#website","url":"https:\/\/ffyh.unc.edu.ar\/tosco50\/","name":"Agust\u00edn Tosco | A 50 a\u00f1os de su fallecimiento","description":"","potentialAction":[{"@type":"SearchAction","target":{"@type":"EntryPoint","urlTemplate":"https:\/\/ffyh.unc.edu.ar\/tosco50\/?s={search_term_string}"},"query-input":{"@type":"PropertyValueSpecification","valueRequired":true,"valueName":"search_term_string"}}],"inLanguage":"es"}]}},"_links":{"self":[{"href":"https:\/\/ffyh.unc.edu.ar\/tosco50\/wp-json\/wp\/v2\/pages\/27","targetHints":{"allow":["GET"]}}],"collection":[{"href":"https:\/\/ffyh.unc.edu.ar\/tosco50\/wp-json\/wp\/v2\/pages"}],"about":[{"href":"https:\/\/ffyh.unc.edu.ar\/tosco50\/wp-json\/wp\/v2\/types\/page"}],"author":[{"embeddable":true,"href":"https:\/\/ffyh.unc.edu.ar\/tosco50\/wp-json\/wp\/v2\/users\/3"}],"replies":[{"embeddable":true,"href":"https:\/\/ffyh.unc.edu.ar\/tosco50\/wp-json\/wp\/v2\/comments?post=27"}],"version-history":[{"count":10,"href":"https:\/\/ffyh.unc.edu.ar\/tosco50\/wp-json\/wp\/v2\/pages\/27\/revisions"}],"predecessor-version":[{"id":378,"href":"https:\/\/ffyh.unc.edu.ar\/tosco50\/wp-json\/wp\/v2\/pages\/27\/revisions\/378"}],"wp:attachment":[{"href":"https:\/\/ffyh.unc.edu.ar\/tosco50\/wp-json\/wp\/v2\/media?parent=27"}],"curies":[{"name":"wp","href":"https:\/\/api.w.org\/{rel}","templated":true}]}}